NOAA Style Reports for North Bayswater weather
Latitude S 37° 49' 25" Longitude E 145° 17' 47" Elevation 114 m
:now::gauges::today::yesterday::highs & lows::records::monthly records::trends::raincharts::NOAA Reports::forum::main pages: |
Select a Year or Month report
Report for 2010 Sep Monthly Climatological Summary for Sep 2010 Name: North Bayswater Weather City: State: Elevation: 114 m Lat: S 37° 49' 25" Lon: E 145° 17' 47" Temperature (°C), Rain (mm), Wind Speed (km/h) Heat Cool Avg Mean Deg Deg Wind Dom Day Temp High Time Low Time Days Days Rain Speed High Time Dir ---------------------------------------------------------------------------------- 1 11.3 13.1 15:13 8.4 06:49 7.0 0.0 7.8 0.9 9.4 08:10 NNW 2 9.9 13.2 11:56 6.1 07:04 8.4 0.0 0.0 2.4 22.0 14:13 S 3 14.2 17.1 15:14 8.0 09:00 4.1 0.0 6.2 1.8 25.6 06:58 ENE 4 13.8 17.3 10:13 10.4 04:08 4.5 0.0 7.8 10.0 38.5 02:59 NNE 5 11.6 15.8 14:59 7.4 06:36 6.7 0.0 3.6 8.1 36.0 09:21 WSW 6 10.9 14.1 13:18 8.7 05:20 7.4 0.0 4.7 3.0 21.2 12:12 WSW 7 9.6 15.4 15:29 3.8 05:41 8.7 0.0 0.0 1.0 18.0 08:52 SSW 8 13.9 17.2 13:15 10.1 09:00 4.4 0.0 0.0 6.9 37.4 22:51 NNE 9 14.0 17.6 14:39 10.1 08:24 4.3 0.0 1.6 12.7 37.4 11:07 NE 10 10.5 13.4 14:26 7.3 01:06 7.8 0.0 0.5 3.2 25.6 14:45 WSW 11 13.1 17.5 14:19 10.8 01:57 5.2 0.0 0.0 3.3 22.0 16:13 N 12 13.1 17.0 13:01 9.3 04:02 5.2 0.0 0.0 5.7 25.6 15:44 NNE 13 10.6 15.3 16:00 4.7 06:51 7.7 0.0 0.0 2.8 14.8 09:22 SSW 14 11.4 15.8 13:01 8.2 21:27 6.9 0.0 0.0 2.4 21.6 13:57 SSW 15 11.3 15.6 12:35 8.3 05:19 7.0 0.0 2.1 5.9 29.9 17:39 WSW 16 10.3 13.9 13:04 8.4 03:45 8.0 0.0 2.1 7.8 38.2 14:21 WSW 17 11.3 13.8 14:49 9.6 05:43 7.0 0.0 0.5 4.5 29.2 19:15 WSW 18 11.7 15.8 13:08 9.8 06:19 6.6 0.0 2.1 3.8 24.8 13:11 WSW 19 12.0 15.0 15:19 10.7 02:38 6.3 0.0 1.0 3.4 18.7 15:21 SW 20 12.9 15.4 13:31 11.1 06:26 5.4 0.0 1.5 2.8 33.8 13:59 SW 21 12.0 14.5 14:28 9.4 02:00 6.3 0.0 0.0 3.0 22.3 10:58 SSW 22 12.1 14.8 13:49 10.3 06:30 6.2 0.0 0.0 2.1 19.4 12:56 SSW 23 12.3 15.3 15:34 10.1 06:22 6.0 0.0 0.0 2.9 13.0 20:16 SW 24 13.2 17.3 15:50 10.3 04:56 5.1 0.0 0.0 3.2 16.9 23:37 NW 25 13.7 19.2 14:00 7.6 04:14 4.6 0.0 0.0 4.5 31.3 18:04 NNW 26 16.0 22.2 15:16 12.3 09:00 2.3 0.0 0.0 2.8 27.7 08:45 N 27 11.6 16.9 10:58 7.3 05:54 6.7 0.0 6.2 4.2 32.4 12:56 NNW 28 9.7 13.4 13:13 6.4 05:21 8.6 0.0 7.8 4.4 27.0 07:08 WSW 29 10.0 14.0 13:27 6.4 05:37 8.3 0.0 2.1 4.3 35.3 15:53 SW 30 11.0 14.7 14:44 5.9 06:13 7.3 0.0 0.0 1.4 15.8 16:56 WSW ---------------------------------------------------------------------------------- 12.0 22.2 26 3.8 7 190.0 0.0 57.6 4.2 38.5 4 WNW Max >= 27.0: 0 Max <= 0.0: 0 Min <= 0.0: 0 Min <= -18.0: 0 Max Rain: 7.8 on day 1 Days of Rain: 16 (>= 0.2 mm) 11 (>= 2.0 mm) 0 (>= 20.0 mm) Heat Base: 18.3 Cool Base: 18.3 Method: Integration |
Page updated 17/06/2018 4:30:02 PM
powered by
Cumulus
1.9.4 b1099