NOAA Style Reports for North Bayswater weather
Latitude S 37° 49' 25" Longitude E 145° 17' 47" Elevation 114 m
:now::gauges::today::yesterday::highs & lows::records::monthly records::trends::raincharts::NOAA Reports::forum::main pages: |
Select a Year or Month report
Report for 2011 Mar Monthly Climatological Summary for Mar 2011 Name: North Bayswater Weather City: State: Elevation: 114 m Lat: S 37° 49' 25" Lon: E 145° 17' 47" Temperature (°C), Rain (mm), Wind Speed (km/h) Heat Cool Avg Mean Deg Deg Wind Dom Day Temp High Time Low Time Days Days Rain Speed High Time Dir ---------------------------------------------------------------------------------- 1 14.7 18.2 15:45 15.2 22:45 3.6 0.0 1.5 5.2 35.6 15:39 SW 2 16.1 19.8 15:40 13.3 09:00 2.2 0.0 0.0 2.0 14.4 15:40 WSW 3 16.4 19.9 13:54 13.9 05:51 1.9 0.0 0.0 3.7 22.7 09:46 WSW 4 13.7 17.1 14:04 9.4 07:03 4.6 0.0 0.5 2.9 22.0 14:17 SW 5 17.0 23.8 15:41 11.1 07:23 1.3 0.0 0.0 1.5 13.7 09:42 S 6 20.7 27.4 16:23 14.9 06:22 0.0 2.4 0.0 2.2 28.1 08:31 NE 7 23.8 29.7 16:20 18.5 09:00 0.0 5.5 0.0 7.1 28.8 18:22 NE 8 23.3 27.9 13:42 18.8 05:06 0.0 5.0 0.0 6.6 26.6 13:48 NE 9 21.0 25.9 12:40 15.8 08:46 0.0 2.7 23.8 1.0 22.0 05:10 NNE 10 17.3 18.7 14:39 15.9 09:00 1.0 0.0 0.5 2.2 13.7 09:46 SSW 11 21.8 27.8 17:05 16.9 07:25 0.0 3.5 0.0 1.6 36.7 15:51 SW 12 25.8 30.7 17:38 19.8 09:00 0.0 7.5 0.0 3.2 17.6 12:21 NE 13 21.2 33.4 14:11 14.1 07:34 0.0 2.9 23.3 4.3 26.6 12:13 NE 14 17.6 23.4 16:10 12.6 06:31 0.7 0.0 0.0 2.6 23.0 12:32 S 15 19.7 27.4 14:00 14.1 07:47 0.0 1.4 0.0 2.5 22.7 18:17 SSW 16 16.5 21.6 16:23 13.3 01:31 1.8 0.0 0.0 2.8 14.8 12:10 S 17 15.8 18.5 15:43 13.6 07:02 2.5 0.0 0.0 1.8 13.3 01:41 S 18 15.2 19.9 15:38 11.3 05:05 3.1 0.0 0.0 2.1 16.9 17:34 S 19 18.5 24.8 15:48 12.9 09:00 0.0 0.2 0.0 1.6 13.3 14:07 S 20 23.0 30.5 16:16 15.9 09:00 0.0 4.7 0.0 1.1 15.1 13:23 NE 21 22.8 26.8 13:49 19.4 07:42 0.0 4.5 0.0 0.7 9.7 15:00 SSW 22 19.8 22.6 17:29 16.5 06:27 0.0 1.5 0.0 1.0 13.0 02:29 WSW 23 19.0 24.2 14:01 15.9 06:51 0.0 0.7 0.0 4.7 23.0 14:26 N 24 15.8 18.8 12:28 14.1 03:30 2.5 0.0 43.5 4.4 37.1 16:10 WSW 25 15.1 16.8 17:08 13.8 04:22 3.2 0.0 0.5 5.0 23.0 16:08 SW 26 15.8 18.6 13:11 13.9 03:47 2.5 0.0 0.0 1.5 13.3 12:48 SSW 27 16.0 20.6 16:42 12.3 01:34 2.3 0.0 0.0 1.0 9.4 16:40 SSW 28 17.6 24.1 16:56 12.7 06:43 0.7 0.0 0.0 0.7 8.6 11:05 ENE 29 21.3 27.6 16:21 14.8 09:00 0.0 3.0 0.0 2.8 15.5 11:54 NNE 30 15.5 21.4 13:22 10.6 07:29 2.8 0.0 0.0 4.2 27.4 16:16 SW 31 13.4 18.9 15:13 8.2 06:28 4.9 0.0 0.0 2.0 14.8 15:35 S ---------------------------------------------------------------------------------- 18.4 33.4 13 8.2 31 41.6 45.5 93.6 2.8 37.1 24 SW Max >= 27.0: 9 Max <= 0.0: 0 Min <= 0.0: 0 Min <= -18.0: 0 Max Rain: 43.5 on day 24 Days of Rain: 7 (>= 0.2 mm) 3 (>= 2.0 mm) 3 (>= 20.0 mm) Heat Base: 18.3 Cool Base: 18.3 Method: Integration |
Page updated 17/06/2018 4:30:02 PM
powered by
Cumulus
1.9.4 b1099