NOAA Style Reports for North Bayswater weather
Latitude S 37° 49' 25" Longitude E 145° 17' 47" Elevation 114 m
:now::gauges::today::yesterday::highs & lows::records::monthly records::trends::raincharts::NOAA Reports::forum::main pages: |
Select a Year or Month report
Report for 2011 Apr Monthly Climatological Summary for Apr 2011 Name: North Bayswater Weather City: State: Elevation: 114 m Lat: S 37° 49' 25" Lon: E 145° 17' 47" Temperature (°C), Rain (mm), Wind Speed (km/h) Heat Cool Avg Mean Deg Deg Wind Dom Day Temp High Time Low Time Days Days Rain Speed High Time Dir ---------------------------------------------------------------------------------- 1 15.5 20.8 14:25 9.8 09:00 2.8 0.0 2.1 2.4 20.5 16:06 SW 2 15.0 17.7 15:18 13.4 09:00 3.3 0.0 0.5 2.4 25.2 17:05 SSW 3 14.6 17.2 15:02 12.4 05:25 3.7 0.0 0.5 2.2 23.4 14:49 SW 4 14.7 18.1 15:01 9.9 05:48 3.6 0.0 0.0 1.8 14.4 13:34 S 5 15.8 23.1 14:54 10.5 06:04 2.5 0.0 0.0 1.1 10.4 09:35 E 6 18.0 24.9 14:36 11.9 05:05 0.3 0.0 0.0 1.3 13.7 09:41 NE 7 18.6 25.6 14:41 12.4 07:06 0.0 0.3 0.0 1.6 14.8 12:29 NE 8 20.6 25.8 13:40 16.6 03:18 0.0 2.3 0.0 4.2 27.4 08:22 NE 9 18.6 25.6 14:15 12.8 05:46 0.0 0.3 25.4 7.4 34.9 14:17 NE 10 12.5 17.1 14:18 7.9 06:35 5.8 0.0 0.0 2.7 14.4 13:04 WNW 11 13.8 17.9 13:58 11.6 21:36 4.5 0.0 32.1 1.2 18.0 14:39 SSW 12 14.8 18.6 14:42 12.1 04:25 3.5 0.0 5.2 4.2 26.6 10:40 SW 13 13.7 15.4 13:16 12.5 02:13 4.6 0.0 4.2 2.5 15.1 09:53 WNW 14 14.1 18.3 16:17 10.8 02:55 4.2 0.0 1.0 1.0 5.4 09:11 NE 15 15.1 19.6 13:32 11.4 04:03 3.2 0.0 0.0 1.7 14.4 11:40 SSE 16 13.9 19.8 13:46 8.6 05:09 4.4 0.0 0.0 3.4 21.2 12:10 S 17 13.6 19.8 15:36 9.9 09:00 4.7 0.0 0.0 1.1 13.7 08:43 NE 18 18.0 22.3 14:17 14.5 09:00 0.3 0.0 0.0 ---- 20.5 13:02 --- 19 17.7 24.0 15:33 13.2 06:20 0.6 0.0 0.0 4.1 17.6 13:44 NNE 20 15.7 17.8 17:07 13.5 07:45 2.6 0.0 15.5 0.6 11.9 07:25 NE 21 15.7 20.6 13:08 11.8 06:46 2.6 0.0 5.7 2.6 16.9 21:40 WNW 22 13.0 16.9 14:35 8.8 06:54 5.3 0.0 0.0 2.9 26.6 11:09 WSW 23 14.8 17.3 13:19 10.0 04:23 3.5 0.0 0.0 1.6 14.4 13:24 WNW 24 13.9 19.1 15:14 9.9 01:59 4.4 0.0 0.0 0.7 11.2 15:12 SW 25 13.5 19.1 15:48 10.3 00:41 4.8 0.0 0.0 0.9 9.0 16:26 SSW 26 14.5 21.4 15:55 9.6 06:38 3.8 0.0 0.0 1.0 9.4 07:29 NNE 27 15.0 21.8 15:02 9.8 06:00 3.3 0.0 0.0 1.0 43.9 13:10 N 28 15.6 21.9 14:51 10.9 05:59 2.7 0.0 0.0 1.4 13.3 10:06 NE 29 16.3 23.3 14:48 11.5 06:22 2.0 0.0 0.0 2.2 15.5 11:20 NE 30 16.6 22.6 14:22 12.9 06:08 1.7 0.0 0.0 1.9 13.0 11:37 NE ---------------------------------------------------------------------------------- 15.4 25.8 8 7.9 10 88.7 2.9 92.2 2.2 43.9 27 NNW Max >= 27.0: 0 Max <= 0.0: 0 Min <= 0.0: 0 Min <= -18.0: 0 Max Rain: 32.1 on day 11 Days of Rain: 10 (>= 0.2 mm) 7 (>= 2.0 mm) 2 (>= 20.0 mm) Heat Base: 18.3 Cool Base: 18.3 Method: Integration |
Page updated 17/06/2018 4:30:02 PM
powered by
Cumulus
1.9.4 b1099