NOAA Style Reports for North Bayswater weather
Latitude S 37° 49' 25" Longitude E 145° 17' 47" Elevation 114 m
:now::gauges::today::yesterday::highs & lows::records::monthly records::trends::raincharts::NOAA Reports::forum::main pages: |
Select a Year or Month report
Report for 2011 May Monthly Climatological Summary for May 2011 Name: North Bayswater Weather City: State: Elevation: 114 m Lat: S 37° 49' 25" Lon: E 145° 17' 47" Temperature (°C), Rain (mm), Wind Speed (km/h) Heat Cool Avg Mean Deg Deg Wind Dom Day Temp High Time Low Time Days Days Rain Speed High Time Dir ---------------------------------------------------------------------------------- 1 16.3 19.8 13:27 13.4 06:52 2.0 0.0 5.2 0.5 8.3 07:28 SSW 2 13.1 17.6 14:54 8.6 06:26 5.2 0.0 0.5 1.8 19.4 20:09 S 3 13.0 18.2 14:19 9.1 00:44 5.3 0.0 0.0 1.8 15.5 15:19 SSW 4 13.2 16.2 13:50 11.3 05:43 5.1 0.0 1.6 2.0 14.8 13:48 SW 5 12.6 14.3 12:11 11.1 06:57 5.7 0.0 0.5 1.2 11.5 13:22 S 6 10.6 15.9 15:16 6.2 04:14 7.7 0.0 0.0 1.0 7.2 14:46 SW 7 12.3 15.8 15:07 8.5 09:00 6.0 0.0 0.0 1.6 10.8 11:18 NE 8 10.5 14.8 15:17 6.5 06:40 7.8 0.0 6.2 1.4 19.8 15:15 SSE 9 8.7 14.4 15:06 3.0 07:03 9.6 0.0 0.5 1.0 12.2 15:27 S 10 10.0 13.8 14:54 4.6 09:00 8.3 0.0 5.2 1.6 14.8 06:13 NNE 11 7.6 8.9 12:56 6.5 04:11 10.7 0.0 22.8 2.5 24.1 17:09 SW 12 10.6 11.9 08:17 7.6 09:00 7.7 0.0 6.7 3.4 14.4 10:08 NE 13 10.1 14.2 11:56 7.8 04:38 8.2 0.0 20.7 2.7 36.0 19:34 WSW 14 10.9 13.5 13:55 9.0 09:00 7.4 0.0 3.6 3.3 33.1 15:16 SW 15 11.9 13.8 14:46 10.4 09:00 6.4 0.0 0.5 1.4 16.9 12:42 WSW 16 12.6 14.6 14:24 11.1 05:39 5.7 0.0 0.0 1.7 14.4 14:20 W 17 10.8 15.0 14:50 6.4 07:32 7.5 0.0 0.5 0.6 8.3 14:31 SW 18 12.3 16.6 13:47 7.9 09:00 6.0 0.0 0.0 2.5 28.4 11:26 NE 19 13.7 18.8 13:55 10.8 07:33 4.6 0.0 0.0 4.3 22.3 09:48 NE 20 14.7 19.6 13:56 11.6 09:00 3.6 0.0 0.0 3.9 17.6 15:54 NE 21 16.7 20.5 13:59 14.4 09:00 1.6 0.0 0.0 6.5 24.1 11:42 NE 22 15.6 19.6 14:33 14.0 01:47 2.7 0.0 6.7 8.8 78.6 17:46 NE 23 12.4 16.3 12:17 9.9 01:04 5.9 0.0 7.8 3.3 38.5 14:36 SW 24 11.2 14.4 14:08 9.4 06:36 7.1 0.0 2.1 2.2 32.8 13:28 SSW 25 11.1 12.1 16:10 10.1 05:36 7.2 0.0 5.7 0.9 22.0 12:42 S 26 11.5 13.4 13:29 10.1 23:07 6.8 0.0 4.7 0.7 9.7 15:27 W 27 12.2 13.9 15:42 10.9 07:10 6.1 0.0 4.1 0.7 8.6 15:10 WSW 28 11.3 14.1 12:49 9.5 20:25 7.0 0.0 0.0 0.4 5.8 12:47 WNW 29 10.0 14.4 15:38 5.8 05:12 8.3 0.0 0.0 0.1 11.2 18:19 S 30 10.1 14.8 13:57 7.0 09:00 8.2 0.0 0.5 1.3 12.2 15:34 SSW 31 7.8 13.8 15:16 3.8 06:37 10.5 0.0 0.0 1.7 13.7 09:14 NE ---------------------------------------------------------------------------------- 11.8 20.5 21 3.0 9 201.9 0.0 106.1 2.1 78.6 22 ENE Max >= 27.0: 0 Max <= 0.0: 0 Min <= 0.0: 0 Min <= -18.0: 0 Max Rain: 22.8 on day 11 Days of Rain: 20 (>= 0.2 mm) 13 (>= 2.0 mm) 2 (>= 20.0 mm) Heat Base: 18.3 Cool Base: 18.3 Method: Integration |
Page updated 17/06/2018 4:30:02 PM
powered by
Cumulus
1.9.4 b1099