NOAA Style Reports for North Bayswater weather
Latitude S 37° 49' 25" Longitude E 145° 17' 47" Elevation 114 m
:now::gauges::today::yesterday::highs & lows::records::monthly records::trends::raincharts::NOAA Reports::forum::main pages: |
Select a Year or Month report
Report for 2012 Sep Monthly Climatological Summary for Sep 2012 Name: North Bayswater Weather City: State: Elevation: 114 m Lat: S 37° 49' 25" Lon: E 145° 17' 47" Temperature (°C), Rain (mm), Wind Speed (km/h) Heat Cool Avg Mean Deg Deg Wind Dom Day Temp High Time Low Time Days Days Rain Speed High Time Dir ---------------------------------------------------------------------------------- 1 9.5 15.6 15:11 4.8 05:38 8.8 0.0 0.0 1.3 15.8 11:07 ESE 2 12.2 18.7 14:32 5.4 06:42 6.1 0.0 0.0 5.3 29.5 15:10 NE 3 16.2 21.1 14:54 10.9 09:00 2.5 0.4 0.0 3.2 25.2 04:00 NE 4 19.0 24.1 13:49 16.1 05:52 0.7 1.4 0.0 10.1 42.5 03:38 NE 5 15.6 21.8 10:19 12.9 03:27 3.0 0.4 0.5 14.0 42.1 10:16 N 6 13.1 18.6 15:26 8.4 03:26 5.2 0.0 13.0 8.4 35.6 13:52 N 7 11.0 13.3 13:36 9.6 05:00 7.3 0.0 1.0 9.4 35.6 15:28 W 8 11.8 15.3 13:26 10.1 05:21 6.5 0.0 1.5 7.7 35.3 13:17 WSW 9 11.0 17.6 16:02 4.9 05:49 7.3 0.0 0.0 2.2 12.6 13:49 NW 10 12.4 18.9 14:31 6.6 05:41 5.9 0.0 0.0 2.3 16.9 15:59 NW 11 14.8 20.5 15:48 11.2 01:29 3.9 0.3 0.0 1.3 33.1 07:46 NE 12 14.7 21.9 13:20 7.5 06:23 4.1 0.5 9.3 7.9 30.2 16:39 NNE 13 9.5 13.0 14:04 5.6 03:00 8.8 0.0 1.6 3.9 36.0 14:28 WSW 14 12.1 14.3 16:01 10.6 09:00 6.2 0.0 1.0 2.1 11.5 14:27 W 15 10.7 16.4 16:20 5.9 02:24 7.6 0.0 0.0 0.7 7.2 15:55 NNE 16 13.4 16.1 15:21 11.3 09:00 4.9 0.0 1.0 1.6 13.0 11:09 NW 17 13.3 17.6 14:12 9.3 05:16 5.0 0.0 0.0 1.1 9.4 15:10 S 18 13.3 16.9 12:50 11.3 02:26 5.0 0.0 0.5 1.1 12.2 17:09 NE 19 14.4 18.4 15:02 11.5 06:06 3.9 0.0 0.0 0.9 12.2 08:53 ENE 20 17.4 22.4 14:14 14.2 09:00 1.7 0.9 0.0 3.8 25.9 11:03 NE 21 14.2 17.6 14:13 12.2 04:41 4.1 0.0 0.0 5.2 22.7 12:17 WSW 22 16.4 21.0 15:52 13.2 02:45 2.4 0.5 0.0 2.0 22.3 03:13 NE 23 13.0 19.2 13:52 8.2 06:23 0.0 5.3 0.0 6.0 28.4 17:13 W 24 10.6 14.8 13:24 6.1 03:11 7.7 0.0 0.0 4.7 24.1 13:58 WSW 25 12.5 18.5 14:53 7.3 04:49 6.3 0.0 0.0 1.5 21.6 19:15 ENE 26 18.9 22.3 13:53 9.0 17:11 0.6 1.4 0.0 9.6 41.0 01:00 NE 27 19.8 26.4 16:07 13.6 03:09 1.3 2.8 0.0 8.2 24.5 13:22 NNE 28 11.1 16.8 09:00 6.4 06:00 7.2 0.0 17.1 4.3 36.7 16:19 NNW 29 9.5 12.4 11:13 7.9 06:28 8.8 0.0 1.6 6.2 31.7 14:00 W 30 11.9 15.0 15:55 10.0 04:57 6.4 0.0 0.5 3.8 22.0 13:19 WSW ---------------------------------------------------------------------------------- 13.4 26.4 27 4.8 1 149.2 13.9 48.6 4.7 42.5 4 NNW Max >= 27.0: 0 Max <= 0.0: 0 Min <= 0.0: 0 Min <= -18.0: 0 Max Rain: 17.1 on day 28 Days of Rain: 12 (>= 0.2 mm) 3 (>= 2.0 mm) 0 (>= 20.0 mm) Heat Base: 18.3 Cool Base: 18.3 Method: Integration |
Page updated 17/06/2018 4:30:02 PM
powered by
Cumulus
1.9.4 b1099