NOAA Style Reports for North Bayswater weather
Latitude S 37° 49' 25" Longitude E 145° 17' 47" Elevation 114 m
:now::gauges::today::yesterday::highs & lows::records::monthly records::trends::raincharts::NOAA Reports::forum::main pages: |
Select a Year or Month report
Report for 2013 Jan Monthly Climatological Summary for Jan 2013 Name: North Bayswater Weather City: State: Elevation: 114 m Lat: S 37° 49' 25" Lon: E 145° 17' 47" Temperature (°C), Rain (mm), Wind Speed (km/h) Heat Cool Avg Mean Deg Deg Wind Dom Day Temp High Time Low Time Days Days Rain Speed High Time Dir ---------------------------------------------------------------------------------- 4 31.0 40.9 17:03 21.1 18:44 0.0 16.9 0.0 10.6 39.2 11:44 NNE 5 22.6 30.3 14:29 16.1 06:27 0.4 4.7 0.0 6.1 26.3 20:53 SW 6 23.0 31.1 15:18 15.9 05:15 0.4 5.1 0.0 5.3 25.2 17:11 SSW 7 26.6 37.3 16:46 19.2 05:56 0.0 8.3 0.0 3.2 21.6 17:55 WSW 8 19.7 31.2 15:15 13.4 07:51 1.8 3.2 2.6 4.7 39.6 19:40 SW 9 17.1 20.8 16:12 14.4 09:00 1.6 0.4 0.5 6.3 29.2 15:47 SW 10 23.5 31.6 17:09 18.0 09:00 0.0 5.2 0.0 1.9 21.6 05:32 NE 11 25.6 39.3 16:09 15.9 06:06 0.2 7.5 0.0 7.0 34.9 12:27 NNW 12 19.7 24.3 14:40 15.9 06:50 0.7 2.0 0.0 3.2 19.1 15:10 SW 13 16.1 19.6 17:41 11.2 05:06 2.4 0.2 0.0 2.9 22.0 15:11 SW 14 17.9 23.9 15:23 11.3 05:50 2.1 1.7 0.0 3.6 24.5 17:27 SSW 15 22.2 31.8 14:19 12.9 05:46 1.2 5.1 0.0 4.3 27.0 17:34 WNW 16 21.9 29.6 15:56 14.9 05:32 0.7 4.3 0.0 2.8 23.0 13:35 SW 17 30.6 38.6 17:55 19.9 09:00 0.0 12.3 0.0 3.7 27.7 14:44 NNE 18 20.1 26.9 10:08 14.4 06:39 0.9 2.7 0.0 4.6 24.8 17:05 SW 19 18.7 24.4 15:19 13.3 06:12 1.4 1.8 0.0 3.7 31.3 17:21 SW 20 21.7 29.9 15:26 15.9 03:17 0.4 3.8 0.0 3.8 23.0 17:11 SW 21 22.3 31.4 15:03 17.1 02:16 0.2 4.2 0.0 3.8 22.7 15:16 SW 22 20.6 26.6 17:30 15.8 05:53 0.5 2.8 0.0 3.2 29.2 16:45 SSW 23 20.4 26.6 15:14 14.2 05:52 0.9 3.0 0.0 4.4 27.0 14:24 SSW 24 30.9 36.6 17:22 19.3 09:00 12.6 0.0 0.0 3.6 21.6 12:46 NNE 25 24.2 36.6 17:21 15.9 04:42 0.7 9.7 1.6 5.7 36.0 13:56 WSW 26 18.6 21.9 16:14 16.3 06:15 0.6 0.9 0.0 4.4 20.5 15:39 SSW 27 19.4 25.4 16:53 13.6 05:07 1.1 2.2 0.0 3.4 17.3 17:08 SSW 28 20.0 26.8 16:13 14.7 06:02 0.9 2.6 1.0 3.6 27.0 18:11 SSW 29 16.6 21.0 18:57 13.6 04:33 2.0 0.3 0.0 3.8 25.6 15:55 SW 30 21.7 29.9 17:49 15.6 06:44 0.5 3.9 0.0 2.0 11.5 14:30 SSE 31 18.6 28.7 12:33 12.9 06:54 2.4 2.7 8.8 4.4 36.4 17:43 SW ---------------------------------------------------------------------------------- 21.8 40.9 4 11.2 13 36.6 117.5 14.5 4.1 39.6 8 SW Max >= 27.0: 16 Max <= 0.0: 0 Min <= 0.0: 0 Min <= -18.0: 0 Max Rain: 8.8 on day 31 Days of Rain: 5 (>= 0.2 mm) 2 (>= 2.0 mm) 0 (>= 20.0 mm) Heat Base: 18.3 Cool Base: 18.3 Method: Integration |
Page updated 17/06/2018 4:30:02 PM
powered by
Cumulus
1.9.4 b1099