NOAA Style Reports for North Bayswater weather
Latitude S 37° 49' 25" Longitude E 145° 17' 47" Elevation 114 m
:now::gauges::today::yesterday::highs & lows::records::monthly records::trends::raincharts::NOAA Reports::forum::main pages: |
Select a Year or Month report
Report for 2013 Apr Monthly Climatological Summary for Apr 2013 Name: North Bayswater Weather City: State: Elevation: 114 m Lat: S 37° 49' 25" Lon: E 145° 17' 47" Temperature (°C), Rain (mm), Wind Speed (km/h) Heat Cool Avg Mean Deg Deg Wind Dom Day Temp High Time Low Time Days Days Rain Speed High Time Dir ---------------------------------------------------------------------------------- 1 16.3 19.5 17:57 9.9 09:00 2.2 0.1 0.5 1.9 15.5 12:28 NNW 2 14.8 18.6 13:12 9.9 05:42 3.5 0.0 1.0 2.0 19.4 16:23 SW 3 13.5 18.2 12:29 8.4 07:58 4.8 0.0 0.0 2.2 15.8 11:12 SSE 4 14.7 21.9 16:02 9.5 06:38 4.2 0.6 0.0 1.5 12.2 17:04 SW 5 17.2 24.7 16:59 10.9 09:00 2.7 1.7 0.0 1.2 8.6 09:57 ENE 6 19.6 26.9 15:32 12.6 09:00 1.4 2.7 0.0 2.1 15.8 11:47 NE 7 21.4 27.4 14:03 17.3 06:28 0.1 3.2 0.0 3.3 23.0 12:25 NE 8 18.1 24.1 14:40 12.9 04:14 1.7 1.4 0.0 1.7 13.7 18:21 WSW 9 17.8 24.0 14:48 12.8 04:08 1.9 1.4 0.0 1.4 13.3 08:02 SSW 10 18.2 25.6 13:53 12.8 03:11 2.1 2.0 0.0 1.8 10.8 16:06 WSW 11 14.9 17.8 15:05 11.2 03:41 3.4 0.0 0.5 0.7 8.6 19:19 SSW 12 21.3 27.1 15:23 15.4 09:00 0.1 3.1 0.0 1.4 18.7 01:18 NE 13 19.1 22.2 16:52 16.1 01:26 0.5 1.4 0.0 5.0 18.0 11:59 NE 14 17.7 23.3 14:19 14.6 04:20 1.6 0.9 6.2 1.2 15.8 14:44 SW 15 12.8 16.2 12:40 8.6 05:20 5.5 0.0 0.0 1.7 19.1 15:20 SSW 16 14.1 18.9 13:05 9.1 05:15 4.2 0.0 0.0 1.8 14.0 13:26 SSW 17 13.2 18.4 13:08 8.1 04:16 5.1 0.0 0.5 1.4 13.0 13:30 SW 18 11.7 15.9 13:42 8.1 00:59 6.6 0.0 6.2 1.8 19.1 11:08 SSW 19 11.9 16.6 14:48 8.2 04:37 6.4 0.0 0.0 3.0 16.9 14:31 S 20 12.3 18.2 15:06 6.9 04:02 6.0 0.0 0.0 3.5 21.6 08:40 ESE 21 15.9 20.9 13:50 11.8 09:00 2.8 0.4 2.1 4.7 34.9 12:55 NE 22 14.1 16.2 16:28 11.9 07:45 4.2 0.0 3.6 7.8 21.2 16:04 NE 23 14.7 18.1 15:06 12.6 05:29 3.6 0.0 0.5 2.4 26.3 11:10 WSW 24 14.2 19.1 14:40 9.8 04:48 4.2 0.0 1.0 1.7 41.0 14:09 W 25 17.0 20.6 14:44 13.2 09:00 1.6 0.3 0.5 2.6 19.8 15:39 N 26 17.1 21.4 15:34 13.6 23:57 1.9 0.7 0.0 2.7 22.7 08:44 NNE 27 20.9 23.6 15:07 16.9 09:00 0.0 2.6 0.0 9.9 38.2 11:30 NNE 28 14.4 19.9 09:26 10.2 04:36 4.0 0.1 0.0 4.1 17.6 10:23 WSW 29 12.4 17.9 15:01 7.0 05:46 5.9 0.0 0.0 1.0 9.0 10:57 W 30 12.2 18.1 12:54 7.9 02:17 6.1 0.0 0.0 0.8 13.7 12:17 ESE ---------------------------------------------------------------------------------- 15.8 27.4 7 6.9 20 98.3 22.6 22.6 2.6 41.0 24 NE Max >= 27.0: 2 Max <= 0.0: 0 Min <= 0.0: 0 Min <= -18.0: 0 Max Rain: 6.2 on day 14 Days of Rain: 11 (>= 0.2 mm) 4 (>= 2.0 mm) 0 (>= 20.0 mm) Heat Base: 18.3 Cool Base: 18.3 Method: Integration |
Page updated 17/06/2018 4:30:02 PM
powered by
Cumulus
1.9.4 b1099