NOAA Style Reports for North Bayswater weather
Latitude S 37° 49' 25" Longitude E 145° 17' 47" Elevation 114 m
:now::gauges::today::yesterday::highs & lows::records::monthly records::trends::raincharts::NOAA Reports::forum::main pages: |
Select a Year or Month report
Report for 2013 Jun Monthly Climatological Summary for Jun 2013 Name: North Bayswater Weather City: State: Elevation: 114 m Lat: S 37° 49' 25" Lon: E 145° 17' 47" Temperature (°C), Rain (mm), Wind Speed (km/h) Heat Cool Avg Mean Deg Deg Wind Dom Day Temp High Time Low Time Days Days Rain Speed High Time Dir ---------------------------------------------------------------------------------- 1 13.2 15.8 13:52 9.9 05:35 5.1 0.0 3.1 1.8 20.5 04:15 SW 2 12.3 14.9 14:43 10.9 20:51 6.0 0.0 1.0 1.6 27.0 12:20 SSW 3 12.6 13.6 13:13 11.8 09:00 5.7 0.0 3.1 1.0 11.2 12:30 WSW 4 12.6 14.6 14:48 11.4 05:24 5.7 0.0 0.5 0.2 6.8 04:18 NE 5 13.0 14.5 13:28 11.9 09:00 5.3 0.0 0.0 4.9 27.7 13:13 NE 6 14.4 17.1 13:27 11.8 06:01 3.9 0.0 15.5 8.6 36.0 15:16 NNE 7 8.9 14.6 14:14 4.6 06:05 9.4 0.0 1.6 3.4 16.2 11:33 WSW 8 9.4 14.1 14:26 5.8 07:17 8.9 0.0 0.0 2.3 14.4 11:43 NE 9 9.3 13.8 13:40 5.9 07:39 9.0 0.0 0.0 1.9 14.8 09:40 NNE 10 12.8 15.6 14:18 7.8 09:00 5.5 0.0 0.5 4.7 23.8 01:26 NE 11 11.5 14.8 15:38 8.8 04:38 6.8 0.0 0.5 4.6 19.8 10:30 ENE 12 11.7 13.3 14:04 9.9 09:00 6.6 0.0 7.8 1.4 23.8 16:04 SSE 13 11.6 12.4 11:06 11.1 01:14 6.7 0.0 20.2 3.5 22.7 02:40 SW 14 10.3 12.9 14:00 8.1 01:00 8.0 0.0 1.0 3.2 22.7 10:56 SSW 15 9.9 14.1 12:58 6.8 07:49 8.4 0.0 1.0 1.3 15.8 14:47 S 16 9.5 13.6 14:44 5.9 02:29 8.8 0.0 0.0 1.2 12.6 12:04 S 17 10.4 12.1 13:07 8.9 05:39 7.9 0.0 2.6 0.7 8.6 13:18 SW 18 8.7 14.1 14:23 3.6 06:22 9.6 0.0 0.5 1.0 12.2 13:05 SSE 19 7.3 13.5 14:00 2.2 05:41 11.0 0.0 0.0 1.2 13.7 13:48 ESE 20 6.7 13.0 15:04 2.2 05:40 11.6 0.0 0.0 0.8 8.3 11:19 NE 21 6.5 13.5 14:07 1.4 07:17 11.8 0.0 0.0 1.0 9.7 12:27 NNE 22 6.4 13.8 14:21 0.6 07:57 11.9 0.0 0.0 0.5 7.9 15:04 WSW 23 6.9 14.3 14:48 2.1 04:03 11.4 0.0 0.0 0.9 7.9 16:42 SSW 24 8.4 11.8 16:54 3.4 09:00 9.9 0.0 0.0 0.9 12.2 20:35 S 25 8.3 15.6 14:24 2.4 06:39 10.0 0.0 0.0 1.6 9.7 14:03 SE 26 8.4 15.4 15:00 4.2 04:01 9.9 0.0 0.0 1.1 10.4 11:45 NE 27 10.2 16.5 14:52 6.1 04:59 8.1 0.0 0.0 1.4 9.4 12:05 NE 28 10.0 16.1 14:35 5.6 02:56 8.3 0.0 0.0 0.9 10.8 14:47 NW 29 9.3 12.8 15:38 6.8 21:25 7.4 0.0 0.0 0.6 7.2 12:04 ENE 30 12.9 16.8 15:21 8.3 09:00 5.4 0.0 0.0 2.0 11.9 02:10 NE ---------------------------------------------------------------------------------- 10.1 17.1 6 0.6 22 244.0 0.0 58.9 2.0 36.0 6 ENE Max >= 27.0: 0 Max <= 0.0: 0 Min <= 0.0: 0 Min <= -18.0: 0 Max Rain: 20.2 on day 13 Days of Rain: 14 (>= 0.2 mm) 6 (>= 2.0 mm) 1 (>= 20.0 mm) Heat Base: 18.3 Cool Base: 18.3 Method: Integration |
Page updated 17/06/2018 4:30:02 PM
powered by
Cumulus
1.9.4 b1099