NOAA Style Reports for North Bayswater weather
Latitude S 37° 49' 25" Longitude E 145° 17' 47" Elevation 114 m
:now::gauges::today::yesterday::highs & lows::records::monthly records::trends::raincharts::NOAA Reports::forum::main pages: |
Select a Year or Month report
Report for 2013 Dec Monthly Climatological Summary for Dec 2013 Name: North Bayswater Weather City: State: Elevation: 114 m Lat: S 37° 49' 25" Lon: E 145° 17' 47" Temperature (°C), Rain (mm), Wind Speed (km/h) Heat Cool Avg Mean Deg Deg Wind Dom Day Temp High Time Low Time Days Days Rain Speed High Time Dir ---------------------------------------------------------------------------------- 1 25.3 31.9 16:35 18.7 09:00 0.0 7.0 0.0 6.2 37.8 10:22 NE 2 26.3 36.5 16:27 16.5 05:54 0.2 8.2 0.0 4.9 25.9 12:55 NNE 3 22.5 29.9 15:04 17.9 02:44 0.0 4.2 8.8 3.5 17.6 20:10 E 4 14.1 20.7 09:23 10.8 05:46 4.4 0.2 10.4 1.7 18.4 10:48 WSW 5 10.7 14.3 11:43 8.9 05:22 7.6 0.0 36.8 4.1 27.7 15:58 WSW 6 14.5 19.0 17:37 9.3 06:02 3.8 0.1 1.0 2.4 17.6 16:09 SW 7 20.5 26.3 17:06 15.2 02:37 0.6 2.8 0.0 4.0 36.4 08:52 NE 8 22.5 28.4 13:35 16.8 08:53 0.2 4.4 0.0 5.8 32.8 15:52 NE 9 15.3 18.6 14:08 12.2 07:05 3.0 0.0 8.3 3.7 27.0 06:31 NW 10 16.6 20.3 17:02 13.9 05:49 2.0 0.2 1.0 5.6 27.4 09:33 W 11 15.8 20.5 16:59 10.6 05:24 2.8 0.3 1.0 3.6 28.8 14:51 W 12 18.6 24.5 17:00 14.4 09:00 1.3 1.6 0.0 2.8 20.5 14:45 W 13 17.7 24.7 16:07 13.6 05:47 1.8 1.2 0.0 2.7 19.4 16:24 SW 14 16.4 22.3 15:19 11.3 02:27 2.8 0.9 0.0 2.5 24.5 16:49 SSW 15 18.3 23.9 16:01 14.5 05:41 1.5 1.6 0.0 3.2 15.5 12:50 SW 16 18.5 24.8 16:06 14.1 03:29 1.7 1.9 0.0 3.3 15.8 14:55 SW 17 18.7 25.6 16:17 13.4 03:36 1.6 2.0 0.0 2.8 16.9 18:00 SW 18 23.8 32.2 17:50 15.9 09:00 0.2 5.7 0.0 2.2 21.2 08:54 SSW 19 30.1 39.3 14:58 21.1 04:03 0.0 11.8 0.0 4.7 32.0 09:56 NE 20 21.5 31.1 12:48 15.3 05:23 1.0 4.2 0.0 4.1 28.1 18:49 SW 21 19.9 22.5 16:59 16.5 09:00 0.1 1.7 0.0 1.6 14.0 17:27 WSW 22 21.1 27.4 16:36 15.9 08:36 0.4 3.2 2.1 2.0 11.9 11:47 N 23 15.4 17.9 17:19 13.6 23:08 2.9 0.0 2.1 3.2 28.1 19:23 SW 24 18.1 24.4 17:09 11.3 05:36 2.0 1.8 0.0 2.4 15.5 13:41 SSW 25 24.9 31.8 16:46 17.6 05:52 0.0 6.6 0.0 4.0 25.2 14:50 NE 26 21.7 29.7 15:55 16.6 05:44 0.4 3.9 0.0 4.3 22.3 11:45 SW 27 19.4 25.1 15:39 14.8 02:21 1.0 2.1 0.0 4.0 20.5 16:41 SSW 28 21.7 36.4 15:44 13.3 05:26 1.7 5.1 0.0 8.1 39.6 16:37 W 29 15.9 22.6 16:28 8.6 05:44 3.5 1.1 1.0 3.1 20.9 12:50 SW 30 17.2 23.8 17:11 10.2 05:41 2.7 1.6 0.0 2.7 18.0 14:07 SW 31 20.6 26.6 18:08 14.9 01:31 0.6 2.9 0.0 2.8 15.5 14:06 ESE ---------------------------------------------------------------------------------- 19.5 39.3 19 8.6 29 51.8 88.3 72.5 3.6 39.6 28 WSW Max >= 27.0: 11 Max <= 0.0: 0 Min <= 0.0: 0 Min <= -18.0: 0 Max Rain: 36.8 on day 5 Days of Rain: 10 (>= 0.2 mm) 6 (>= 2.0 mm) 1 (>= 20.0 mm) Heat Base: 18.3 Cool Base: 18.3 Method: Integration |
Page updated 17/06/2018 4:30:02 PM
powered by
Cumulus
1.9.4 b1099