NOAA Style Reports for North Bayswater weather
Latitude S 37° 49' 25" Longitude E 145° 17' 47" Elevation 114 m
:now::gauges::today::yesterday::highs & lows::records::monthly records::trends::raincharts::NOAA Reports::forum::main pages: |
Select a Year or Month report
Report for 2014 Feb Monthly Climatological Summary for Feb 2014 Name: North Bayswater Weather City: State: Elevation: 114 m Lat: S 37° 49' 25" Lon: E 145° 17' 47" Temperature (°C), Rain (mm), Wind Speed (km/h) Heat Cool Avg Mean Deg Deg Wind Dom Day Temp High Time Low Time Days Days Rain Speed High Time Dir ---------------------------------------------------------------------------------- 1 25.0 35.4 15:59 15.8 06:51 0.4 7.1 0.0 2.2 20.2 16:31 SW 2 30.3 40.8 16:44 20.8 09:00 0.0 12.0 0.0 1.8 16.9 14:19 WSW 3 20.5 35.6 11:32 13.8 05:36 1.5 3.7 1.0 5.8 27.7 15:49 SW 4 19.2 26.3 15:22 12.3 06:38 1.6 2.4 0.0 5.0 32.8 16:03 SSE 5 23.0 31.5 16:46 16.1 05:43 0.4 5.0 0.0 2.0 19.8 17:31 SE 6 28.3 36.2 15:30 21.6 05:33 0.0 10.0 0.0 4.5 33.8 12:22 NE 7 26.2 38.2 14:33 18.3 06:42 0.0 7.9 0.0 4.9 30.6 15:22 NNE 8 32.7 41.0 17:33 21.9 09:00 0.0 14.4 0.0 5.5 32.4 08:17 NE 9 23.5 38.6 12:19 15.4 05:52 0.7 6.0 0.0 6.1 37.8 13:44 WSW 10 19.7 27.4 14:49 13.0 07:01 1.4 2.7 0.0 3.7 33.8 18:15 SSW 11 22.2 29.9 16:03 15.9 09:00 0.3 4.2 0.0 2.2 15.5 16:18 W 12 24.2 32.3 16:17 18.7 09:00 0.0 5.9 0.0 2.3 20.9 15:38 SW 13 23.6 28.5 16:24 18.3 05:47 0.0 5.3 0.0 0.7 7.9 17:15 SSW 14 25.4 30.3 15:16 20.4 09:00 0.0 7.1 0.0 1.3 12.6 11:25 E 15 24.0 30.1 12:32 17.8 07:05 0.0 5.7 3.1 3.0 22.7 12:02 WSW 16 17.9 23.1 14:59 14.0 05:47 1.5 1.1 1.0 2.5 26.6 16:41 SSW 17 20.1 27.5 17:08 13.6 05:44 1.2 3.0 1.0 2.6 16.6 21:05 SW 18 24.3 32.8 18:15 17.1 09:00 0.0 6.0 0.0 3.0 18.7 17:56 NNW 19 16.8 24.1 15:16 11.6 07:02 2.6 1.1 16.6 3.3 28.8 18:31 WNW 20 16.0 19.2 13:20 13.6 02:22 2.4 0.1 0.0 6.1 38.5 11:54 W 21 15.7 19.9 17:00 14.1 09:00 2.7 0.2 0.5 2.8 21.2 14:34 SW 22 16.4 19.9 14:40 13.6 04:15 2.1 0.2 0.0 2.2 15.8 15:48 SSW 23 19.3 27.0 15:51 12.4 05:12 1.6 2.6 0.0 2.3 15.5 17:40 WSW 24 20.8 28.6 17:54 15.0 05:49 0.8 3.3 0.0 2.0 12.6 12:41 S 25 23.3 34.4 14:42 16.6 07:43 0.2 5.3 0.0 5.2 29.2 15:14 N 26 17.2 23.1 17:19 12.5 05:55 2.0 0.9 0.5 3.0 18.0 19:17 SSW 27 16.3 22.8 15:38 11.6 05:57 2.8 0.9 0.0 4.0 22.0 19:23 SSW 28 19.7 25.9 15:41 13.5 09:00 0.6 2.0 0.0 2.8 17.3 16:17 SW ---------------------------------------------------------------------------------- 21.8 41.0 8 11.6 19 26.8 126.1 23.7 3.3 38.5 20 SW Max >= 27.0: 19 Max <= 0.0: 0 Min <= 0.0: 0 Min <= -18.0: 0 Max Rain: 16.6 on day 19 Days of Rain: 7 (>= 0.2 mm) 2 (>= 2.0 mm) 0 (>= 20.0 mm) Heat Base: 18.3 Cool Base: 18.3 Method: Integration |
Page updated 17/06/2018 4:30:02 PM
powered by
Cumulus
1.9.4 b1099