NOAA Style Reports for North Bayswater weather
Latitude S 37° 49' 25" Longitude E 145° 17' 47" Elevation 114 m
:now::gauges::today::yesterday::highs & lows::records::monthly records::trends::raincharts::NOAA Reports::forum::main pages: |
Select a Year or Month report
Report for 2014 Jun Monthly Climatological Summary for Jun 2014 Name: North Bayswater Weather City: State: Elevation: 114 m Lat: S 37° 49' 25" Lon: E 145° 17' 47" Temperature (°C), Rain (mm), Wind Speed (km/h) Heat Cool Avg Mean Deg Deg Wind Dom Day Temp High Time Low Time Days Days Rain Speed High Time Dir ---------------------------------------------------------------------------------- 1 13.5 15.1 13:15 11.8 08:29 4.8 0.0 1.6 0.3 10.1 15:43 NE 2 14.1 15.6 14:47 11.9 09:00 4.2 0.0 7.8 1.9 9.4 05:49 WSW 3 13.1 15.3 14:59 8.9 08:01 5.2 0.0 1.5 1.5 14.4 09:46 WSW 4 13.7 16.4 14:22 10.6 09:00 4.6 0.0 4.7 1.9 14.0 13:37 NE 5 10.3 14.9 14:04 6.4 05:43 8.0 0.0 0.0 0.6 10.8 14:17 SSW 6 12.0 13.9 14:49 8.4 09:00 6.3 0.0 2.1 0.7 11.2 11:04 ENE 7 11.8 14.9 13:51 8.6 07:59 6.5 0.0 1.6 0.8 9.7 11:57 SW 8 10.0 14.3 15:46 5.3 07:46 8.3 0.0 0.0 1.1 11.9 09:38 S 9 11.2 15.8 14:28 6.5 09:01 7.1 0.0 0.0 0.6 7.9 04:45 NNE 10 10.8 16.9 14:00 6.6 04:58 7.5 0.0 0.0 2.0 11.5 12:13 NE 11 12.3 16.4 13:36 8.9 09:00 6.0 0.0 0.0 6.1 29.9 11:04 NE 12 13.6 15.9 14:02 11.5 09:00 4.7 0.0 6.7 5.6 23.4 12:49 NE 13 12.8 16.3 14:44 10.4 05:56 5.5 0.0 0.0 2.1 17.6 12:07 NE 14 12.5 14.5 12:13 10.9 07:48 5.8 0.0 8.3 1.5 10.1 05:15 SW 15 11.7 14.9 13:11 10.1 04:24 6.6 0.0 0.0 2.5 26.6 14:26 SW 16 11.8 14.6 14:28 10.5 09:26 6.5 0.0 6.2 3.0 17.6 12:24 WNW 17 12.2 14.0 16:11 11.1 05:45 6.1 0.0 0.0 0.6 10.1 12:18 WSW 18 10.9 14.2 14:30 7.3 04:54 7.4 0.0 0.0 0.7 16.9 07:36 NE 19 11.8 13.8 12:41 8.6 09:00 6.5 0.0 0.0 7.2 27.0 00:45 NE 20 13.2 16.6 13:44 11.4 05:03 5.1 0.0 0.5 7.8 30.6 09:25 NE 21 11.4 16.6 14:20 6.6 06:45 6.9 0.0 0.0 2.9 33.8 10:16 NE 22 13.1 15.3 13:00 8.1 09:00 5.2 0.0 0.0 9.9 38.9 23:38 NE 23 9.7 13.9 09:40 6.5 01:47 8.6 0.0 5.2 7.2 37.8 12:11 NNE 24 9.7 11.2 14:53 7.3 09:00 8.6 0.0 24.9 5.6 37.8 13:18 W 25 12.0 13.8 14:14 9.8 09:00 6.3 0.0 2.1 4.8 26.3 05:53 NNW 26 12.0 14.7 13:04 10.0 21:40 6.3 0.0 0.0 5.5 33.5 08:23 N 27 12.1 14.4 13:53 9.8 08:25 6.2 0.0 0.0 13.4 43.2 16:09 NE 28 9.9 12.1 14:53 8.4 01:19 8.4 0.0 3.6 7.3 37.8 16:25 NNW 29 8.4 10.4 12:06 6.5 02:18 9.9 0.0 8.3 1.8 15.1 12:49 WSW 30 10.0 11.8 12:40 7.6 09:00 8.3 0.0 4.7 1.1 13.7 12:50 N ---------------------------------------------------------------------------------- 11.7 16.9 10 5.3 8 197.4 0.0 89.8 3.6 43.2 27 NNE Max >= 27.0: 0 Max <= 0.0: 0 Min <= 0.0: 0 Min <= -18.0: 0 Max Rain: 24.9 on day 24 Days of Rain: 16 (>= 0.2 mm) 12 (>= 2.0 mm) 1 (>= 20.0 mm) Heat Base: 18.3 Cool Base: 18.3 Method: Integration |
Page updated 17/06/2018 4:30:02 PM
powered by
Cumulus
1.9.4 b1099