NOAA Style Reports for North Bayswater weather
Latitude S 37° 49' 25" Longitude E 145° 17' 47" Elevation 114 m
:now::gauges::today::yesterday::highs & lows::records::monthly records::trends::raincharts::NOAA Reports::forum::main pages: |
Select a Year or Month report
Report for 2014 Jul Monthly Climatological Summary for Jul 2014 Name: North Bayswater Weather City: State: Elevation: 114 m Lat: S 37° 49' 25" Lon: E 145° 17' 47" Temperature (°C), Rain (mm), Wind Speed (km/h) Heat Cool Avg Mean Deg Deg Wind Dom Day Temp High Time Low Time Days Days Rain Speed High Time Dir ---------------------------------------------------------------------------------- 1 10.9 12.1 12:56 9.6 09:00 7.4 0.0 0.0 0.4 5.8 22:00 ENE 2 11.3 15.9 14:07 7.3 04:17 7.0 0.0 0.0 2.2 26.3 08:56 NNE 3 10.3 13.8 13:26 8.4 09:00 8.0 0.0 0.0 10.7 33.8 03:39 NE 4 11.0 13.3 12:05 9.3 09:00 7.3 0.0 1.0 5.9 32.8 10:35 NNE 5 11.0 12.3 16:27 9.9 05:44 7.3 0.0 4.1 4.1 18.4 16:23 WNW 6 10.9 12.2 15:31 10.1 09:00 7.4 0.0 3.1 0.9 10.8 13:44 WSW 7 11.1 14.5 14:16 8.8 02:03 7.2 0.0 0.5 8.2 29.5 08:41 NE 8 12.1 14.8 13:04 8.9 07:02 6.2 0.0 1.0 14.6 41.0 19:32 NE 9 8.4 11.6 11:19 5.2 05:57 9.9 0.0 14.5 2.9 31.3 11:41 NNE 10 9.9 12.8 15:36 7.2 09:00 8.4 0.0 2.6 4.3 24.1 12:10 W 11 10.9 14.1 13:25 7.4 07:42 7.4 0.0 5.7 5.8 35.3 14:57 N 12 7.7 10.9 14:01 5.9 07:59 10.6 0.0 1.0 2.1 24.1 14:40 WSW 13 10.4 13.4 15:07 6.6 09:00 7.9 0.0 1.0 1.1 16.9 15:48 SW 14 10.2 13.6 13:18 7.8 01:54 8.1 0.0 0.0 2.3 19.1 06:58 NE 15 11.2 12.9 12:00 9.6 05:45 7.1 0.0 1.0 6.3 26.6 12:49 NE 16 10.9 13.4 13:51 7.9 08:06 7.4 0.0 2.6 6.9 25.9 14:51 NNE 17 8.1 11.7 13:30 5.9 01:06 10.2 0.0 6.7 5.2 31.0 13:45 W 18 9.9 11.6 11:03 8.3 09:00 8.4 0.0 3.1 3.1 25.2 10:20 SW 19 10.4 12.4 13:53 8.4 05:30 7.9 0.0 0.0 0.9 12.2 12:36 SW 20 8.2 12.5 14:57 5.4 04:08 10.1 0.0 0.0 0.5 7.2 08:22 N 21 7.8 12.9 13:20 3.9 04:43 10.5 0.0 0.5 0.9 9.0 13:14 NE 22 7.1 9.3 17:07 5.1 08:26 11.2 0.0 0.0 1.4 7.2 22:28 NE 23 8.3 13.6 15:00 4.3 01:47 10.0 0.0 0.0 1.2 8.3 13:23 NE 24 12.1 14.8 14:29 8.4 09:00 6.2 0.0 0.0 6.7 29.9 05:35 ENE 25 13.1 15.6 13:54 11.3 06:56 5.2 0.0 0.5 3.8 23.4 10:50 NE 26 11.1 13.9 12:24 6.2 07:21 7.2 0.0 3.1 1.1 18.0 11:28 W 27 11.8 15.2 13:04 8.7 09:00 6.5 0.0 0.5 7.3 28.8 04:29 NE 28 13.4 18.4 13:53 11.0 09:00 4.9 0.0 0.0 8.8 34.9 08:11 NNE 29 13.9 15.2 13:28 12.4 09:00 4.4 0.0 1.5 8.0 37.8 14:07 N 30 15.2 17.9 14:47 13.4 09:00 3.1 0.0 0.0 10.7 38.9 14:03 NNE 31 10.0 18.4 14:51 5.6 05:38 8.3 0.0 12.4 8.7 40.7 09:14 N ---------------------------------------------------------------------------------- 10.6 18.4 28 3.9 21 238.7 0.0 66.4 4.7 41.0 8 NNE Max >= 27.0: 0 Max <= 0.0: 0 Min <= 0.0: 0 Min <= -18.0: 0 Max Rain: 14.5 on day 9 Days of Rain: 20 (>= 0.2 mm) 10 (>= 2.0 mm) 0 (>= 20.0 mm) Heat Base: 18.3 Cool Base: 18.3 Method: Integration |
Page updated 17/06/2018 4:30:02 PM
powered by
Cumulus
1.9.4 b1099