NOAA Style Reports for North Bayswater weather
Latitude S 37° 49' 25" Longitude E 145° 17' 47" Elevation 114 m
:now::gauges::today::yesterday::highs & lows::records::monthly records::trends::raincharts::NOAA Reports::forum::main pages: |
Select a Year or Month report
Report for 2014 Aug Monthly Climatological Summary for Aug 2014 Name: North Bayswater Weather City: State: Elevation: 114 m Lat: S 37° 49' 25" Lon: E 145° 17' 47" Temperature (°C), Rain (mm), Wind Speed (km/h) Heat Cool Avg Mean Deg Deg Wind Dom Day Temp High Time Low Time Days Days Rain Speed High Time Dir ---------------------------------------------------------------------------------- 1 6.3 9.1 10:46 4.7 02:24 12.0 0.0 11.4 3.1 20.9 10:42 WNW 2 5.6 11.6 14:49 1.2 07:31 12.7 0.0 0.0 1.1 10.8 10:20 NE 3 6.3 12.9 15:18 1.5 05:37 12.0 0.0 0.0 1.7 11.2 12:14 NNE 4 8.7 13.4 14:42 3.5 09:00 9.6 0.0 0.0 3.3 15.5 11:44 NE 5 10.1 14.3 15:32 3.5 09:00 14.1 0.0 0.0 0.7 15.5 11:43 NE 6 12.0 15.3 14:35 10.2 03:40 6.3 0.0 2.6 2.8 22.7 12:10 NNW 7 11.6 13.4 16:20 10.3 09:08 6.7 0.0 2.6 0.5 5.8 09:20 NE 8 10.9 14.9 14:14 8.3 23:24 7.4 0.0 0.0 3.5 16.2 08:02 NE 9 12.4 15.8 13:23 9.3 08:01 5.9 0.0 2.1 5.8 24.8 19:34 NE 10 7.8 11.8 13:29 4.6 01:50 10.5 0.0 3.1 3.6 34.2 16:16 WSW 11 7.8 11.9 13:46 3.8 06:49 10.5 0.0 0.5 1.4 14.4 13:27 SSE 12 9.5 12.4 13:45 6.3 09:00 8.8 0.0 0.5 1.1 16.6 15:24 SW 13 11.2 14.2 11:49 8.9 09:00 7.1 0.0 0.0 1.3 9.4 11:10 SSW 14 8.6 14.3 14:25 3.3 05:41 9.8 0.0 0.0 0.6 8.6 11:42 E 15 9.4 16.9 14:56 4.1 05:08 8.9 0.0 0.0 1.1 11.2 12:15 NE 16 9.9 14.2 14:25 6.2 09:00 8.4 0.0 0.0 1.5 11.9 14:44 SSW 17 11.7 15.2 13:41 9.7 03:11 6.6 0.0 0.0 4.1 15.8 12:59 S 18 11.3 13.1 11:41 10.4 22:45 7.0 0.0 0.0 2.8 19.8 12:52 S 19 10.9 13.6 13:32 8.5 05:47 7.4 0.0 0.0 1.8 16.6 12:30 S 20 10.5 14.1 12:32 6.1 04:45 7.8 0.0 0.0 1.3 11.9 17:09 S 21 10.9 17.8 15:23 5.8 04:57 7.4 0.0 0.0 1.7 16.9 13:25 NE 22 12.4 19.9 15:13 6.6 05:30 6.1 0.2 0.0 1.6 13.7 14:01 NNE 23 15.1 19.5 13:24 10.7 09:00 3.3 0.1 0.5 5.2 29.5 15:15 NE 24 12.5 16.1 13:40 10.8 01:46 5.8 0.0 10.4 2.0 15.5 12:18 WSW 25 11.2 15.3 15:35 7.4 05:21 7.1 0.0 1.0 2.1 13.0 14:56 S 26 12.0 19.4 15:38 7.3 05:55 6.4 0.1 0.0 1.3 14.0 17:17 WSW 27 13.3 19.9 13:18 8.2 07:13 5.0 0.0 11.9 2.0 18.0 13:33 WSW 28 12.2 20.1 15:52 6.1 04:54 6.3 0.2 0.0 0.9 13.0 11:03 NNE 29 12.0 15.6 15:47 9.4 09:00 6.3 0.0 0.0 1.9 15.1 15:30 ESE 30 14.3 21.1 15:12 9.6 02:55 4.4 0.5 0.0 3.2 23.0 08:18 NE 31 17.2 21.3 13:35 14.8 09:00 1.6 0.5 0.0 10.4 37.1 02:37 NE ---------------------------------------------------------------------------------- 10.8 21.3 31 1.2 2 239.2 1.6 46.6 2.4 37.1 31 NE Max >= 27.0: 0 Max <= 0.0: 0 Min <= 0.0: 0 Min <= -18.0: 0 Max Rain: 11.9 on day 27 Days of Rain: 11 (>= 0.2 mm) 7 (>= 2.0 mm) 0 (>= 20.0 mm) Heat Base: 18.3 Cool Base: 18.3 Method: Integration |
Page updated 17/06/2018 4:30:02 PM
powered by
Cumulus
1.9.4 b1099