NOAA Style Reports for North Bayswater weather
Latitude S 37° 49' 25" Longitude E 145° 17' 47" Elevation 114 m
:now::gauges::today::yesterday::highs & lows::records::monthly records::trends::raincharts::NOAA Reports::forum::main pages: |
Select a Year or Month report
Report for 2014 Oct Monthly Climatological Summary for Oct 2014 Name: North Bayswater Weather City: State: Elevation: 114 m Lat: S 37° 49' 25" Lon: E 145° 17' 47" Temperature (°C), Rain (mm), Wind Speed (km/h) Heat Cool Avg Mean Deg Deg Wind Dom Day Temp High Time Low Time Days Days Rain Speed High Time Dir ---------------------------------------------------------------------------------- 1 11.6 15.8 14:00 8.3 00:58 6.7 0.0 0.5 2.8 21.6 12:24 SW 2 13.6 17.3 15:50 11.4 09:00 4.7 0.0 2.1 2.5 23.8 13:37 WSW 3 13.9 19.9 15:57 8.6 05:38 4.6 0.2 0.0 2.1 14.4 12:19 SSE 4 19.9 25.8 13:57 13.9 07:43 1.1 2.6 0.0 6.6 31.3 15:01 NNE 5 14.0 19.8 15:00 8.9 04:34 4.5 0.2 0.0 2.4 17.3 07:51 SW 6 16.9 22.5 18:55 12.1 06:46 2.2 0.8 3.6 7.0 38.9 21:37 NNW 7 12.8 17.6 13:44 9.8 04:05 5.5 0.0 0.0 4.2 33.1 11:33 W 8 14.4 18.9 15:20 10.1 06:58 3.9 0.0 0.0 2.2 16.9 17:07 W 9 17.9 23.6 16:34 13.1 09:00 1.5 1.1 0.0 4.4 15.8 13:34 NE 10 18.9 23.4 15:46 13.8 04:03 1.2 1.8 0.0 5.6 37.4 17:16 NE 11 15.9 22.3 15:33 9.6 05:05 3.3 0.9 0.0 2.0 14.4 15:37 SW 12 18.5 30.6 15:00 10.8 06:02 2.7 2.9 3.1 4.6 25.2 17:13 W 13 10.8 15.3 13:55 8.4 00:30 7.5 0.0 10.4 6.0 34.2 18:10 SW 14 10.8 16.2 12:42 6.1 04:33 7.5 0.0 0.0 3.8 31.3 13:36 SSW 15 13.0 16.1 12:14 10.4 09:00 5.3 0.0 0.0 2.7 18.7 15:54 SW 16 11.5 16.8 15:43 7.3 03:15 6.8 0.0 3.1 3.1 26.3 15:04 SW 17 13.6 19.9 16:10 7.8 05:11 4.9 0.2 0.0 2.5 16.6 10:23 S 18 19.8 23.6 17:28 14.8 09:00 0.2 1.7 0.0 7.5 23.4 16:00 NE 19 18.4 30.2 16:01 9.9 06:17 3.0 3.1 0.0 6.0 31.7 12:39 NNE 20 14.6 22.3 15:06 7.2 06:44 4.5 0.8 0.0 2.9 34.9 10:30 SE 21 20.7 28.4 16:56 13.2 09:00 1.1 3.6 0.0 3.7 26.3 12:46 NE 22 23.0 31.9 15:35 15.8 05:50 0.7 5.4 0.0 5.6 33.1 09:02 NE 23 19.1 24.9 16:52 15.6 05:53 1.0 1.8 0.0 2.3 12.6 15:30 WSW 24 21.7 30.5 15:57 14.8 04:22 1.1 4.5 0.0 3.3 23.8 20:53 WSW 25 16.8 22.1 15:09 13.8 04:30 2.2 0.7 0.0 2.6 22.7 15:32 SW 26 19.7 25.1 16:55 13.9 08:51 0.7 2.1 17.6 5.1 34.9 08:27 NE 27 13.7 18.5 13:27 9.8 03:11 4.6 0.0 5.7 5.5 31.7 14:25 W 28 14.2 18.5 14:39 10.2 06:26 4.1 0.0 1.5 5.1 33.1 13:31 W 29 16.5 23.6 16:53 12.6 00:57 2.8 0.9 0.0 2.6 112.0 14:25 NW 30 16.2 23.0 15:37 9.5 05:33 3.3 1.2 0.0 2.2 15.5 16:39 SW 31 23.2 31.8 16:49 14.8 06:59 0.5 5.4 4.1 6.0 29.2 23:59 NNE ---------------------------------------------------------------------------------- 16.3 31.9 22 6.1 14 103.7 41.9 51.7 4.0 112.0 29 NW Max >= 27.0: 6 Max <= 0.0: 0 Min <= 0.0: 0 Min <= -18.0: 0 Max Rain: 17.6 on day 26 Days of Rain: 10 (>= 0.2 mm) 8 (>= 2.0 mm) 0 (>= 20.0 mm) Heat Base: 18.3 Cool Base: 18.3 Method: Integration |
Page updated 17/06/2018 4:30:02 PM
powered by
Cumulus
1.9.4 b1099