NOAA Style Reports for North Bayswater weather
Latitude S 37° 49' 25" Longitude E 145° 17' 47" Elevation 114 m
:now::gauges::today::yesterday::highs & lows::records::monthly records::trends::raincharts::NOAA Reports::forum::main pages: |
Select a Year or Month report
Report for 2015 May Monthly Climatological Summary for May 2015 Name: North Bayswater Weather City: State: Elevation: 114 m Lat: S 37° 49' 25" Lon: E 145° 17' 47" Temperature (°C), Rain (mm), Wind Speed (km/h) Heat Cool Avg Mean Deg Deg Wind Dom Day Temp High Time Low Time Days Days Rain Speed High Time Dir ---------------------------------------------------------------------------------- 1 16.0 22.5 14:28 11.3 09:00 3.1 0.9 0.0 2.8 21.6 08:27 NE 2 16.4 22.4 15:18 10.9 03:24 2.6 0.8 0.0 2.9 22.7 16:01 NNE 3 14.0 19.4 14:37 9.5 02:30 4.4 0.1 0.0 1.5 11.9 08:58 WNW 4 17.9 21.9 14:38 12.4 09:00 1.0 0.7 0.0 11.1 42.1 22:21 NE 5 12.6 16.8 12:05 9.9 03:26 5.7 0.0 2.6 6.7 27.7 15:15 NNW 6 11.7 16.3 11:58 8.6 04:34 6.6 0.0 4.7 3.3 35.3 11:17 NNW 7 11.8 14.4 11:56 10.4 02:23 6.5 0.0 1.0 3.6 29.9 16:23 WNW 8 13.5 14.6 12:08 11.8 09:00 4.8 0.0 0.0 3.7 19.1 19:10 NNW 9 14.7 17.4 14:37 12.2 05:59 3.6 0.0 16.6 8.1 37.4 20:58 N 10 12.8 14.9 13:41 11.8 03:33 5.5 0.0 10.9 5.1 40.3 14:09 WNW 11 14.0 16.1 13:26 12.4 09:03 4.3 0.0 0.5 4.7 28.8 09:44 WNW 12 10.1 16.1 13:25 6.5 04:54 8.2 0.0 11.4 5.8 37.4 13:40 W 13 9.7 10.9 13:12 8.1 09:00 8.6 0.0 16.1 2.2 22.3 11:03 WSW 14 12.4 13.6 13:50 10.5 09:00 5.9 0.0 1.5 2.3 25.6 12:44 WSW 15 12.2 13.9 13:56 10.9 06:13 6.1 0.0 1.0 0.7 9.0 16:32 SSW 16 11.6 17.4 15:13 7.1 07:44 6.7 0.0 0.0 1.1 8.6 09:47 NE 17 12.3 19.5 13:29 7.4 05:48 6.1 0.1 0.0 2.1 14.8 12:40 NE 18 14.2 19.1 14:11 9.5 09:00 4.1 0.1 0.0 4.6 19.8 08:26 NE 19 14.3 16.0 09:23 12.9 21:23 4.0 0.0 2.1 5.3 27.7 02:46 NE 20 13.2 18.1 13:22 10.1 05:48 5.1 0.0 8.3 4.1 35.3 22:41 WNW 21 11.5 13.8 13:38 8.9 06:29 6.8 0.0 0.0 0.9 9.0 22:25 SW 22 11.9 14.5 12:11 10.3 09:00 6.4 0.0 0.0 1.5 11.5 15:50 SSW 23 8.4 14.7 14:41 2.9 05:04 9.9 0.0 0.0 0.9 14.0 13:22 SSW 24 10.2 15.3 14:44 5.2 09:00 8.1 0.0 0.0 1.3 93.6 07:29 ENE 25 9.6 16.1 14:12 5.0 07:00 8.7 0.0 0.0 1.9 14.4 15:16 NE 26 12.4 15.3 14:06 6.9 09:00 5.9 0.0 0.0 4.3 21.6 08:40 NE 27 14.0 17.9 15:14 11.9 05:48 4.3 0.0 0.0 6.1 26.6 14:51 NE 28 14.3 18.9 14:03 8.2 06:49 4.0 0.1 0.0 5.0 27.0 10:03 N 29 12.7 14.7 13:06 9.9 09:00 5.6 0.0 0.0 3.5 14.8 02:16 N 30 13.6 16.3 12:13 11.6 09:00 4.7 0.0 0.0 5.4 30.2 13:03 N 31 9.6 15.0 11:25 5.6 03:44 8.7 0.0 11.4 3.1 27.4 18:19 WNW ---------------------------------------------------------------------------------- 12.7 22.5 1 2.9 23 176.0 2.8 88.1 3.7 93.6 24 N Max >= 27.0: 0 Max <= 0.0: 0 Min <= 0.0: 0 Min <= -18.0: 0 Max Rain: 16.6 on day 9 Days of Rain: 13 (>= 0.2 mm) 9 (>= 2.0 mm) 0 (>= 20.0 mm) Heat Base: 18.3 Cool Base: 18.3 Method: Integration |
Page updated 17/06/2018 4:30:02 PM
powered by
Cumulus
1.9.4 b1099