NOAA Style Reports for North Bayswater weather
Latitude S 37° 49' 25" Longitude E 145° 17' 47" Elevation 114 m
:now::gauges::today::yesterday::highs & lows::records::monthly records::trends::raincharts::NOAA Reports::forum::main pages: |
Select a Year or Month report
Report for 2015 Aug Monthly Climatological Summary for Aug 2015 Name: North Bayswater Weather City: State: Elevation: 114 m Lat: S 37° 49' 25" Lon: E 145° 17' 47" Temperature (°C), Rain (mm), Wind Speed (km/h) Heat Cool Avg Mean Deg Deg Wind Dom Day Temp High Time Low Time Days Days Rain Speed High Time Dir ---------------------------------------------------------------------------------- 1 9.0 11.6 15:28 7.0 07:27 9.3 0.0 0.0 0.9 14.4 09:36 WSW 2 10.0 13.3 12:50 7.3 07:12 8.3 0.0 6.2 5.6 24.1 06:52 NW 3 6.6 10.0 13:50 3.9 05:54 11.7 0.0 0.0 2.9 31.7 15:11 WSW 4 8.9 10.7 12:58 5.6 09:00 9.4 0.0 2.1 5.0 23.0 22:21 NNW 5 8.4 10.6 11:33 6.9 20:14 9.9 0.0 3.1 3.0 28.1 13:51 WSW 6 10.3 12.9 15:24 8.8 09:00 8.0 0.0 3.6 1.7 18.4 13:03 WSW 7 10.5 12.4 15:50 9.3 09:05 7.8 0.0 0.5 0.7 11.2 09:05 W 8 9.8 12.5 14:50 7.0 01:33 8.5 0.0 0.0 1.4 12.6 06:20 ENE 9 10.4 13.0 16:58 7.9 02:28 7.9 0.0 0.0 6.7 28.1 08:04 NE 10 11.0 15.7 13:34 7.1 05:00 7.3 0.0 0.0 4.4 33.5 09:43 NE 11 11.5 14.2 15:16 9.3 09:00 6.8 0.0 0.0 9.4 36.4 23:02 NE 12 10.8 14.2 12:06 8.7 02:49 7.5 0.0 2.1 1.5 11.2 10:48 W 13 11.3 13.3 12:54 9.6 09:00 7.0 0.0 0.0 1.8 17.6 12:56 WSW 14 12.8 15.3 13:57 11.1 09:00 5.5 0.0 1.6 1.6 14.4 10:36 WNW 15 9.2 14.7 14:48 3.8 05:50 9.1 0.0 0.0 0.6 10.8 11:59 NNE 16 12.1 16.8 14:13 6.6 09:00 6.2 0.0 4.7 3.9 17.3 22:00 NNW 17 8.4 11.2 14:45 6.9 05:28 9.9 0.0 6.2 1.9 25.6 11:39 WSW 18 7.6 10.9 12:47 4.3 06:51 10.7 0.0 0.0 0.7 10.1 14:49 NE 19 9.5 15.2 15:29 5.6 09:00 8.8 0.0 0.0 2.5 24.5 08:59 ENE 20 13.9 16.9 14:46 9.9 09:00 4.4 0.0 0.0 11.1 43.6 12:05 NE 21 14.3 17.9 14:30 9.6 07:17 4.0 0.0 0.0 7.5 39.2 11:42 NE 22 13.5 20.1 13:36 7.4 05:50 5.0 0.2 0.0 1.2 15.5 13:04 WNW 23 12.4 17.5 13:16 8.8 07:05 5.9 0.0 0.0 2.4 12.2 16:52 SW 24 11.4 15.6 15:09 9.1 03:17 6.9 0.0 0.0 5.7 36.0 20:19 S 25 11.6 14.1 14:45 9.9 05:53 6.7 0.0 0.0 2.3 14.4 14:23 SSE 26 13.1 17.3 15:27 10.8 09:00 5.2 0.0 1.0 0.4 10.1 11:31 NNE 27 10.5 11.8 11:59 8.3 03:09 7.8 0.0 24.9 1.5 16.9 18:51 SW 28 8.6 13.6 15:58 4.2 06:06 9.7 0.0 2.1 1.6 20.5 17:04 SW 29 9.7 11.9 15:40 6.4 09:00 8.6 0.0 1.6 2.7 27.0 14:27 WSW 30 10.8 14.3 12:52 8.5 05:59 7.5 0.0 0.0 1.3 15.5 16:41 SW 31 10.0 14.2 13:24 4.4 06:56 8.3 0.0 0.0 1.6 14.8 14:26 SW ---------------------------------------------------------------------------------- 10.6 20.1 22 3.8 15 239.6 0.2 59.7 3.1 43.6 20 N Max >= 27.0: 0 Max <= 0.0: 0 Min <= 0.0: 0 Min <= -18.0: 0 Max Rain: 24.9 on day 27 Days of Rain: 13 (>= 0.2 mm) 9 (>= 2.0 mm) 1 (>= 20.0 mm) Heat Base: 18.3 Cool Base: 18.3 Method: Integration |
Page updated 17/06/2018 4:30:02 PM
powered by
Cumulus
1.9.4 b1099