NOAA Style Reports for North Bayswater weather
Latitude S 37° 49' 25" Longitude E 145° 17' 47" Elevation 114 m
:now::gauges::today::yesterday::highs & lows::records::monthly records::trends::raincharts::NOAA Reports::forum::main pages: |
Select a Year or Month report
Report for 2015 Sep Monthly Climatological Summary for Sep 2015 Name: North Bayswater Weather City: State: Elevation: 114 m Lat: S 37° 49' 25" Lon: E 145° 17' 47" Temperature (°C), Rain (mm), Wind Speed (km/h) Heat Cool Avg Mean Deg Deg Wind Dom Day Temp High Time Low Time Days Days Rain Speed High Time Dir ---------------------------------------------------------------------------------- 1 11.6 16.3 15:30 7.5 09:00 6.7 0.0 0.0 4.0 19.8 08:56 NE 2 13.7 19.2 13:53 10.9 05:04 4.6 0.0 3.1 3.1 22.0 10:51 NE 3 11.2 15.2 15:32 8.0 05:59 7.2 0.0 0.0 2.2 18.7 12:27 SW 4 11.8 14.9 13:43 10.1 05:15 6.5 0.0 0.0 1.4 13.7 11:59 SW 5 10.2 15.7 15:26 5.8 06:27 8.1 0.0 0.0 1.1 15.1 20:38 SSW 6 12.0 16.8 14:36 9.3 09:00 6.3 0.0 5.7 9.7 37.8 14:01 NE 7 10.0 13.0 11:55 8.8 02:30 8.3 0.0 4.7 4.4 39.2 11:57 W 8 10.7 12.1 15:28 9.9 00:15 7.6 0.0 0.5 2.4 18.0 14:54 SW 9 12.4 15.3 13:31 11.0 05:55 5.9 0.0 2.6 2.5 23.4 11:53 SW 10 10.4 15.6 14:44 5.2 05:16 7.9 0.0 0.0 1.0 15.8 07:11 ENE 11 15.2 20.1 14:23 11.7 06:35 3.4 0.3 0.0 6.7 38.9 10:22 NE 12 16.8 21.6 11:45 12.8 05:32 2.1 0.7 0.0 6.2 27.0 14:54 NE 13 19.8 25.9 13:29 15.2 00:51 0.9 2.5 0.0 7.3 28.4 05:49 NE 14 20.1 27.4 13:59 11.3 08:58 1.6 3.4 15.0 9.1 37.1 12:38 NE 15 12.0 16.1 13:22 8.8 01:24 6.3 0.0 0.0 3.1 20.2 13:03 WSW 16 12.3 16.5 15:25 9.9 04:04 6.0 0.0 0.0 1.4 16.2 15:21 WSW 17 12.3 15.3 13:50 10.7 05:50 6.0 0.0 1.0 1.8 19.1 14:40 SW 18 11.5 15.9 15:59 7.1 03:22 6.8 0.0 0.0 1.5 11.5 19:41 S 19 14.2 21.0 13:53 8.4 05:29 4.6 0.5 0.0 2.8 25.6 14:04 NE 20 18.1 23.4 14:37 14.0 03:04 1.6 1.3 0.0 7.6 30.2 10:34 NE 21 11.7 19.3 09:47 7.9 04:04 6.7 0.0 5.2 3.0 31.7 08:58 WSW 22 8.9 12.8 10:02 5.7 05:48 9.4 0.0 1.0 3.5 31.7 09:00 SW 23 9.6 14.3 13:31 5.8 06:17 8.7 0.0 0.0 2.3 27.0 15:45 SSW 24 10.9 16.3 12:30 6.1 05:31 7.4 0.0 0.0 2.3 34.2 18:21 S 25 13.1 20.2 15:16 6.2 06:11 5.3 0.1 0.0 3.5 26.6 10:55 SE 26 14.4 20.3 14:28 9.9 23:40 4.3 0.4 0.0 2.0 18.4 14:41 N 27 14.1 21.3 14:24 8.0 05:18 4.7 0.5 0.0 2.1 19.4 08:18 NNE 28 15.4 22.7 12:22 9.2 06:45 3.7 0.8 0.0 2.1 12.2 11:48 W 29 13.1 17.4 12:24 9.8 23:51 5.2 0.0 0.0 2.5 18.0 14:30 W 30 12.1 17.4 11:38 5.8 04:43 6.2 0.0 0.0 2.1 17.3 13:44 SSW ---------------------------------------------------------------------------------- 13.0 27.4 14 5.2 10 170.0 10.5 38.8 3.5 39.2 7 NE Max >= 27.0: 1 Max <= 0.0: 0 Min <= 0.0: 0 Min <= -18.0: 0 Max Rain: 15.0 on day 14 Days of Rain: 9 (>= 0.2 mm) 6 (>= 2.0 mm) 0 (>= 20.0 mm) Heat Base: 18.3 Cool Base: 18.3 Method: Integration |
Page updated 17/06/2018 4:30:02 PM
powered by
Cumulus
1.9.4 b1099