NOAA Style Reports for North Bayswater weather
Latitude S 37° 49' 25" Longitude E 145° 17' 47" Elevation 114 m
:now::gauges::today::yesterday::highs & lows::records::monthly records::trends::raincharts::NOAA Reports::forum::main pages: |
Select a Year or Month report
Report for 2015 Oct Monthly Climatological Summary for Oct 2015 Name: North Bayswater Weather City: State: Elevation: 114 m Lat: S 37° 49' 25" Lon: E 145° 17' 47" Temperature (°C), Rain (mm), Wind Speed (km/h) Heat Cool Avg Mean Deg Deg Wind Dom Day Temp High Time Low Time Days Days Rain Speed High Time Dir ---------------------------------------------------------------------------------- 1 15.0 22.6 13:56 7.8 06:17 4.2 0.9 0.0 2.5 17.6 16:02 WNW 2 21.6 27.9 15:10 15.9 09:00 0.1 3.4 0.0 7.1 33.5 07:36 NE 3 23.2 30.0 14:30 14.3 07:26 0.5 5.2 0.0 5.4 27.4 12:49 NE 4 21.1 30.0 15:30 12.9 06:03 1.3 4.1 0.0 1.5 10.8 13:11 W 5 26.4 33.3 16:09 16.7 09:00 0.0 8.1 0.0 7.8 31.3 13:20 NE 6 20.3 35.5 14:48 10.8 06:45 2.5 4.5 0.0 6.7 37.4 15:07 W 7 12.9 19.2 14:36 7.5 05:53 5.5 0.1 0.0 4.2 31.3 19:25 S 8 17.4 24.9 16:42 10.6 09:00 2.4 1.5 0.0 1.8 10.8 09:16 NNE 9 22.8 30.0 16:58 15.9 06:46 0.2 4.7 0.0 2.3 15.5 10:45 ENE 10 22.6 29.6 15:05 17.9 07:49 0.0 4.3 1.0 5.2 24.1 18:15 ENE 11 18.4 28.4 14:03 11.9 06:48 2.4 2.5 9.8 4.0 27.0 13:46 N 12 11.7 15.6 16:39 6.9 05:37 6.6 0.0 0.0 1.4 14.4 11:44 SSW 13 16.1 22.2 15:00 11.8 09:00 2.9 0.7 0.0 2.3 12.6 16:34 WSW 14 22.0 28.3 16:33 15.8 09:00 0.0 3.8 0.0 5.3 25.9 12:32 NE 15 25.6 33.4 16:28 18.2 05:50 0.0 7.3 0.0 5.6 36.0 14:37 NNE 16 17.0 21.6 11:35 11.8 06:49 2.1 0.7 0.5 1.3 14.4 13:03 WSW 17 16.3 22.1 16:38 11.5 01:41 2.7 0.7 0.0 2.3 19.1 16:14 SW 18 14.9 22.3 15:24 7.9 05:04 4.3 0.8 0.0 2.2 13.7 16:17 SW 19 19.7 28.5 17:07 12.7 05:04 1.8 3.2 0.0 1.6 10.8 08:47 NE 20 23.9 30.6 17:21 18.8 07:52 0.0 5.6 0.0 4.0 27.0 17:10 NE 21 14.1 19.2 09:00 10.8 01:17 4.2 0.0 3.1 2.6 18.4 18:07 SW 22 13.4 18.6 13:49 10.9 05:15 4.9 0.0 2.1 3.3 22.7 13:36 SSW 23 13.6 18.1 14:04 8.1 04:25 4.7 0.0 0.0 1.9 17.3 19:13 S 24 16.5 24.1 15:05 9.9 04:48 3.1 1.3 0.0 2.2 18.0 16:50 SW 25 22.5 30.3 16:28 15.7 07:46 0.6 4.8 0.0 7.7 31.3 11:28 NNE 26 13.7 17.6 15:57 10.4 05:55 4.6 0.0 0.0 6.2 36.7 00:37 SSW 27 16.9 24.9 16:43 9.6 05:40 3.1 1.7 0.0 2.6 27.0 14:03 SE 28 19.8 27.7 16:57 11.3 05:50 1.8 3.4 0.0 2.3 19.8 11:10 ENE 29 20.5 28.4 15:08 13.0 05:57 1.2 3.4 0.0 2.0 18.0 11:43 SE 30 21.0 28.2 15:13 14.9 05:27 0.9 3.6 2.6 2.0 15.1 15:58 S 31 21.1 26.2 16:56 17.5 09:00 0.0 2.9 0.5 9.1 33.5 00:03 NE ---------------------------------------------------------------------------------- 18.8 35.5 6 6.9 12 68.6 83.2 19.6 3.8 37.4 6 NE Max >= 27.0: 16 Max <= 0.0: 0 Min <= 0.0: 0 Min <= -18.0: 0 Max Rain: 9.8 on day 11 Days of Rain: 7 (>= 0.2 mm) 4 (>= 2.0 mm) 0 (>= 20.0 mm) Heat Base: 18.3 Cool Base: 18.3 Method: Integration |
Page updated 17/06/2018 4:30:02 PM
powered by
Cumulus
1.9.4 b1099