NOAA Style Reports for North Bayswater weather
Latitude S 37° 49' 25" Longitude E 145° 17' 47" Elevation 114 m
:now::gauges::today::yesterday::highs & lows::records::monthly records::trends::raincharts::NOAA Reports::forum::main pages: |
Select a Year or Month report
Report for 2016 Apr Monthly Climatological Summary for Apr 2016 Name: North Bayswater Weather City: State: Elevation: 114 m Lat: S 37° 49' 25" Lon: E 145° 17' 47" Temperature (°C), Rain (mm), Wind Speed (km/h) Heat Cool Avg Mean Deg Deg Wind Dom Day Temp High Time Low Time Days Days Rain Speed High Time Dir ---------------------------------------------------------------------------------- 1 21.2 26.3 14:34 14.4 09:00 0.1 3.1 0.0 6.5 36.0 14:11 NNE 2 15.2 20.2 14:37 10.1 04:21 3.6 0.3 0.0 2.4 19.8 10:01 SW 3 14.9 21.0 14:42 8.8 06:59 3.9 0.4 0.0 2.5 19.8 15:06 S 4 16.9 24.1 16:03 12.5 09:00 2.6 1.2 0.0 1.6 13.7 08:55 NE 5 21.9 28.8 14:04 15.6 08:30 0.3 3.9 8.3 4.3 29.5 10:06 N 6 12.2 15.6 09:00 7.4 06:09 6.1 0.0 8.3 0.4 11.2 15:54 WSW 7 14.2 17.8 15:15 10.7 09:00 4.1 0.0 0.0 0.8 6.5 11:43 NW 8 14.1 18.7 14:53 9.4 04:12 4.3 0.0 0.0 1.0 8.3 16:53 N 9 16.4 21.1 14:46 13.0 09:00 2.5 0.6 0.0 0.9 7.9 11:57 NE 10 17.5 22.2 14:21 14.6 07:14 1.5 0.8 0.0 3.4 24.5 09:43 W 11 16.4 20.1 15:42 14.1 06:31 2.1 0.2 3.1 1.6 13.3 10:53 WSW 12 14.6 19.1 14:05 10.8 06:45 3.8 0.1 0.5 1.6 16.2 17:30 SW 13 15.2 20.4 14:17 10.5 07:19 3.4 0.3 0.0 1.1 9.0 08:44 SSE 14 18.2 26.1 15:35 12.0 06:49 1.9 1.8 0.0 2.2 17.6 15:14 NNE 15 19.4 27.3 13:51 13.8 06:33 1.6 2.6 0.0 1.6 22.0 13:43 NNW 16 15.7 20.8 12:05 13.0 07:32 2.9 0.2 0.0 2.5 14.0 13:29 SSW 17 14.2 20.2 14:34 9.4 06:06 4.4 0.3 0.0 1.5 10.8 09:51 S 18 18.2 25.1 14:38 12.4 09:00 1.8 1.7 0.0 2.9 28.4 12:25 NE 19 19.6 26.9 15:00 13.5 06:51 1.3 2.6 0.0 3.0 20.5 10:03 NE 20 22.1 27.3 15:03 18.5 09:00 0.0 3.8 0.0 5.0 21.6 13:10 NE 21 17.7 24.2 13:02 13.9 07:14 1.7 1.0 14.0 1.5 11.9 15:29 W 22 14.1 17.1 14:05 11.2 04:26 4.2 0.0 0.0 1.6 15.5 13:33 S 23 13.4 18.1 13:58 8.7 07:21 4.9 0.0 0.0 1.2 15.8 13:13 SSW 24 13.9 21.1 15:20 9.6 05:09 4.8 0.4 0.0 0.9 11.2 13:42 NE 25 16.2 23.9 14:31 10.4 05:20 3.5 1.3 0.0 2.8 16.6 09:48 NE 26 18.4 25.2 14:15 12.6 01:27 1.7 1.7 0.0 5.0 27.7 11:35 NE 27 21.9 26.2 13:44 19.9 06:08 0.0 3.6 0.0 8.7 36.0 13:12 NE 28 21.2 26.4 14:27 17.2 00:00 0.1 3.0 0.0 3.8 20.2 06:54 NE 29 16.7 19.9 10:06 14.3 04:12 1.8 0.2 6.2 3.1 16.6 17:25 NE 30 19.1 23.5 15:35 13.9 07:18 0.8 1.7 10.9 8.5 42.1 03:20 NE ---------------------------------------------------------------------------------- 17.0 28.8 5 7.4 6 75.7 36.8 51.3 2.8 42.1 30 NE Max >= 27.0: 3 Max <= 0.0: 0 Min <= 0.0: 0 Min <= -18.0: 0 Max Rain: 14.0 on day 21 Days of Rain: 7 (>= 0.2 mm) 6 (>= 2.0 mm) 0 (>= 20.0 mm) Heat Base: 18.3 Cool Base: 18.3 Method: Integration |
Page updated 17/06/2018 4:30:02 PM
powered by
Cumulus
1.9.4 b1099