NOAA Style Reports for North Bayswater weather
Latitude S 37° 49' 25" Longitude E 145° 17' 47" Elevation 114 m
:now::gauges::today::yesterday::highs & lows::records::monthly records::trends::raincharts::NOAA Reports::forum::main pages: |
Select a Year or Month report
Report for 2016 May Monthly Climatological Summary for May 2016 Name: North Bayswater Weather City: State: Elevation: 114 m Lat: S 37° 49' 25" Lon: E 145° 17' 47" Temperature (°C), Rain (mm), Wind Speed (km/h) Heat Cool Avg Mean Deg Deg Wind Dom Day Temp High Time Low Time Days Days Rain Speed High Time Dir ---------------------------------------------------------------------------------- 1 11.3 16.8 11:10 7.4 02:38 7.0 0.0 1.6 4.4 28.1 15:10 WNW 2 15.0 17.5 15:33 10.7 09:00 3.3 0.0 0.0 10.5 35.3 05:43 NNE 3 13.3 20.4 12:12 7.4 06:12 5.2 0.2 4.7 6.3 42.1 12:07 N 4 14.2 16.5 14:14 10.2 09:00 4.1 0.0 0.0 6.0 25.9 08:17 NNE 5 17.1 20.9 12:58 15.2 09:00 1.5 0.3 0.0 9.8 31.3 14:39 NE 6 17.8 24.9 14:09 11.4 02:52 2.2 1.7 0.0 3.9 23.0 12:16 NE 7 19.2 25.5 13:49 14.9 03:18 1.2 2.1 3.1 4.2 28.8 10:24 NE 8 17.5 19.1 08:57 15.5 09:31 0.8 0.0 2.6 6.9 39.6 01:37 NE 9 15.8 20.6 11:27 13.0 06:21 2.8 0.2 12.4 8.7 40.3 12:03 NNE 10 13.2 16.1 14:21 11.1 04:10 5.1 0.0 5.2 6.2 26.3 00:12 W 11 14.3 16.0 08:59 12.4 09:00 4.0 0.0 1.6 5.2 25.2 18:25 NNW 12 17.1 19.8 12:19 15.4 05:33 1.4 0.2 0.0 4.4 40.0 12:01 NW 13 16.3 20.6 13:56 13.5 04:45 2.3 0.4 0.0 5.8 21.2 15:45 NE 14 17.1 22.5 13:41 14.3 06:53 1.9 0.7 0.0 5.6 39.6 11:15 NE 15 13.1 20.2 12:48 7.1 04:22 5.4 0.2 0.0 2.2 16.6 15:29 W 16 15.7 19.8 12:28 10.9 09:00 2.7 0.1 0.5 6.6 39.2 20:11 NNE 17 13.9 16.8 13:54 12.2 20:32 4.4 0.0 0.0 2.1 21.2 13:11 W 18 15.2 17.8 12:34 13.5 09:00 3.1 0.0 0.0 4.8 20.2 13:21 N 19 14.0 16.5 14:45 10.1 06:34 4.3 0.0 2.1 4.1 35.3 11:13 NNW 20 11.5 16.9 14:53 7.3 05:29 6.8 0.0 0.0 0.9 9.7 10:40 WNW 21 13.6 18.3 13:46 9.8 03:50 4.7 0.0 0.0 4.5 29.2 08:54 NE 22 18.0 21.4 12:42 12.5 07:54 1.4 1.1 3.1 10.2 40.0 12:53 NE 23 12.1 15.8 13:32 9.1 02:39 6.2 0.0 2.6 2.9 29.2 10:41 W 24 10.6 15.9 14:04 6.6 00:49 7.7 0.0 0.0 3.1 26.3 12:49 NNW 25 12.0 16.4 13:46 10.3 06:22 6.3 0.0 7.8 7.7 36.0 14:12 NE 26 10.2 12.1 14:24 7.9 04:00 8.1 0.0 15.0 1.1 14.0 13:18 WSW 27 8.9 14.4 14:13 4.9 05:17 9.4 0.0 0.0 0.6 11.9 14:17 W 28 10.2 13.1 12:06 6.6 09:00 8.1 0.0 0.5 1.3 16.6 15:42 SW 29 9.5 14.1 13:37 6.3 04:13 8.8 0.0 0.0 1.0 11.9 13:12 W 30 8.2 14.6 14:13 3.0 06:19 10.1 0.0 0.0 1.1 11.9 12:35 NE 31 8.5 15.9 14:12 3.6 05:18 9.8 0.0 0.0 0.6 8.6 15:08 NE ---------------------------------------------------------------------------------- 13.7 25.5 7 3.0 30 150.1 7.2 62.8 4.6 42.1 3 NNE Max >= 27.0: 0 Max <= 0.0: 0 Min <= 0.0: 0 Min <= -18.0: 0 Max Rain: 15.0 on day 26 Days of Rain: 14 (>= 0.2 mm) 10 (>= 2.0 mm) 0 (>= 20.0 mm) Heat Base: 18.3 Cool Base: 18.3 Method: Integration |
Page updated 17/06/2018 4:30:02 PM
powered by
Cumulus
1.9.4 b1099