NOAA Style Reports for North Bayswater weather
Latitude S 37° 49' 25" Longitude E 145° 17' 47" Elevation 114 m
:now::gauges::today::yesterday::highs & lows::records::monthly records::trends::raincharts::NOAA Reports::forum::main pages: |
Select a Year or Month report
Report for 2016 Sep Monthly Climatological Summary for Sep 2016 Name: North Bayswater Weather City: State: Elevation: 114 m Lat: S 37° 49' 25" Lon: E 145° 17' 47" Temperature (°C), Rain (mm), Wind Speed (km/h) Heat Cool Avg Mean Deg Deg Wind Dom Day Temp High Time Low Time Days Days Rain Speed High Time Dir ---------------------------------------------------------------------------------- 1 13.1 16.3 14:26 10.5 05:30 5.2 0.0 3.1 0.6 11.2 13:26 SSW 2 12.6 16.3 15:32 10.4 06:47 5.7 0.0 0.5 2.7 13.3 15:21 SW 3 12.1 15.4 14:08 9.4 07:06 6.2 0.0 0.0 1.9 20.2 11:40 W 4 14.1 16.9 12:44 11.4 09:01 4.2 0.0 0.0 2.5 15.5 13:01 NW 5 13.7 18.1 15:00 8.7 06:23 4.6 0.0 0.0 2.8 15.5 11:39 NNE 6 14.7 21.3 14:17 9.3 05:59 4.0 0.4 0.0 1.5 13.0 12:08 NE 7 17.2 21.8 15:26 13.4 09:00 1.9 0.7 0.0 8.5 42.1 12:14 NE 8 19.5 23.1 12:39 16.9 08:00 0.2 1.4 0.0 12.3 36.7 22:51 NE 9 14.7 18.1 10:23 11.6 06:59 3.6 0.0 7.3 2.6 30.6 10:27 NNE 10 11.7 15.1 16:05 7.9 07:03 6.6 0.0 0.0 2.3 26.3 09:20 SW 11 13.3 16.9 14:05 10.9 05:37 5.0 0.0 1.0 2.4 16.2 19:20 N 12 11.7 14.2 14:11 10.4 01:07 6.6 0.0 3.6 0.3 6.8 00:00 SW 13 13.1 14.5 16:23 11.5 09:00 5.2 0.0 8.8 1.5 16.6 02:47 ENE 14 11.6 16.3 14:14 8.8 00:59 6.7 0.0 3.1 5.7 35.6 15:59 NE 15 11.5 16.3 13:24 8.6 04:41 6.8 0.0 6.7 1.9 16.9 15:37 W 16 13.0 16.5 14:45 10.8 23:36 5.3 0.0 0.0 4.2 18.7 08:36 NNE 17 16.0 20.9 14:20 11.6 06:37 2.7 0.4 0.5 6.5 30.6 11:08 NE 18 10.9 12.4 11:47 9.2 05:45 7.5 0.0 1.5 1.5 16.6 18:39 WSW 19 11.8 15.8 16:02 9.1 00:34 6.5 0.0 0.0 2.8 18.0 07:53 NE 20 14.8 20.2 14:08 11.6 04:58 3.7 0.2 2.1 5.2 33.1 14:40 NE 21 13.1 17.1 14:13 10.8 04:00 5.2 0.0 3.1 3.0 20.5 01:43 SW 22 11.3 13.1 08:54 10.2 06:16 7.0 0.0 1.0 1.6 14.8 10:19 SW 23 14.7 20.6 15:20 10.9 00:06 3.8 0.3 0.0 1.5 20.5 08:51 NNE 24 15.4 20.9 13:47 10.5 06:29 3.3 0.3 3.6 5.8 36.0 12:34 NNE 25 11.7 16.3 13:48 7.6 02:01 6.6 0.0 0.0 2.5 20.5 09:42 WSW 26 12.4 17.6 10:50 7.3 06:26 5.9 0.0 10.9 2.4 15.5 14:52 NNE 27 11.3 16.3 12:58 8.0 05:39 7.0 0.0 1.6 2.6 16.6 14:51 N 28 15.7 19.5 14:43 12.7 06:24 2.7 0.1 1.0 9.9 41.4 02:41 NE 29 12.4 18.4 13:30 9.9 05:11 5.9 0.0 0.5 7.8 35.6 16:56 NE 30 13.9 17.7 14:02 11.6 01:36 4.4 0.0 2.1 3.0 15.8 09:02 NNW ---------------------------------------------------------------------------------- 13.4 23.1 8 7.3 26 150.0 3.8 62.0 3.7 42.1 7 NNE Max >= 27.0: 0 Max <= 0.0: 0 Min <= 0.0: 0 Min <= -18.0: 0 Max Rain: 10.9 on day 26 Days of Rain: 19 (>= 0.2 mm) 11 (>= 2.0 mm) 0 (>= 20.0 mm) Heat Base: 18.3 Cool Base: 18.3 Method: Integration |
Page updated 17/06/2018 4:30:02 PM
powered by
Cumulus
1.9.4 b1099