NOAA Style Reports for North Bayswater weather
Latitude S 37° 49' 25" Longitude E 145° 17' 47" Elevation 114 m
:now::gauges::today::yesterday::highs & lows::records::monthly records::trends::raincharts::NOAA Reports::forum::main pages: |
Select a Year or Month report
Report for 2017 Jan Monthly Climatological Summary for Jan 2017 Name: North Bayswater Weather City: State: Elevation: 114 m Lat: S 37° 49' 25" Lon: E 145° 17' 47" Temperature (°C), Rain (mm), Wind Speed (km/h) Heat Cool Avg Mean Deg Deg Wind Dom Day Temp High Time Low Time Days Days Rain Speed High Time Dir ---------------------------------------------------------------------------------- 1 18.3 22.6 09:54 14.8 06:18 1.2 1.2 2.1 2.9 23.0 20:14 WSW 2 16.6 19.8 15:18 14.9 05:17 1.8 0.1 0.0 2.4 18.7 13:35 SW 3 19.0 25.0 16:32 13.8 02:59 1.2 1.9 0.0 3.6 19.1 20:36 SW 4 25.8 33.2 15:18 19.2 09:00 0.0 7.5 0.0 2.2 18.0 16:18 E 5 26.6 34.3 16:48 19.6 06:28 0.0 8.3 0.0 2.3 19.1 13:04 NNE 6 27.8 36.1 16:02 20.3 05:10 0.0 9.5 0.0 2.0 31.0 08:48 ESE 7 31.4 37.6 15:05 26.9 02:05 0.0 13.1 0.0 6.5 30.6 03:22 NE 8 25.2 36.2 12:10 18.6 05:56 0.0 6.9 0.0 3.8 25.2 10:58 SW 9 21.5 26.3 14:50 16.8 02:23 0.2 3.4 0.0 1.4 12.6 15:22 WSW 10 23.6 33.1 15:08 17.6 06:26 0.0 5.3 0.0 3.3 16.6 14:29 WSW 11 20.7 26.9 16:13 14.8 06:23 0.6 3.0 0.0 2.9 23.0 12:09 WSW 12 24.7 31.8 17:27 18.9 09:00 0.0 6.4 0.5 2.5 14.0 06:56 E 13 20.1 26.9 13:08 14.8 06:48 0.8 2.6 11.4 2.4 20.2 09:43 NNE 14 18.6 24.1 16:20 15.5 06:19 0.9 1.2 0.0 5.0 24.5 10:39 WSW 15 18.1 24.6 17:33 11.4 06:09 2.0 1.8 0.0 2.0 14.8 17:01 SW 16 26.0 34.6 17:23 16.9 09:00 0.0 7.7 0.0 2.2 17.3 12:22 NE 17 28.0 37.9 13:32 18.4 06:31 0.1 9.8 0.0 3.3 19.1 11:16 WSW 18 17.6 23.8 16:24 11.1 06:13 2.4 1.6 0.0 3.6 21.2 14:01 SSW 19 22.2 28.9 16:35 16.6 09:00 0.1 4.0 21.8 3.1 28.8 02:45 NNW 20 16.7 21.2 14:22 13.9 05:26 1.8 0.2 2.1 5.7 37.8 12:49 WSW 21 18.8 24.8 16:21 11.5 07:16 1.8 2.2 0.0 2.2 16.2 19:12 SSW 22 24.9 32.4 16:47 16.9 09:00 0.0 6.6 0.0 1.7 20.5 19:28 SE 23 28.2 37.0 13:44 19.3 08:54 0.0 9.9 2.6 4.8 27.0 14:03 N 24 18.4 24.9 16:41 11.5 06:23 2.0 2.1 0.0 3.8 26.3 09:07 SW 25 19.2 25.9 15:41 12.5 05:47 1.5 2.4 0.0 2.7 22.3 16:14 SSW 26 19.6 24.3 16:31 16.5 06:09 0.4 1.7 0.0 2.5 22.3 16:55 SSW 27 22.2 29.8 16:56 14.9 06:51 0.6 4.5 0.0 2.4 17.3 18:34 WSW 28 22.8 31.9 13:05 13.9 07:05 0.8 5.3 0.0 3.3 22.7 14:23 WSW 29 24.4 33.1 16:26 17.6 05:55 0.0 6.2 0.0 2.7 20.5 08:35 SW 30 22.3 27.6 12:41 16.4 06:25 0.3 4.3 0.5 4.0 25.2 14:56 NNE 31 18.8 25.2 16:59 12.5 06:26 1.6 2.1 0.0 2.6 17.6 17:10 SW ---------------------------------------------------------------------------------- 22.2 37.9 17 11.1 18 22.1 142.8 41.0 3.1 37.8 20 WSW Max >= 27.0: 16 Max <= 0.0: 0 Min <= 0.0: 0 Min <= -18.0: 0 Max Rain: 21.8 on day 19 Days of Rain: 7 (>= 0.2 mm) 5 (>= 2.0 mm) 1 (>= 20.0 mm) Heat Base: 18.3 Cool Base: 18.3 Method: Integration |
Page updated 17/06/2018 4:30:02 PM
powered by
Cumulus
1.9.4 b1099