NOAA Style Reports for North Bayswater weather
Latitude S 37° 49' 25" Longitude E 145° 17' 47" Elevation 114 m
:now::gauges::today::yesterday::highs & lows::records::monthly records::trends::raincharts::NOAA Reports::forum::main pages: |
Select a Year or Month report
Report for 2017 Apr Monthly Climatological Summary for Apr 2017 Name: North Bayswater Weather City: State: Elevation: 114 m Lat: S 37° 49' 25" Lon: E 145° 17' 47" Temperature (°C), Rain (mm), Wind Speed (km/h) Heat Cool Avg Mean Deg Deg Wind Dom Day Temp High Time Low Time Days Days Rain Speed High Time Dir ---------------------------------------------------------------------------------- 1 14.3 18.3 16:58 10.8 09:00 4.1 0.0 0.0 2.8 18.7 16:26 SW 2 13.7 18.4 14:44 8.4 06:24 4.6 0.0 0.0 3.0 23.0 17:18 S 3 15.3 23.0 15:05 9.2 04:54 3.8 0.9 0.0 1.4 18.0 13:07 SE 4 16.9 25.1 14:42 10.6 05:57 3.0 1.6 0.0 1.7 15.8 08:57 E 5 17.3 25.4 14:56 11.2 05:58 2.8 1.8 0.0 2.2 15.8 09:00 ENE 6 17.4 26.0 13:23 11.3 05:56 2.9 2.0 0.0 2.4 17.6 10:51 NE 7 20.4 26.4 14:02 16.5 09:00 0.3 2.4 0.0 5.9 30.6 13:08 NE 8 20.1 27.9 13:02 15.3 08:21 0.8 2.6 12.4 8.7 37.8 16:30 NE 9 10.7 15.4 09:08 7.8 01:30 7.6 0.0 15.5 2.8 30.6 13:10 NNE 10 13.2 14.4 13:39 11.7 07:03 5.1 0.0 2.1 2.8 29.2 13:56 SW 11 14.6 20.0 13:44 9.8 06:09 4.1 0.2 0.0 1.8 12.2 12:03 SSW 12 15.0 20.6 15:54 10.3 01:54 3.6 0.3 0.0 1.4 9.7 11:56 NNE 13 16.7 23.0 15:21 13.3 23:21 2.6 1.0 0.0 0.4 7.2 11:21 WNW 14 13.3 17.6 15:14 9.6 01:11 5.0 0.0 0.5 0.8 11.2 15:55 SW 15 13.3 18.7 13:14 8.9 00:37 5.0 0.0 0.0 1.2 14.0 15:16 SW 16 14.2 20.8 14:45 8.5 06:47 4.4 0.4 0.0 1.2 12.6 10:28 ENE 17 14.3 19.7 14:38 9.6 02:36 4.2 0.2 0.0 1.0 16.9 14:11 SW 18 15.4 21.2 15:53 12.4 23:46 3.2 0.3 0.0 0.9 8.6 17:10 ENE 19 20.2 26.1 14:52 13.9 09:00 0.3 2.3 0.0 4.9 23.8 11:03 NE 20 21.0 25.9 13:06 16.4 07:35 0.3 3.0 8.3 5.5 31.7 10:12 NE 21 17.3 20.5 13:30 16.1 05:56 1.2 0.2 4.7 6.8 31.7 14:11 NE 22 18.5 22.4 13:43 15.1 06:27 0.9 1.1 0.0 1.9 15.8 14:30 NNE 23 18.3 22.6 14:19 15.3 05:57 1.2 1.2 2.1 1.0 15.8 13:44 NW 24 19.1 23.4 15:39 16.1 09:00 0.6 1.4 23.8 3.1 14.4 12:05 NE 25 14.3 17.4 15:47 10.3 06:29 4.0 0.0 23.3 2.0 16.6 12:17 W 26 10.6 15.1 13:30 7.9 22:25 7.7 0.0 1.6 3.2 31.7 12:48 SW 27 12.0 14.2 11:59 10.5 09:00 6.3 0.0 1.0 1.8 12.6 14:04 WSW 28 14.9 16.8 15:50 12.9 09:00 3.4 0.0 0.5 1.3 9.7 23:05 NE 29 15.2 18.4 13:30 13.4 06:34 3.1 0.0 0.0 1.3 14.8 13:54 WSW 30 14.7 17.8 14:12 11.9 00:27 3.7 0.0 0.0 3.2 16.6 06:14 NNE ---------------------------------------------------------------------------------- 15.7 27.9 8 7.8 9 99.8 22.9 95.8 2.7 37.8 8 NE Max >= 27.0: 1 Max <= 0.0: 0 Min <= 0.0: 0 Min <= -18.0: 0 Max Rain: 23.8 on day 24 Days of Rain: 12 (>= 0.2 mm) 8 (>= 2.0 mm) 2 (>= 20.0 mm) Heat Base: 18.3 Cool Base: 18.3 Method: Integration |
Page updated 17/06/2018 4:30:02 PM
powered by
Cumulus
1.9.4 b1099