NOAA Style Reports for North Bayswater weather
Latitude S 37° 49' 25" Longitude E 145° 17' 47" Elevation 114 m
:now::gauges::today::yesterday::highs & lows::records::monthly records::trends::raincharts::NOAA Reports::forum::main pages: |
Select a Year or Month report
Report for 2017 May Monthly Climatological Summary for May 2017 Name: North Bayswater Weather City: State: Elevation: 114 m Lat: S 37° 49' 25" Lon: E 145° 17' 47" Temperature (°C), Rain (mm), Wind Speed (km/h) Heat Cool Avg Mean Deg Deg Wind Dom Day Temp High Time Low Time Days Days Rain Speed High Time Dir ---------------------------------------------------------------------------------- 1 14.2 19.3 13:01 9.1 07:39 4.2 0.1 3.1 3.4 30.6 10:09 N 2 9.7 15.1 13:13 5.9 03:24 8.6 0.0 3.6 1.6 19.4 11:45 W 3 8.9 14.9 13:43 4.4 07:42 9.4 0.0 0.5 0.6 10.1 13:40 NNE 4 10.1 16.7 15:12 5.9 05:09 8.2 0.0 0.0 0.7 7.6 14:12 NE 5 14.6 18.9 13:50 8.9 09:00 3.8 0.0 0.0 4.3 28.4 14:58 NE 6 12.2 18.9 13:36 8.8 06:32 6.1 0.0 5.2 3.8 38.9 17:15 NW 7 10.7 13.0 12:28 9.1 02:42 7.6 0.0 8.8 1.5 22.0 18:08 WSW 8 11.9 14.3 14:59 10.1 09:00 6.4 0.0 2.1 0.6 11.2 16:55 SSW 9 11.5 16.3 15:03 6.0 06:16 6.8 0.0 0.0 0.6 9.4 16:01 SW 10 10.6 17.3 14:56 5.9 05:26 7.7 0.0 0.0 0.7 9.7 11:39 NE 11 9.9 16.4 15:00 5.3 05:14 8.4 0.0 0.0 0.3 7.6 09:43 NNE 12 13.3 18.4 13:57 7.5 09:00 5.0 0.0 0.0 1.1 9.4 12:46 NNE 13 10.8 16.9 14:22 6.5 04:28 7.5 0.0 0.0 0.9 11.9 14:35 SSW 14 10.3 14.6 15:21 7.2 01:19 8.6 0.0 0.0 0.4 10.1 13:54 NNE 15 9.8 14.1 16:11 5.9 03:54 8.5 0.0 0.0 0.6 9.4 21:11 NE 16 12.5 17.1 15:28 7.9 09:00 5.8 0.0 0.0 1.4 11.2 08:42 NE 17 12.9 16.4 13:48 9.3 06:25 5.4 0.0 0.0 0.8 10.1 11:59 NE 18 13.7 20.2 14:54 10.1 05:41 4.8 0.2 0.0 0.3 6.1 09:39 SSE 19 12.2 15.9 13:00 8.4 07:21 6.1 0.0 0.5 0.8 10.4 12:45 ENE 20 13.1 18.8 14:56 8.8 04:49 5.6 0.0 0.0 1.3 17.6 16:08 NE 21 13.4 18.6 14:19 9.3 06:32 4.9 0.0 0.0 3.1 19.4 12:53 NE 22 16.3 19.6 14:10 12.7 09:00 2.1 0.1 0.0 7.4 33.8 14:42 NE 23 14.8 18.9 15:05 10.9 06:04 3.5 0.0 0.0 3.5 28.8 11:22 NE 24 13.8 16.5 14:25 12.5 09:00 4.5 0.0 0.0 2.3 15.8 10:53 W 25 14.2 16.5 14:33 13.1 10:27 4.1 0.0 1.0 3.5 22.0 14:33 NE 26 14.0 17.3 15:06 11.9 21:06 4.7 0.0 0.0 2.4 25.2 08:34 NE 27 14.3 18.2 12:53 10.8 04:03 4.0 0.0 8.8 6.7 31.7 21:33 NNE 28 9.6 14.1 14:18 6.9 05:07 8.7 0.0 2.1 2.3 19.8 12:51 WNW 29 11.3 13.6 13:20 8.1 09:00 7.0 0.0 2.1 3.5 15.1 21:33 NNE 30 8.5 12.1 13:30 5.9 01:58 9.8 0.0 9.8 1.4 22.7 13:34 WSW 31 8.7 11.4 16:00 5.2 04:42 9.6 0.0 0.0 0.4 9.0 12:15 NE ---------------------------------------------------------------------------------- 12.0 20.2 18 4.4 3 197.4 0.4 47.6 2.0 38.9 6 NNE Max >= 27.0: 0 Max <= 0.0: 0 Min <= 0.0: 0 Min <= -18.0: 0 Max Rain: 9.8 on day 30 Days of Rain: 12 (>= 0.2 mm) 9 (>= 2.0 mm) 0 (>= 20.0 mm) Heat Base: 18.3 Cool Base: 18.3 Method: Integration |
Page updated 17/06/2018 4:30:02 PM
powered by
Cumulus
1.9.4 b1099