NOAA Style Reports for North Bayswater weather
Latitude S 37° 49' 25" Longitude E 145° 17' 47" Elevation 114 m
:now::gauges::today::yesterday::highs & lows::records::monthly records::trends::raincharts::NOAA Reports::forum::main pages: |
Select a Year or Month report
Report for 2017 Aug Monthly Climatological Summary for Aug 2017 Name: North Bayswater Weather City: State: Elevation: 114 m Lat: S 37° 49' 25" Lon: E 145° 17' 47" Temperature (°C), Rain (mm), Wind Speed (km/h) Heat Cool Avg Mean Deg Deg Wind Dom Day Temp High Time Low Time Days Days Rain Speed High Time Dir ---------------------------------------------------------------------------------- 1 8.6 14.9 14:08 3.8 04:53 9.7 0.0 0.0 1.0 11.2 13:47 SE 2 7.6 13.1 15:57 3.0 06:26 11.9 0.0 0.0 0.6 9.0 09:48 SSW 3 8.7 10.1 15:54 4.2 09:00 11.0 0.0 5.2 0.3 7.6 13:26 NE 4 9.3 11.1 14:47 8.2 21:49 9.4 0.0 0.5 6.8 30.6 21:25 NNE 5 11.1 13.4 13:16 9.1 09:00 7.5 0.0 0.0 12.7 39.6 22:54 NNE 6 9.1 11.8 15:40 7.3 06:27 9.2 0.0 5.7 4.9 25.2 11:55 NNE 7 7.9 11.0 13:59 5.9 00:21 10.4 0.0 1.6 2.1 25.2 14:14 W 8 11.1 13.6 13:55 8.2 09:00 7.2 0.0 0.0 1.4 9.0 13:20 NNE 9 13.4 16.3 12:48 10.4 09:00 5.1 0.0 0.0 12.4 46.4 02:15 NE 10 14.4 18.1 12:28 10.0 08:03 3.9 0.0 0.0 9.0 42.1 11:57 NNE 11 12.3 15.6 11:58 9.8 06:17 6.0 0.0 5.2 5.3 19.1 15:26 N 12 12.4 15.9 14:15 7.8 07:45 5.9 0.0 2.6 1.6 15.1 13:23 NW 13 14.3 18.1 15:25 10.2 09:00 4.0 0.0 0.0 7.7 28.1 23:40 NE 14 14.6 20.1 15:11 11.6 02:19 4.0 0.2 1.6 6.1 31.3 10:46 NE 15 13.7 18.3 18:26 11.6 07:57 4.8 0.0 0.5 6.0 31.3 11:27 NNE 16 13.1 16.6 15:29 9.9 08:48 5.4 0.0 2.1 7.8 37.4 14:05 NW 17 10.0 14.4 14:09 7.6 00:28 8.3 0.0 2.6 4.2 35.3 16:52 NW 18 8.5 11.5 12:06 6.1 06:44 9.8 0.0 10.4 3.8 32.8 11:40 W 19 6.9 11.4 14:53 3.4 07:26 12.3 0.0 1.5 0.9 15.5 13:03 SSW 20 9.1 13.5 13:26 5.6 09:00 9.2 0.0 0.5 2.0 11.9 12:13 NE 21 8.4 11.5 16:00 4.4 06:12 9.9 0.0 1.5 2.8 16.6 15:25 ENE 22 12.3 17.3 14:33 8.2 02:05 6.0 0.0 0.0 2.2 14.0 11:55 NE 23 11.1 17.4 12:39 6.3 06:02 7.2 0.0 8.8 2.1 32.0 16:06 NNW 24 9.1 13.4 15:24 5.1 04:02 9.2 0.0 0.0 1.4 15.8 14:47 WSW 25 11.9 14.9 14:14 8.5 09:00 7.6 0.0 0.0 1.2 10.4 15:47 WNW 26 11.2 15.2 14:11 7.0 07:22 7.1 0.0 9.8 3.6 20.2 02:11 WNW 27 6.3 10.5 12:11 1.7 05:51 12.0 0.0 0.0 1.6 22.7 09:39 SW 28 8.0 11.1 15:02 5.1 09:00 11.9 0.0 0.0 1.0 8.6 12:10 SW 29 9.7 12.9 15:20 7.2 04:03 8.6 0.0 0.0 1.1 10.8 14:53 NNE 30 7.8 13.5 14:37 2.2 06:24 10.5 0.0 0.5 1.1 13.3 15:09 SW 31 9.2 16.4 15:06 3.4 06:10 9.1 0.0 0.0 1.2 15.1 18:34 SE ---------------------------------------------------------------------------------- 10.4 20.1 14 1.7 27 254.1 0.2 60.6 3.7 46.4 9 NNE Max >= 27.0: 0 Max <= 0.0: 0 Min <= 0.0: 0 Min <= -18.0: 0 Max Rain: 10.4 on day 18 Days of Rain: 17 (>= 0.2 mm) 9 (>= 2.0 mm) 0 (>= 20.0 mm) Heat Base: 18.3 Cool Base: 18.3 Method: Integration |
Page updated 17/06/2018 4:30:02 PM
powered by
Cumulus
1.9.4 b1099