NOAA Style Reports for North Bayswater weather
Latitude S 37° 49' 25" Longitude E 145° 17' 47" Elevation 114 m
:now::gauges::today::yesterday::highs & lows::records::monthly records::trends::raincharts::NOAA Reports::forum::main pages: |
Select a Year or Month report
Report for 2017 Sep Monthly Climatological Summary for Sep 2017 Name: North Bayswater Weather City: State: Elevation: 114 m Lat: S 37° 49' 25" Lon: E 145° 17' 47" Temperature (°C), Rain (mm), Wind Speed (km/h) Heat Cool Avg Mean Deg Deg Wind Dom Day Temp High Time Low Time Days Days Rain Speed High Time Dir ---------------------------------------------------------------------------------- 1 12.3 16.4 15:24 8.1 09:00 6.0 0.0 0.0 5.6 32.8 12:01 NE 2 15.6 18.1 07:32 12.5 09:00 2.8 0.0 0.0 11.4 40.3 22:24 NE 3 12.3 17.1 09:00 8.9 06:25 6.7 0.0 3.6 5.6 32.8 22:29 NNW 4 8.5 13.4 13:53 6.0 05:57 9.8 0.0 0.0 6.4 33.8 09:25 WNW 5 7.9 11.4 14:44 5.6 00:42 10.4 0.0 6.2 4.9 37.8 14:05 WNW 6 10.0 12.9 14:41 7.9 05:37 8.3 0.0 2.1 2.5 28.4 13:07 W 7 10.9 15.2 14:24 7.4 06:51 7.4 0.0 3.6 2.9 24.8 12:45 W 8 9.7 13.9 12:55 7.6 05:44 8.6 0.0 0.5 3.2 27.0 16:03 WSW 9 10.0 14.9 15:33 6.1 05:05 8.3 0.0 0.0 1.0 13.7 12:52 WSW 10 11.7 15.8 16:36 8.9 00:43 6.6 0.0 0.0 4.1 28.4 08:47 ENE 11 14.8 16.2 23:17 12.2 09:00 3.5 0.0 0.5 7.0 37.1 09:41 ENE 12 13.8 16.6 14:55 10.8 06:51 4.5 0.0 4.7 1.4 22.0 12:49 ENE 13 9.8 14.8 12:33 6.1 05:52 8.5 0.0 1.6 5.4 32.4 14:52 W 14 11.8 13.3 13:07 8.1 09:00 6.5 0.0 0.0 4.3 25.2 18:30 W 15 11.6 14.4 14:06 7.5 06:10 6.7 0.0 18.1 2.9 25.6 05:27 WNW 16 9.1 14.3 14:10 3.8 06:37 9.5 0.0 0.0 3.2 27.4 09:19 SW 17 13.6 18.4 14:39 9.5 09:00 4.7 0.0 0.0 10.7 37.8 08:28 NE 18 15.1 21.3 13:53 9.4 06:05 3.9 0.7 0.0 9.8 38.5 09:45 N 19 10.3 14.9 14:26 5.3 06:12 8.0 0.0 0.0 2.7 30.6 11:15 WSW 20 14.5 19.3 15:31 11.3 09:00 3.8 0.1 0.0 7.6 33.1 08:58 NE 21 16.2 22.9 14:05 10.7 06:36 2.9 0.8 0.0 5.3 35.3 11:50 NE 22 20.2 25.8 14:40 14.4 09:00 0.3 2.1 0.0 6.3 22.0 15:23 NE 23 19.6 30.9 13:33 12.5 05:33 2.4 3.7 1.0 6.1 28.1 10:19 NE 24 15.2 19.6 13:09 11.3 06:15 3.2 0.1 2.6 7.3 34.6 16:03 NW 25 10.0 14.9 10:19 -30.0 06:57 8.3 0.0 0.5 2.2 18.7 13:04 W 26 12.5 17.1 15:42 9.3 04:33 5.8 0.0 0.0 1.7 10.1 07:31 ENE 27 15.8 23.8 15:32 9.6 02:02 3.7 1.2 0.0 4.0 33.8 11:20 N 28 13.7 17.8 15:44 10.1 07:03 4.7 0.0 0.0 3.6 35.3 10:08 W 29 14.3 19.3 14:46 10.6 05:45 4.1 0.0 0.0 6.5 33.8 20:28 NW 30 12.7 16.6 12:58 9.3 03:06 5.4 0.0 0.0 3.7 22.0 15:36 WSW ---------------------------------------------------------------------------------- 12.8 30.9 23 -30.0 25 175.3 8.7 45.0 5.0 40.3 2 N Max >= 27.0: 1 Max <= 0.0: 0 Min <= 0.0: 1 Min <= -18.0: 1 Max Rain: 18.1 on day 15 Days of Rain: 12 (>= 0.2 mm) 7 (>= 2.0 mm) 0 (>= 20.0 mm) Heat Base: 18.3 Cool Base: 18.3 Method: Integration |
Page updated 17/06/2018 4:30:02 PM
powered by
Cumulus
1.9.4 b1099