NOAA Style Reports for North Bayswater weather
Latitude S 37° 49' 25" Longitude E 145° 17' 47" Elevation 114 m
:now::gauges::today::yesterday::highs & lows::records::monthly records::trends::raincharts::NOAA Reports::forum::main pages: |
Select a Year or Month report
Report for 2017 Oct Monthly Climatological Summary for Oct 2017 Name: North Bayswater Weather City: State: Elevation: 114 m Lat: S 37° 49' 25" Lon: E 145° 17' 47" Temperature (°C), Rain (mm), Wind Speed (km/h) Heat Cool Avg Mean Deg Deg Wind Dom Day Temp High Time Low Time Days Days Rain Speed High Time Dir ---------------------------------------------------------------------------------- 1 13.5 18.4 15:44 8.4 05:33 4.8 0.0 0.0 1.9 16.9 17:29 W 2 12.3 19.1 16:58 6.6 05:47 6.1 0.0 0.0 1.7 14.4 17:39 SW 3 15.6 24.1 15:21 8.1 06:27 4.1 1.4 0.0 2.1 20.5 14:41 NW 4 20.6 26.5 14:29 11.0 09:00 0.3 2.6 0.0 3.9 16.6 00:01 NE 5 13.9 21.2 12:37 9.4 05:26 4.5 0.2 8.8 6.2 31.3 19:02 WSW 6 11.4 16.6 15:36 5.9 06:38 6.9 0.0 0.0 2.0 31.0 14:08 SW 7 18.4 23.6 15:59 9.8 09:00 1.0 1.1 0.0 6.0 27.7 06:56 ENE 8 19.9 25.7 12:45 14.5 08:27 0.8 2.4 0.0 9.2 39.2 09:28 NE 9 13.6 19.8 14:34 7.3 06:33 4.8 0.1 0.0 3.5 25.9 15:46 WSW 10 15.3 21.4 14:16 9.4 03:28 3.7 0.7 0.0 2.0 15.1 17:13 SSW 11 16.7 23.7 17:17 10.1 06:40 2.8 1.2 9.8 8.3 40.3 11:45 NNE 12 15.7 19.0 14:42 11.9 09:00 2.6 0.0 0.0 4.8 25.2 12:19 WNW 13 13.3 17.1 16:37 9.1 03:04 5.0 0.0 0.0 2.0 13.7 17:09 W 14 13.3 20.5 14:53 6.4 06:23 5.3 0.3 0.0 2.0 19.4 15:47 SW 15 16.6 23.8 15:18 11.8 09:00 3.0 1.2 0.0 2.1 16.9 16:54 SW 16 21.0 29.8 15:51 13.8 09:00 1.2 3.9 0.0 2.4 18.4 13:40 NE 17 22.4 31.1 15:30 13.8 03:49 1.1 5.2 0.0 4.4 31.7 10:14 NE 18 26.0 32.1 15:18 21.8 01:09 0.0 7.7 0.0 9.0 30.6 13:48 NE 19 17.3 25.7 13:57 12.1 03:58 2.9 1.8 4.2 3.2 20.5 09:55 WSW 20 14.1 17.4 16:36 11.6 05:29 4.2 0.0 0.0 4.2 27.0 16:21 SW 21 13.3 16.4 14:46 11.5 04:13 5.0 0.0 1.0 2.5 14.4 18:35 SW 22 14.3 18.4 16:32 12.2 09:00 4.0 0.0 0.5 2.2 17.3 16:34 WSW 23 15.7 22.3 15:53 11.3 06:20 3.2 0.6 0.0 1.6 21.6 18:44 SW 24 18.1 25.1 14:11 14.2 06:34 1.7 1.5 7.8 1.5 15.5 16:52 WSW 25 15.5 20.5 14:45 12.4 03:25 3.0 0.2 0.5 2.3 15.1 19:08 SW 26 14.4 18.3 15:52 10.3 03:05 3.9 0.0 0.0 2.5 23.8 13:42 SSW 27 22.5 28.3 16:28 15.5 09:00 0.2 4.4 1.6 7.3 36.0 14:34 NE 28 17.7 23.3 14:29 11.9 06:11 1.8 1.2 0.0 2.9 16.2 08:28 SSW 29 19.7 28.4 15:40 10.1 06:35 2.6 4.0 4.2 9.3 40.3 20:29 NNE 30 11.9 17.9 11:18 6.9 06:07 6.4 0.0 5.7 1.9 35.3 16:05 WNW 31 14.0 18.4 15:26 10.6 09:00 4.3 0.0 2.6 2.0 24.1 17:09 WSW ---------------------------------------------------------------------------------- 16.4 32.1 18 5.9 6 101.2 41.7 46.7 3.8 40.3 11 NNW Max >= 27.0: 5 Max <= 0.0: 0 Min <= 0.0: 0 Min <= -18.0: 0 Max Rain: 9.8 on day 11 Days of Rain: 11 (>= 0.2 mm) 7 (>= 2.0 mm) 0 (>= 20.0 mm) Heat Base: 18.3 Cool Base: 18.3 Method: Integration |
Page updated 17/06/2018 4:30:02 PM
powered by
Cumulus
1.9.4 b1099