NOAA Style Reports for North Bayswater weather
Latitude S 37° 49' 25" Longitude E 145° 17' 47" Elevation 114 m
:now::gauges::today::yesterday::highs & lows::records::monthly records::trends::raincharts::NOAA Reports::forum::main pages: |
Select a Year or Month report
Report for 2017 Nov Monthly Climatological Summary for Nov 2017 Name: North Bayswater Weather City: State: Elevation: 114 m Lat: S 37° 49' 25" Lon: E 145° 17' 47" Temperature (°C), Rain (mm), Wind Speed (km/h) Heat Cool Avg Mean Deg Deg Wind Dom Day Temp High Time Low Time Days Days Rain Speed High Time Dir ---------------------------------------------------------------------------------- 1 14.8 18.9 15:51 12.1 08:16 3.5 0.0 3.1 1.8 17.3 15:53 SW 2 14.0 19.1 16:03 10.2 06:26 4.3 0.0 1.0 1.6 14.8 17:24 SW 3 11.6 16.9 15:24 7.5 05:21 6.7 0.0 2.1 3.5 31.7 12:13 WSW 4 11.9 17.6 14:42 5.8 05:47 6.4 0.0 0.0 2.6 18.4 18:16 SW 5 14.0 20.4 13:54 8.9 04:06 4.6 0.3 0.0 3.1 23.4 19:19 SSW 6 13.8 19.9 12:45 11.2 02:55 4.5 0.0 1.0 3.7 26.6 13:42 SW 7 13.4 16.3 11:37 10.3 06:11 4.9 0.0 0.0 2.7 22.0 09:50 SW 8 15.2 21.9 14:26 7.6 06:10 3.9 0.8 0.0 2.4 21.6 14:58 SW 9 18.3 26.3 16:24 11.4 04:45 2.2 2.3 0.0 2.2 9.7 14:52 SSW 10 21.2 29.1 14:55 14.9 05:54 0.8 3.7 0.0 1.2 11.2 17:49 S 11 22.4 30.7 15:17 14.4 04:23 1.0 5.0 0.0 2.1 19.8 16:26 SSW 12 20.7 29.4 17:14 12.6 06:11 1.4 3.9 0.0 1.3 14.4 19:35 SSW 13 25.6 33.5 15:40 18.5 03:31 0.0 7.3 0.0 3.6 21.6 14:34 ENE 14 28.0 35.1 16:00 22.7 04:14 0.0 9.7 0.0 8.2 36.0 08:57 ENE 15 23.9 33.6 14:09 18.5 05:45 0.0 5.6 1.5 4.8 37.8 11:46 NE 16 18.7 21.7 16:23 14.6 06:12 0.8 1.2 3.1 1.1 15.5 11:57 ENE 17 21.3 27.7 16:20 15.6 06:23 0.4 3.4 4.1 2.4 15.8 10:05 NE 18 21.4 31.4 15:19 14.9 05:51 0.8 3.9 1.0 2.9 39.6 16:23 ENE 19 23.4 31.1 14:29 17.1 06:03 0.1 5.2 0.0 3.0 20.2 19:08 E 20 25.5 32.9 14:50 17.8 05:53 0.0 7.3 0.0 3.7 17.3 22:15 E 21 26.7 34.6 15:59 17.8 05:56 0.0 8.4 0.0 3.6 23.0 08:55 ENE 22 25.4 34.8 14:40 15.1 05:56 0.4 7.6 0.0 3.3 23.0 18:22 E 23 26.5 35.8 14:10 18.8 06:24 0.0 8.2 1.5 4.5 19.4 10:09 NE 24 24.9 33.1 17:06 19.9 06:27 0.0 6.6 3.1 3.7 22.3 10:56 ENE 25 25.7 34.2 16:22 20.3 07:58 0.0 7.4 0.5 3.6 32.0 18:39 ENE 26 22.2 28.7 18:49 17.7 05:53 0.1 3.9 0.5 2.6 18.7 04:55 WSW 27 19.6 26.1 15:37 13.5 06:21 1.2 2.4 0.0 2.9 19.4 18:26 SSW 28 25.4 33.6 15:38 18.6 05:48 0.0 7.1 0.0 2.5 19.4 08:41 SSE 29 30.1 37.3 14:49 24.1 04:57 0.0 11.8 0.0 6.4 27.7 08:50 ENE 30 29.1 37.0 14:51 22.4 07:58 0.0 10.8 0.5 6.5 39.6 09:31 NE ---------------------------------------------------------------------------------- 21.2 37.3 29 5.8 4 48.0 133.8 23.0 3.3 39.6 18 E Max >= 27.0: 19 Max <= 0.0: 0 Min <= 0.0: 0 Min <= -18.0: 0 Max Rain: 4.1 on day 17 Days of Rain: 13 (>= 0.2 mm) 5 (>= 2.0 mm) 0 (>= 20.0 mm) Heat Base: 18.3 Cool Base: 18.3 Method: Integration |
Page updated 17/06/2018 4:30:02 PM
powered by
Cumulus
1.9.4 b1099