NOAA Style Reports for North Bayswater weather
Latitude S 37° 49' 25" Longitude E 145° 17' 47" Elevation 114 m
:now::gauges::today::yesterday::highs & lows::records::monthly records::trends::raincharts::NOAA Reports::forum::main pages: |
Select a Year or Month report
Report for 2018 Feb Monthly Climatological Summary for Feb 2018 Name: North Bayswater Weather City: State: Elevation: 114 m Lat: S 37° 49' 25" Lon: E 145° 17' 47" Temperature (°C), Rain (mm), Wind Speed (km/h) Heat Cool Avg Mean Deg Deg Wind Dom Day Temp High Time Low Time Days Days Rain Speed High Time Dir ---------------------------------------------------------------------------------- 1 18.5 25.5 16:11 12.4 06:25 1.9 2.1 0.0 3.6 28.8 15:52 SSW 2 20.4 26.8 14:42 14.3 07:02 0.9 3.0 0.0 3.2 30.6 18:18 SSW 3 21.6 29.9 15:06 12.9 06:35 1.1 4.4 0.0 2.6 30.2 20:59 SSE 4 22.5 30.4 16:28 15.9 03:34 0.4 4.6 0.0 2.1 16.6 17:13 WSW 5 22.3 30.3 16:27 17.1 06:03 0.2 4.1 0.0 1.7 11.5 15:25 WSW 6 25.0 33.8 16:24 17.9 06:44 0.0 6.7 0.0 2.0 21.6 18:32 SSW 7 29.2 37.8 16:54 21.3 06:10 0.0 10.9 0.0 3.9 26.6 12:18 NE 8 24.8 30.9 14:01 20.6 04:50 0.0 6.5 0.0 2.7 16.9 17:33 WSW 9 23.2 29.7 17:08 18.7 04:34 0.0 4.9 0.0 2.6 16.6 11:41 W 10 23.0 29.2 10:18 16.8 07:13 0.2 4.9 0.5 4.9 28.1 01:50 NNE 11 19.1 23.6 17:02 15.8 08:57 0.7 1.5 0.0 2.6 19.4 14:19 SW 12 18.1 24.2 17:07 12.3 06:40 1.7 1.6 0.0 2.2 24.1 17:09 SW 13 24.0 29.6 16:21 15.4 09:00 0.1 5.8 0.0 5.0 31.3 08:58 NE 14 17.8 24.1 14:56 11.4 06:06 2.2 1.7 0.0 6.1 37.4 09:53 W 15 20.1 24.7 14:23 14.9 09:00 0.5 2.2 0.0 4.0 18.0 01:58 W 16 17.7 24.6 16:29 11.3 06:29 2.6 2.0 0.0 2.6 9.7 13:29 SW 17 20.4 29.2 14:22 12.8 07:15 1.5 3.6 0.0 2.2 22.7 18:39 W 18 21.6 29.8 14:35 16.6 09:00 0.2 3.5 0.5 3.4 20.2 17:12 WSW 19 20.4 27.6 14:58 14.4 06:40 0.9 3.0 0.0 6.5 36.0 15:38 SSE 20 22.3 31.1 16:14 15.5 06:07 0.6 4.6 0.0 2.2 14.0 18:03 SSE 21 24.4 30.9 16:08 19.9 05:25 0.0 6.1 0.0 3.0 22.7 11:34 NE 22 26.1 32.9 15:43 21.4 06:34 0.0 7.8 0.0 2.4 15.8 16:39 NNE 23 27.9 33.1 16:50 22.2 09:00 0.0 9.6 0.0 9.8 33.8 17:35 ENE 24 20.4 30.8 12:25 15.5 07:50 0.8 2.9 0.0 5.0 22.7 15:55 WSW 25 17.4 21.9 17:17 14.5 07:47 1.5 0.6 0.0 4.1 26.3 11:56 SW 26 21.1 29.2 15:55 14.3 05:18 1.1 3.8 0.0 2.3 18.7 08:50 ESE 27 25.2 32.1 16:32 19.4 09:00 0.0 6.9 0.0 6.4 38.5 08:05 ENE 28 22.7 32.9 13:51 16.1 08:33 0.5 4.9 3.6 7.4 38.2 17:53 WNW ---------------------------------------------------------------------------------- 22.0 37.8 7 11.3 16 19.6 124.2 4.6 3.8 38.5 27 SW Max >= 27.0: 20 Max <= 0.0: 0 Min <= 0.0: 0 Min <= -18.0: 0 Max Rain: 3.6 on day 28 Days of Rain: 3 (>= 0.2 mm) 1 (>= 2.0 mm) 0 (>= 20.0 mm) Heat Base: 18.3 Cool Base: 18.3 Method: Integration |
Page updated 17/06/2018 4:30:02 PM
powered by
Cumulus
1.9.4 b1099