NOAA Style Reports for North Bayswater weather
Latitude S 37° 49' 25" Longitude E 145° 17' 47" Elevation 114 m
:now::gauges::today::yesterday::highs & lows::records::monthly records::trends::raincharts::NOAA Reports::forum::main pages: |
Select a Year or Month report
Report for 2018 May Monthly Climatological Summary for May 2018 Name: North Bayswater Weather City: State: Elevation: 114 m Lat: S 37° 49' 25" Lon: E 145° 17' 47" Temperature (°C), Rain (mm), Wind Speed (km/h) Heat Cool Avg Mean Deg Deg Wind Dom Day Temp High Time Low Time Days Days Rain Speed High Time Dir ---------------------------------------------------------------------------------- 1 16.1 22.9 14:27 8.8 09:00 3.0 0.8 0.0 3.6 17.6 04:31 ENE 2 18.2 22.4 13:41 15.2 02:51 1.2 1.1 0.0 6.9 29.2 07:08 ENE 3 18.3 25.0 13:46 11.8 08:48 2.0 2.0 7.8 7.0 37.1 20:37 NNE 4 12.6 15.5 13:41 11.5 23:51 5.9 0.0 1.5 3.7 32.8 13:41 NNW 5 12.6 19.2 13:06 7.9 06:55 6.1 0.0 1.6 1.3 42.1 02:04 NE 6 15.1 20.5 14:46 11.0 09:00 4.0 0.5 0.0 3.6 24.1 08:40 NE 7 16.1 19.3 11:21 13.5 09:00 2.3 0.1 1.6 5.3 39.6 10:52 NE 8 12.2 17.6 15:11 7.1 04:34 6.3 0.0 0.0 0.7 8.6 06:57 ENE 9 13.1 16.8 14:42 7.6 07:48 5.8 0.0 9.3 4.8 65.9 13:48 NNE 10 9.1 12.2 13:39 7.6 02:13 9.2 0.0 19.2 3.0 26.3 13:09 NW 11 11.3 12.5 19:15 8.4 09:00 7.0 0.0 6.7 3.3 24.5 16:30 WSW 12 13.3 15.6 15:03 10.5 09:00 5.0 0.0 0.0 2.9 29.2 11:53 SW 13 11.9 17.1 14:07 7.5 02:49 6.7 0.0 0.0 1.1 11.2 10:05 SW 14 10.8 14.5 15:06 8.8 22:01 7.5 0.0 0.5 0.7 8.6 12:53 ENE 15 9.6 13.1 10:53 6.5 06:31 8.7 0.0 1.6 0.8 15.1 12:48 SW 16 11.2 14.0 12:24 8.5 09:00 7.1 0.0 0.0 1.3 20.5 14:37 SW 17 12.5 15.1 13:27 10.5 09:00 5.8 0.0 2.6 1.7 11.9 10:49 NW 18 12.4 15.9 14:27 9.9 02:01 5.9 0.0 1.6 1.4 18.7 17:37 W 19 12.0 14.1 14:35 10.8 09:00 6.5 0.0 0.5 1.0 13.0 14:37 NW 20 12.7 13.9 13:54 11.6 09:00 5.6 0.0 5.7 1.0 14.8 12:37 WNW 21 13.2 15.0 13:02 11.8 09:00 5.1 0.0 1.0 3.5 20.5 13:19 W 22 13.4 15.0 14:35 11.9 06:41 4.9 0.0 1.6 2.4 33.1 13:50 W 23 13.2 15.8 12:36 12.1 03:15 5.1 0.0 0.5 1.3 14.4 13:09 W 24 12.4 15.3 12:38 9.5 08:06 5.9 0.0 0.0 0.5 7.2 17:10 SSW 25 9.8 15.8 14:31 4.5 06:42 8.5 0.0 0.0 0.6 7.2 14:08 NE 26 13.1 18.8 14:24 6.2 09:00 5.4 0.0 0.0 4.3 19.4 13:58 ENE 27 15.9 19.3 11:19 13.5 09:00 2.5 0.1 0.0 6.8 28.4 14:22 ENE 28 16.0 18.6 15:38 13.1 06:58 2.4 0.0 2.1 9.4 40.0 01:52 ENE 29 10.9 16.9 13:19 5.5 07:02 7.4 0.0 0.0 2.7 34.2 15:28 NW 30 10.6 14.3 13:34 7.3 09:00 7.7 0.0 5.2 2.1 18.7 13:28 N 31 8.1 14.4 14:10 2.9 06:06 10.2 0.0 0.0 1.4 20.2 11:15 SSW ---------------------------------------------------------------------------------- 12.8 25.0 3 2.9 31 176.7 4.6 70.6 2.9 65.9 9 NNE Max >= 27.0: 0 Max <= 0.0: 0 Min <= 0.0: 0 Min <= -18.0: 0 Max Rain: 19.2 on day 10 Days of Rain: 18 (>= 0.2 mm) 8 (>= 2.0 mm) 0 (>= 20.0 mm) Heat Base: 18.3 Cool Base: 18.3 Method: Integration |
Page updated 17/06/2018 4:30:02 PM
powered by
Cumulus
1.9.4 b1099