NOAA Style Reports for North Bayswater weather
Latitude S 37° 49' 25" Longitude E 145° 17' 47" Elevation 114 m
:now::gauges::today::yesterday::highs & lows::records::monthly records::trends::raincharts::NOAA Reports::forum::main pages: |
Select a Year or Month report
Report for 2018 Jun Monthly Climatological Summary for Jun 2018 Name: North Bayswater Weather City: State: Elevation: 114 m Lat: S 37° 49' 25" Lon: E 145° 17' 47" Temperature (°C), Rain (mm), Wind Speed (km/h) Heat Cool Avg Mean Deg Deg Wind Dom Day Temp High Time Low Time Days Days Rain Speed High Time Dir ---------------------------------------------------------------------------------- 1 7.6 14.1 14:42 2.1 07:43 11.2 0.0 0.0 0.8 11.2 14:37 SW 2 9.3 14.8 14:00 2.9 09:00 10.3 0.0 0.0 1.0 17.6 16:04 SE 3 8.2 11.9 18:44 5.4 09:00 10.1 0.0 0.0 0.6 8.3 10:32 NE 4 9.8 14.6 13:52 6.2 09:00 8.5 0.0 0.0 0.7 10.1 15:35 SW 5 9.2 16.1 14:30 3.4 06:45 9.1 0.0 0.0 0.9 14.4 14:56 S 6 12.4 17.4 14:36 5.5 09:00 6.1 0.0 0.0 4.4 31.7 05:13 ENE 7 14.9 16.6 10:30 11.6 08:58 3.4 0.0 1.0 11.1 40.0 09:51 NE 8 10.9 11.9 12:45 9.1 01:04 7.4 0.0 9.3 2.1 22.7 09:37 ENE 9 9.3 14.9 14:23 4.7 07:38 9.0 0.0 0.0 0.1 5.0 11:27 W 10 8.5 14.9 14:55 4.9 04:18 9.8 0.0 0.0 0.1 4.0 11:33 ENE 11 12.3 15.8 13:57 6.9 09:00 6.0 0.0 2.1 10.4 37.1 13:22 ENE 12 11.9 15.1 13:57 9.2 05:33 6.4 0.0 0.5 4.0 24.8 11:20 NNE 13 10.0 13.1 14:07 7.1 03:43 8.3 0.0 5.7 4.8 29.2 17:54 NE 14 10.8 13.0 13:16 8.5 00:56 7.5 0.0 1.0 9.4 40.0 20:01 NE 15 8.4 11.5 10:50 5.0 03:43 9.9 0.0 2.1 3.1 35.3 20:22 NNW 16 8.7 10.9 13:47 7.1 01:56 9.6 0.0 16.6 3.1 22.7 10:22 NW 17 10.5 12.2 12:09 8.9 01:56 10.2 0.0 4.1 1.8 20.5 13:28 WSW 18 7.7 12.9 14:39 2.7 05:32 11.5 0.0 0.0 1.4 18.7 10:24 SW 19 6.9 12.8 14:17 4.1 09:00 11.4 0.0 0.0 0.8 9.7 10:19 NE 20 8.2 13.9 14:31 3.2 05:52 10.4 0.0 0.0 3.3 23.0 13:42 ENE 21 8.3 13.9 13:42 4.1 09:56 10.7 0.0 0.0 1.1 13.7 13:49 N 22 8.2 13.4 14:10 3.3 05:48 10.1 0.0 0.0 1.8 20.2 15:05 ENE 23 9.1 10.6 14:37 6.8 09:00 9.2 0.0 2.1 0.7 9.4 11:11 ENE 24 9.8 12.1 13:39 8.3 06:02 8.5 0.0 0.0 0.4 11.5 15:19 WSW 25 9.1 11.6 13:47 6.1 06:41 9.2 0.0 0.0 0.2 5.0 13:07 NE 26 7.6 13.1 15:38 3.5 05:25 10.7 0.0 0.0 0.3 7.6 11:23 NE 27 7.5 13.4 14:27 4.3 06:37 10.8 0.0 0.0 0.5 7.9 09:57 NE 28 7.7 10.3 14:41 4.6 09:00 10.6 0.0 0.0 1.3 11.2 03:11 ENE 29 10.1 12.6 12:19 8.2 08:27 8.2 0.0 2.1 7.6 26.6 21:36 NE 30 7.0 12.1 14:59 2.1 07:18 11.3 0.0 4.1 1.4 28.1 13:29 W ---------------------------------------------------------------------------------- 9.3 17.4 6 2.1 1 275.4 0.0 50.7 2.6 40.0 7 NE Max >= 27.0: 0 Max <= 0.0: 0 Min <= 0.0: 0 Min <= -18.0: 0 Max Rain: 16.6 on day 16 Days of Rain: 12 (>= 0.2 mm) 9 (>= 2.0 mm) 0 (>= 20.0 mm) Heat Base: 18.3 Cool Base: 18.3 Method: Integration |
Page updated 17/06/2018 4:30:02 PM
powered by
Cumulus
1.9.4 b1099