NOAA Style Reports for North Bayswater weather
Latitude S 37° 49' 25" Longitude E 145° 17' 47" Elevation 114 m
:now::gauges::today::yesterday::highs & lows::records::monthly records::trends::raincharts::NOAA Reports::forum::main pages: |
Select a Year or Month report
Report for 2018 Aug Monthly Climatological Summary for Aug 2018 Name: North Bayswater Weather City: State: Elevation: 114 m Lat: S 37° 49' 25" Lon: E 145° 17' 47" Temperature (°C), Rain (mm), Wind Speed (km/h) Heat Cool Avg Mean Deg Deg Wind Dom Day Temp High Time Low Time Days Days Rain Speed High Time Dir ---------------------------------------------------------------------------------- 1 9.2 15.4 14:08 5.4 04:51 9.5 0.0 0.0 1.6 15.1 08:48 NNE 2 12.3 14.9 14:31 7.7 09:00 6.0 0.0 0.0 12.2 37.8 02:46 ENE 3 11.9 18.7 12:51 7.6 07:17 6.4 0.0 2.6 6.3 34.6 13:40 NE 4 12.5 14.1 12:23 8.4 09:00 5.8 0.0 0.0 11.1 31.3 11:57 NE 5 13.2 17.2 14:28 8.9 08:00 5.1 0.0 0.5 13.2 41.4 16:30 NE 6 9.2 12.6 14:26 6.7 06:35 9.1 0.0 0.0 7.4 37.4 15:24 NNE 7 10.4 13.3 15:02 7.8 09:00 7.9 0.0 4.1 7.3 31.0 03:39 NNE 8 9.0 15.1 13:52 3.9 06:30 9.3 0.0 4.2 2.6 31.3 11:30 N 9 10.9 12.9 15:00 6.8 09:00 7.4 0.0 0.0 11.3 41.4 07:44 NE 10 15.0 18.6 13:53 8.9 08:43 3.4 0.0 6.2 10.8 42.1 09:19 NE 11 8.0 11.8 13:11 4.3 06:53 10.3 0.0 5.2 2.0 16.6 22:25 NNW 12 10.6 12.9 13:16 6.2 09:00 7.7 0.0 0.5 3.3 24.8 13:03 WNW 13 11.2 14.0 13:37 9.1 22:22 7.1 0.0 1.0 2.4 15.1 14:26 WNW 14 13.4 16.4 13:35 10.8 09:00 5.1 0.0 0.0 14.2 40.7 11:52 NE 15 11.1 17.4 13:57 7.3 06:03 7.2 0.0 0.5 3.9 36.4 13:38 WNW 16 9.6 13.4 12:03 6.9 21:43 8.7 0.0 0.0 2.2 22.0 10:16 WNW 17 11.3 15.3 13:51 8.8 06:30 7.0 0.0 3.6 6.7 40.3 15:17 NE 18 8.2 13.9 12:53 5.4 08:30 10.1 0.0 12.9 5.9 36.7 13:36 WNW 19 7.3 10.9 13:17 5.8 09:04 11.0 0.0 11.9 3.0 27.7 13:47 WSW 20 8.8 11.5 13:35 6.9 09:00 9.5 0.0 3.1 1.2 13.0 15:03 NNW 21 9.9 11.9 12:51 8.4 09:00 8.4 0.0 1.0 1.9 18.0 11:00 W 22 8.7 13.6 14:55 3.9 06:44 9.6 0.0 1.0 0.2 6.1 14:29 NE 23 9.3 16.0 12:44 3.8 05:39 9.0 0.0 0.0 1.5 14.0 09:07 ENE 24 9.2 16.6 14:26 2.9 07:01 9.1 0.0 0.0 0.8 11.2 12:06 W 25 9.5 16.9 14:46 4.4 02:22 8.8 0.0 0.0 0.6 10.8 15:57 N 26 9.5 14.8 13:32 3.4 06:10 8.8 0.0 1.6 1.3 16.6 14:11 WSW 27 7.2 13.3 13:31 1.2 06:39 11.1 0.0 0.0 1.7 18.4 12:46 S 28 6.5 12.8 13:15 -0.2 06:27 11.8 0.0 0.0 1.0 11.9 20:43 SSE 29 8.6 14.5 14:55 3.3 09:00 9.7 0.0 0.0 2.0 14.4 08:03 ENE 30 11.6 14.3 03:28 9.6 15:39 6.7 0.0 0.5 8.8 40.3 03:30 ENE 31 10.8 12.3 13:59 9.2 02:55 7.5 0.0 5.2 3.2 22.0 12:27 NE ---------------------------------------------------------------------------------- 10.1 18.7 3 -0.2 28 254.1 0.0 65.6 4.9 42.1 10 NE Max >= 27.0: 0 Max <= 0.0: 0 Min <= 0.0: 1 Min <= -18.0: 0 Max Rain: 12.9 on day 18 Days of Rain: 18 (>= 0.2 mm) 10 (>= 2.0 mm) 0 (>= 20.0 mm) Heat Base: 18.3 Cool Base: 18.3 Method: Integration |
Page updated 17/06/2018 4:30:02 PM
powered by
Cumulus
1.9.4 b1099