NOAA Style Reports for North Bayswater weather
Latitude S 37° 49' 25" Longitude E 145° 17' 47" Elevation 114 m
:now::gauges::today::yesterday::highs & lows::records::monthly records::trends::raincharts::NOAA Reports::forum::main pages: |
Select a Year or Month report
Report for 2018 Sep Monthly Climatological Summary for Sep 2018 Name: North Bayswater Weather City: State: Elevation: 114 m Lat: S 37° 49' 25" Lon: E 145° 17' 47" Temperature (°C), Rain (mm), Wind Speed (km/h) Heat Cool Avg Mean Deg Deg Wind Dom Day Temp High Time Low Time Days Days Rain Speed High Time Dir ---------------------------------------------------------------------------------- 1 8.7 13.9 12:06 4.7 04:44 9.6 0.0 1.0 2.1 19.8 11:06 WSW 2 7.8 12.6 14:52 2.3 06:54 10.5 0.0 0.0 1.4 19.1 12:55 SSW 3 8.8 15.4 14:13 3.2 05:53 9.5 0.0 0.0 1.2 12.2 11:20 S 4 12.3 19.3 13:57 7.3 00:59 6.1 0.1 0.0 1.8 15.5 08:48 NE 5 15.4 19.9 13:28 12.7 01:02 3.2 0.1 0.0 9.1 26.6 08:55 ENE 6 13.2 19.5 12:01 8.6 06:01 5.2 0.0 3.6 6.4 36.0 12:14 ENE 7 9.1 15.2 16:03 3.6 06:20 9.2 0.0 0.0 0.9 9.0 14:52 WSW 8 12.9 17.1 13:56 7.9 09:00 5.4 0.0 0.0 2.9 13.3 16:55 NNE 9 13.3 16.5 12:44 10.5 22:57 5.0 0.0 0.0 2.5 30.2 12:18 W 10 12.4 17.1 15:22 8.3 04:20 5.9 0.0 0.0 1.9 22.7 08:48 ENE 11 17.6 23.2 14:45 11.1 06:40 1.9 1.3 0.0 9.1 35.3 14:07 NE 12 12.0 18.6 13:57 5.5 06:26 6.3 0.0 0.0 1.9 16.2 14:01 NNW 13 14.4 20.1 14:15 10.3 04:36 4.1 0.2 0.0 5.8 27.0 07:21 NE 14 18.2 22.3 14:38 13.9 08:59 1.0 0.9 0.0 11.7 37.8 09:55 NE 15 7.4 13.9 09:00 4.3 00:59 10.9 0.0 6.2 4.5 68.8 18:24 W 16 9.2 14.0 14:20 4.2 05:02 9.8 0.0 0.0 2.1 17.3 16:22 NNW 17 13.7 18.4 15:01 10.9 05:58 4.9 0.0 0.0 10.1 32.8 08:11 NE 18 13.5 19.4 13:50 7.9 06:52 5.1 0.1 0.0 5.9 116.0 05:44 NNE 19 8.7 15.4 15:06 2.4 06:04 9.6 0.0 0.0 2.8 31.0 15:41 W 20 12.6 16.8 15:10 7.0 00:28 4.1 0.0 0.0 1.6 19.1 12:18 W 21 11.9 18.9 15:56 5.4 06:27 5.9 0.0 0.0 0.9 16.2 12:52 NW 22 13.9 20.4 12:59 9.9 03:12 4.6 0.2 0.5 2.3 19.1 15:49 WSW 23 9.8 14.7 13:16 3.3 06:06 7.2 0.0 0.0 2.2 22.0 12:49 SSW 24 10.9 17.5 14:07 5.8 06:15 6.5 0.0 0.0 1.7 18.0 16:34 SW 25 9.8 15.3 14:34 2.9 06:20 9.8 0.0 0.0 1.7 13.7 11:19 WSW 26 13.5 19.8 14:58 8.7 02:09 5.1 0.2 0.0 3.5 32.8 05:34 ENE 27 16.5 24.6 14:51 10.3 06:10 3.3 1.5 0.0 5.4 39.6 09:55 NE 28 9.4 15.6 13:20 5.4 05:34 8.9 0.0 2.6 1.2 18.0 19:11 W 29 9.9 14.8 14:45 6.2 06:01 8.4 0.0 0.0 1.6 20.5 14:06 WSW 30 10.5 16.8 14:37 3.9 05:17 7.8 0.0 0.0 1.1 10.8 15:50 W ---------------------------------------------------------------------------------- 11.9 24.6 27 2.3 2 194.8 4.6 13.9 3.6 116.0 18 NE Max >= 27.0: 0 Max <= 0.0: 0 Min <= 0.0: 0 Min <= -18.0: 0 Max Rain: 6.2 on day 15 Days of Rain: 5 (>= 0.2 mm) 3 (>= 2.0 mm) 0 (>= 20.0 mm) Heat Base: 18.3 Cool Base: 18.3 Method: Integration |
Page updated 17/06/2018 4:30:02 PM
powered by
Cumulus
1.9.4 b1099