NOAA Style Reports for North Bayswater weather
Latitude S 37° 49' 25" Longitude E 145° 17' 47" Elevation 114 m
:now::gauges::today::yesterday::highs & lows::records::monthly records::trends::raincharts::NOAA Reports::forum::main pages: |
Select a Year or Month report
Report for 2019 May Monthly Climatological Summary for May 2019 Name: North Bayswater Weather City: Bayswater State: Victoria Elevation: 114 m Lat: S 37° 49' 25" Lon: E 145° 17' 47" Temperature (°C), Rain (mm), Wind Speed (km/h) Heat Cool Avg Mean Deg Deg Wind Dom Day Temp High Time Low Time Days Days Rain Speed High Time Dir ---------------------------------------------------------------------------------- 1 19.2 21.0 15:04 16.7 08:18 0.1 1.0 4.7 8.3 36.0 01:03 NE 2 15.8 21.2 15:00 11.0 07:04 2.8 0.4 3.6 2.5 31.7 15:05 NE 3 15.3 20.2 14:08 11.9 08:12 3.2 0.2 1.6 2.7 22.7 12:34 N 4 12.5 14.6 14:50 10.8 06:58 5.8 0.0 4.7 2.2 110.0 17:57 W 5 12.1 15.9 14:49 8.4 06:08 6.1 0.0 0.0 0.3 7.6 15:28 WSW 6 11.1 16.3 11:51 7.1 00:29 7.2 0.0 0.0 0.6 13.7 08:25 ENE 7 13.2 17.7 14:33 9.6 09:00 5.1 0.0 5.7 5.8 34.6 20:22 NE 8 11.9 15.8 14:01 8.2 00:33 6.4 0.0 0.0 3.8 29.2 06:27 NNE 9 13.2 15.3 13:01 11.1 05:30 5.1 0.0 2.1 6.5 40.3 13:03 NE 10 11.2 14.5 12:26 9.6 07:01 7.1 0.0 11.4 1.5 15.8 20:59 SW 11 12.6 14.2 15:38 10.4 09:00 5.7 0.0 0.5 0.6 8.3 11:44 NW 12 14.0 16.4 15:07 12.5 05:11 4.3 0.0 0.0 1.3 11.9 13:43 NNE 13 13.3 17.6 12:51 10.1 22:49 5.0 0.0 0.0 3.4 22.0 14:43 NNE 14 14.4 19.3 14:00 10.9 04:10 4.0 0.0 0.0 1.0 10.8 13:45 NW 15 11.9 15.9 14:16 8.8 07:33 6.4 0.0 0.0 0.6 34.9 19:47 NNW 16 10.4 16.8 14:39 5.6 05:46 7.9 0.0 0.0 0.4 7.9 09:40 NE 17 10.5 18.2 14:28 5.2 05:04 7.8 0.0 0.0 0.8 12.2 10:41 NE 18 12.2 19.8 14:29 7.3 09:00 6.5 0.2 0.0 1.1 11.9 13:42 ENE 19 15.1 19.9 12:57 10.0 09:00 3.4 0.1 0.0 5.2 27.4 06:58 ENE 20 13.1 18.9 14:28 8.1 06:15 5.2 0.0 0.0 4.4 37.1 11:28 ENE 21 13.3 18.7 14:06 8.4 06:31 5.0 0.0 0.0 2.3 13.7 14:32 NE 22 13.9 20.3 14:42 9.2 05:20 4.6 0.3 0.0 1.9 9.7 12:10 NE 23 16.4 20.3 13:26 11.1 09:00 2.1 0.3 0.0 8.8 29.2 00:00 ENE 24 15.7 18.2 19:12 13.2 06:12 2.6 0.0 3.1 5.0 27.4 19:44 NE 25 13.5 19.6 13:27 7.8 07:47 4.9 0.1 10.9 3.0 27.0 14:01 NNW 26 10.3 14.1 13:32 6.6 05:32 8.0 0.0 8.3 4.4 28.1 04:11 NNE 27 9.3 13.0 15:06 6.9 09:00 9.0 0.0 1.0 4.9 38.5 13:42 NW 28 10.4 13.3 15:45 7.9 08:02 7.9 0.0 3.6 4.8 21.6 11:30 NNW 29 7.6 10.4 12:39 6.4 19:43 10.7 0.0 9.8 3.6 41.8 13:04 WNW 30 10.2 11.6 07:21 7.5 09:00 8.1 0.0 5.7 1.6 20.2 13:15 W 31 11.6 13.4 12:55 11.0 07:06 6.7 0.0 3.6 1.1 19.1 10:40 WSW ---------------------------------------------------------------------------------- 12.7 21.2 2 5.2 17 174.7 2.6 80.3 3.0 110.0 4 NNE Max >= 40.0: 0 Max <= 18.0: 18 Min <= 18.0: 31 Min <= 10.0: 19 Max Rain: 11.4 on day 10 Days of Rain: 16 (>= 0.2 mm) 13 (>= 2.0 mm) 0 (>= 20.0 mm) Heat Base: 18.3 Cool Base: 18.3 Method: Integration |
Page updated 17/06/2018 4:30:02 PM
powered by
Cumulus
1.9.4 b1099