NOAA Style Reports for North Bayswater weather
Latitude S 37° 49' 25" Longitude E 145° 17' 47" Elevation 114 m
:now::gauges::today::yesterday::highs & lows::records::monthly records::trends::raincharts::NOAA Reports::forum::main pages: |
Select a Year or Month report
Report for 2013 May Monthly Climatological Summary for May 2013 Name: North Bayswater Weather City: State: Elevation: 114 m Lat: S 37° 49' 25" Lon: E 145° 17' 47" Temperature (°C), Rain (mm), Wind Speed (km/h) Heat Cool Avg Mean Deg Deg Wind Dom Day Temp High Time Low Time Days Days Rain Speed High Time Dir ---------------------------------------------------------------------------------- 1 10.2 14.5 14:27 5.6 04:57 8.1 0.0 2.6 2.1 29.5 16:21 SW 2 12.0 17.2 15:22 7.8 01:07 6.3 0.0 0.0 1.1 34.6 06:18 NE 3 15.7 20.4 13:35 10.4 07:00 2.8 0.2 3.1 10.5 39.2 09:50 NNE 4 12.1 14.6 13:41 10.4 21:41 6.2 0.0 0.0 2.9 18.4 13:28 SW 5 10.7 14.9 12:19 4.8 06:54 7.6 0.0 0.0 1.5 13.3 13:21 S 6 11.7 17.8 14:43 6.8 09:00 6.6 0.0 0.5 1.4 13.7 06:34 NE 7 13.1 18.3 13:19 9.5 04:38 5.2 0.0 0.5 3.6 20.9 12:21 NE 8 17.3 22.4 14:25 13.0 09:00 1.8 0.8 0.0 3.9 24.8 10:14 NE 9 17.1 24.6 14:36 11.5 05:21 2.8 1.6 0.0 3.6 25.6 09:22 NE 10 17.0 24.5 14:03 12.2 02:21 2.7 1.4 0.0 2.3 22.0 13:50 NE 11 19.2 24.2 13:38 15.0 22:59 0.6 1.6 0.0 5.5 29.2 11:53 NE 12 17.3 23.1 12:28 13.8 05:36 2.0 1.0 3.1 7.9 35.6 11:41 NE 13 11.0 16.4 14:25 7.3 05:24 7.3 0.0 1.0 3.8 20.9 14:51 NNE 14 11.1 13.5 13:39 9.2 09:00 7.2 0.0 1.0 7.6 33.1 13:01 NNE 15 11.9 14.5 14:50 10.3 02:24 6.4 0.0 5.7 6.6 32.0 10:54 N 16 11.5 13.2 12:33 10.2 04:20 6.8 0.0 10.4 2.8 18.4 12:12 WSW 17 12.0 14.1 12:59 10.4 05:54 6.3 0.0 1.0 2.7 20.9 15:16 WSW 18 10.8 13.4 13:56 9.1 19:58 7.5 0.0 1.0 1.1 21.6 15:09 W 19 12.1 15.4 14:42 9.6 20:06 6.2 0.0 0.0 1.3 21.6 08:51 NE 20 10.7 13.6 11:14 6.9 04:44 7.6 0.0 4.1 4.3 26.3 11:23 NE 21 9.4 15.3 14:22 5.4 03:13 8.9 0.0 0.0 0.8 7.9 13:39 NE 22 9.7 15.4 13:45 5.8 05:36 8.6 0.0 0.5 0.6 9.0 13:56 ENE 23 10.5 16.1 13:16 5.1 03:57 7.8 0.0 0.0 2.0 34.2 12:40 SSE 24 10.3 13.9 16:03 7.9 09:01 8.0 0.0 0.0 1.3 10.8 11:29 NE 25 13.0 16.8 14:46 10.1 00:56 5.3 0.0 0.0 0.9 10.1 15:09 NE 26 12.8 15.5 12:50 9.1 07:16 5.5 0.0 0.0 1.5 12.6 12:16 WSW 27 10.1 15.6 14:15 5.6 05:36 8.2 0.0 0.0 0.5 7.6 13:48 SE 28 12.6 18.0 14:47 7.6 09:00 5.7 0.0 0.5 2.7 32.8 14:36 NE 29 15.6 19.3 13:10 13.1 09:00 2.7 0.0 0.0 5.4 30.2 14:38 NE 30 14.3 16.3 12:11 13.0 02:02 4.0 0.0 6.2 3.7 18.4 19:15 ENE 31 16.0 19.1 13:04 13.8 06:10 2.4 0.1 69.9 5.1 24.1 14:51 NE ---------------------------------------------------------------------------------- 12.9 24.6 9 4.8 5 175.1 6.7 111.1 3.3 39.2 3 NE Max >= 27.0: 0 Max <= 0.0: 0 Min <= 0.0: 0 Min <= -18.0: 0 Max Rain: 69.9 on day 31 Days of Rain: 16 (>= 0.2 mm) 8 (>= 2.0 mm) 1 (>= 20.0 mm) Heat Base: 18.3 Cool Base: 18.3 Method: Integration |
Page updated 17/06/2018 4:30:02 PM
powered by
Cumulus
1.9.4 b1099