NOAA Style Reports for North Bayswater weather
Latitude S 37° 49' 25" Longitude E 145° 17' 47" Elevation 114 m
:now::gauges::today::yesterday::highs & lows::records::monthly records::trends::raincharts::NOAA Reports::forum::main pages: |
Select a Year or Month report
Report for 2017 Annual Climatological Summary for 2017 Name: North Bayswater Weather City: State: Elevation: 114 m Lat: S 37° 49' 25" Lon: E 145° 17' 47" Temperature (°C), Heat Base: 18.3 Cool Base: 18.3 Dep. Heat Cool Max Max Min Min Mean Mean From Deg Deg >= <= <= <= YR MO Max Min Mean Norm Days Days Hi Date Low Date 27.0 0.0 0.0 -18.0 ------------------------------------------------------------------------------------ 17 1 29.1 16.1 22.2 0.0 21 142 37.9 17 11.1 18 16 0 0 0 17 2 27.1 14.6 20.7 0.0 33 101 37.8 9 9.8 20 15 0 0 0 17 3 28.5 15.4 21.6 0.0 28 132 33.6 15 8.3 31 23 0 0 0 17 4 20.8 11.8 15.7 0.0 99 22 27.9 8 7.8 9 1 0 0 0 17 5 16.5 8.3 12.0 0.0 197 0 20.2 18 4.4 3 0 0 0 0 17 6 13.8 6.3 9.9 0.0 254 0 16.8 15 1.3 30 0 0 0 0 17 7 13.8 6.7 9.8 0.0 266 0 17.4 29 1.4 1 0 0 0 0 17 8 14.3 6.9 10.4 0.0 253 0 20.1 14 1.7 27 0 0 0 0 17 9 17.4 8.9 12.8 0.0 175 8 30.9 23 3.8 16 1 0 0 0 17 10 22.4 11.0 16.4 0.0 101 41 32.1 18 5.9 6 5 0 0 0 17 11 28.3 15.2 21.2 0.0 48 133 37.3 29 5.8 4 19 0 0 0 17 12 27.1 13.9 20.4 0.0 40 104 37.9 13 -8.8 29 13 0 1 0 ------------------------------------------------------------------------------------ 21.6 11.3 16.1 0.0 1520 689 37.9 Jan -8.8 Dec 93 0 1 0 Precipitation (mm) Dep. Max Days of Rain From Obs. >= YR MO Total Norm Day Date 0.2 2.0 20.0 --------------------------------------------- 17 1 41.0 0.0 21.8 19 7 5 1 17 2 58.5 0.0 32.6 5 6 3 2 17 3 50.6 0.0 25.9 21 9 5 1 17 4 95.8 0.0 23.8 24 12 8 2 17 5 47.6 0.0 9.8 30 12 9 0 17 6 15.9 0.0 6.7 5 10 2 0 17 7 42.0 0.0 6.2 3 12 8 0 17 8 60.6 0.0 10.4 18 17 9 0 17 9 45.0 0.0 18.1 15 12 7 0 17 10 46.7 0.0 9.8 11 11 7 0 17 11 23.0 0.0 4.1 17 13 5 0 17 12 102.1 0.0 34.2 7 9 6 2 --------------------------------------------- 628.8 0.0 34.2 Dec 130 74 8 Wind Speed (km/h) Dom YR MO Avg. Hi Date Dir ------------------------------ 17 1 3.1 37.8 20 SW 17 2 3.7 39.6 8 W 17 3 3.1 97.2 21 SE 17 4 2.7 37.8 8 NE 17 5 2.0 38.9 6 NNE 17 6 1.3 25.2 23 NE 17 7 4.5 42.5 25 NE 17 8 3.7 46.4 9 NNE 17 9 5.0 40.3 2 N 17 10 3.8 40.3 29 N 17 11 3.3 39.6 30 E 17 12 2.9 81.7 15 SW ------------------------------ 3.2 97.2 Mar NNE |
Page updated 17/06/2018 4:30:02 PM
powered by
Cumulus
1.9.4 b1099