NOAA Style Reports for North Bayswater weather
Latitude S 37° 49' 25" Longitude E 145° 17' 47" Elevation 114 m
:now::gauges::today::yesterday::highs & lows::records::monthly records::trends::raincharts::NOAA Reports::forum::main pages: |
Select a Year or Month report
Report for 2013 Annual Climatological Summary for 2013 Name: North Bayswater Weather City: State: Elevation: 114 m Lat: S 37° 49' 25" Lon: E 145° 17' 47" Temperature (°C), Heat Base: 18.3 Cool Base: 18.3 Dep. Heat Cool Max Max Min Min Mean Mean From Deg Deg >= <= <= <= YR MO Max Min Mean Norm Days Days Hi Date Low Date 27.0 0.0 0.0 -18.0 ------------------------------------------------------------------------------------ 13 1 29.4 15.5 21.8 0.0 36 117 40.9 4 11.2 13 16 0 0 0 13 2 30.2 16.8 22.9 0.0 14 142 36.8 6 10.4 1 21 0 0 0 13 3 27.3 15.6 21.3 0.0 36 128 36.4 11 8.9 31 15 0 0 0 13 4 20.7 11.3 15.8 0.0 98 22 27.4 7 6.9 20 2 0 0 0 13 5 17.2 9.4 12.9 0.0 175 6 24.6 9 4.8 5 0 0 0 0 13 6 14.3 6.7 10.1 0.0 243 0 17.1 6 0.6 22 0 0 0 0 13 7 15.0 7.9 11.2 0.0 220 0 21.8 18 2.7 9 0 0 0 0 13 8 15.5 9.0 11.9 0.0 199 2 22.3 28 4.3 19 0 0 0 0 13 9 19.7 10.5 14.9 0.0 119 18 25.7 4 3.8 12 0 0 0 0 13 10 19.6 10.7 14.8 0.0 128 21 30.8 20 5.1 3 2 0 0 0 13 11 22.7 12.1 16.7 0.0 94 47 33.5 27 6.1 4 7 0 0 0 13 12 25.9 14.1 19.5 0.0 51 88 39.3 19 8.6 29 11 0 0 0 ------------------------------------------------------------------------------------ 21.5 11.6 16.2 0.0 1418 595 40.9 Jan 0.6 Jun 74 0 0 0 Precipitation (mm) Dep. Max Days of Rain From Obs. >= YR MO Total Norm Day Date 0.2 2.0 20.0 --------------------------------------------- 13 1 14.5 0.0 8.8 31 5 2 0 13 2 38.9 0.0 19.7 25 7 3 0 13 3 32.6 0.0 19.2 27 5 3 0 13 4 22.6 0.0 6.2 14 11 4 0 13 5 111.1 0.0 69.9 31 16 8 1 13 6 58.9 0.0 20.2 13 14 6 1 13 7 48.6 0.0 9.8 19 15 7 0 13 8 81.7 0.0 15.5 7 18 11 0 13 9 80.3 0.0 19.7 25 14 11 0 13 10 52.7 0.0 11.9 22 15 7 0 13 11 72.3 0.0 20.2 13 11 6 1 13 12 72.5 0.0 36.8 5 10 6 1 --------------------------------------------- 686.7 0.0 69.9 May 141 74 4 Wind Speed (km/h) Dom YR MO Avg. Hi Date Dir ------------------------------ 13 1 4.1 39.6 8 SW 13 2 3.3 38.2 18 SSW 13 3 3.8 43.6 27 NE 13 4 2.6 41.0 24 NE 13 5 3.3 39.2 3 NE 13 6 2.0 36.0 6 NE 13 7 4.3 43.9 18 NNE 13 8 5.6 43.9 12 NNE 13 9 4.8 42.1 26 NNE 13 10 4.8 45.0 17 NNW 13 11 3.8 52.6 2 SW 13 12 3.6 39.6 28 WSW ------------------------------ 3.8 52.6 Nov N |
Page updated 17/06/2018 4:30:02 PM
powered by
Cumulus
1.9.4 b1099