NOAA Style Reports for North Bayswater weather
Latitude S 37° 49' 25" Longitude E 145° 17' 47" Elevation 114 m
:now::gauges::today::yesterday::highs & lows::records::monthly records::trends::raincharts::NOAA Reports::forum::main pages: |
Select a Year or Month report
Report for 2016 Annual Climatological Summary for 2016 Name: North Bayswater Weather City: State: Elevation: 114 m Lat: S 37° 49' 25" Lon: E 145° 17' 47" Temperature (°C), Heat Base: 18.3 Cool Base: 18.3 Dep. Heat Cool Max Max Min Min Mean Mean From Deg Deg >= <= <= <= YR MO Max Min Mean Norm Days Days Hi Date Low Date 27.0 0.0 0.0 -18.0 ------------------------------------------------------------------------------------ 16 1 28.7 16.1 21.8 0.0 20 127 42.0 13 10.3 15 20 0 0 0 16 2 27.9 16.1 21.3 0.0 17 106 39.8 23 10.4 20 16 0 0 0 16 3 26.4 15.3 20.4 0.0 37 103 37.9 8 8.4 19 15 0 0 0 16 4 22.5 12.5 17.0 0.0 75 36 28.8 5 7.4 6 3 0 0 0 16 5 18.0 10.1 13.7 0.0 150 7 25.5 7 3.0 30 0 0 0 0 16 6 13.6 7.5 10.5 0.0 235 0 16.3 9 3.3 12 0 0 0 0 16 7 14.0 8.4 11.2 0.0 220 0 17.8 18 3.0 16 0 0 0 0 16 8 15.9 8.1 11.6 0.0 209 1 22.0 18 3.3 23 0 0 0 0 16 9 17.5 10.4 13.4 0.0 149 3 23.1 8 7.3 26 0 0 0 0 16 10 19.8 9.5 14.4 0.0 140 20 28.3 30 4.2 13 1 0 0 0 16 11 22.6 12.0 16.9 0.0 85 43 35.6 21 7.2 10 4 0 0 0 16 12 27.9 15.2 21.0 0.0 41 125 37.6 25 8.5 18 17 0 0 0 ------------------------------------------------------------------------------------ 21.2 11.8 16.1 0.0 1385 577 42.0 Jan 3.0 May 76 0 0 0 Precipitation (mm) Dep. Max Days of Rain From Obs. >= YR MO Total Norm Day Date 0.2 2.0 20.0 --------------------------------------------- 16 1 59.5 0.0 19.2 30 11 7 0 16 2 14.0 0.0 4.7 16 6 4 0 16 3 36.2 0.0 15.0 18 4 3 0 16 4 51.3 0.0 14.0 21 7 6 0 16 5 62.8 0.0 15.0 26 14 10 0 16 6 70.9 0.0 17.1 23 14 12 0 16 7 50.6 0.0 11.4 21 18 7 0 16 8 52.2 0.0 17.6 1 14 7 0 16 9 62.0 0.0 10.9 26 19 11 0 16 10 87.1 0.0 17.6 21 13 11 0 16 11 60.5 0.0 22.3 13 13 9 1 16 12 89.1 0.0 51.8 29 9 3 2 --------------------------------------------- 696.2 0.0 51.8 Dec 142 90 3 Wind Speed (km/h) Dom YR MO Avg. Hi Date Dir ------------------------------ 16 1 3.4 41.8 14 SSW 16 2 2.9 32.4 13 SW 16 3 2.8 40.3 18 SSW 16 4 2.8 42.1 30 NE 16 5 4.6 42.1 3 NNE 16 6 3.2 44.3 29 NNE 16 7 4.5 42.1 25 NNE 16 8 4.0 42.5 18 NNE 16 9 3.7 42.1 7 NNE 16 10 5.6 45.0 2 NNE 16 11 3.7 41.0 21 W 16 12 4.0 42.5 28 N ------------------------------ 3.8 45.0 Oct N |
Page updated 17/06/2018 4:30:02 PM
powered by
Cumulus
1.9.4 b1099