NOAA Style Reports for North Bayswater weather
Latitude S 37° 49' 25" Longitude E 145° 17' 47" Elevation 114 m
:now::gauges::today::yesterday::highs & lows::records::monthly records::trends::raincharts::NOAA Reports::forum::main pages: |
Select a Year or Month report
Report for 2021 Annual Climatological Summary for 2021 Name: North Bayswater Weather City: Bayswater State: Victoria Elevation: 114 m Lat: S 37° 49' 25" Lon: E 145° 17' 47" Temperature (°C), Heat Base: 18.3 Cool Base: 18.3 Dep. Heat Cool Max Max Min Min Mean Mean From Deg Deg >= <= <= <= YR MO Max Min Mean Norm Days Days Hi Date Low Date 40.0 18.0 18.0 10.0 ------------------------------------------------------------------------------------ 21 1 27.3 15.0 20.5 -1.5 39 108 39.6 25 8.8 19 0 0 26 1 21 2 26.3 14.2 19.9 -2.1 41 85 33.4 19 8.9 23 0 0 23 3 21 3 22.9 12.3 17.2 -2.8 71 38 29.4 12 7.9 14 0 1 31 6 21 4 19.8 10.6 14.7 -1.3 129 22 30.8 3 5.6 20 0 14 30 10 21 5 16.4 7.8 11.6 -1.9 209 3 24.4 2 2.3 29 0 22 31 24 21 6 14.0 7.3 10.4 -0.1 236 0 18.4 2 2.9 4 0 29 30 26 21 7 12.9 5.6 9.6 -0.4 260 0 17.1 1 -10.0 28 0 30 30 29 21 8 21 9 21 10 21.2 9.2 15.1 -1.4 25 6 28.9 28 6.0 29 0 3 6 4 21 11 28.0 12.9 21.6 3.1 2 8 29.8 2 10.9 1 0 0 2 0 21 12 ------------------------------------------------------------------------------------ 21.0 10.5 15.6 -0.9 1017 273 39.6 Jan -10.0 Jul 0 99 209 103 Precipitation (mm) Dep. Max Days of Rain From Obs. >= YR MO Total Norm Day Date 0.2 2.0 20.0 --------------------------------------------- 21 1 102.6 46.3 46.1 29 10 8 1 21 2 16.5 -44.5 6.2 5 7 4 0 21 3 83.4 29.8 21.2 13 13 10 1 21 4 69.9 -0.6 24.9 10 11 6 1 21 5 72.4 -3.0 12.4 14 12 8 0 21 6 156.0 79.3 81.3 9 16 10 1 21 7 78.3 5.9 14.0 20 12 10 0 21 8 21 9 21 10 190.6 115.6 176.6 26 3 2 1 21 11 0.0 -86.4 0.0 0 0 0 0 21 12 --------------------------------------------- 769.7 142.4 176.6 Oct 84 58 5 Wind Speed (km/h) Dom YR MO Avg. Hi Date Dir ------------------------------ 21 1 3.1 33.1 25 SW 21 2 1.6 40.0 5 ENE 21 3 2.2 35.3 21 SSW 21 4 2.3 30.6 13 WNW 21 5 3.3 40.3 24 NNE 21 6 4.0 76.7 10 NE 21 7 5.3 45.0 27 NNE 21 8 21 9 21 10 4.3 34.6 26 WNW 21 11 8.1 23.0 2 NNE 21 12 ------------------------------ 3.8 76.7 Jun N |
Page updated 17/06/2018 4:30:02 PM
powered by
Cumulus
1.9.4 b1099