NOAA Style Reports for North Bayswater weather
Latitude S 37° 49' 25" Longitude E 145° 17' 47" Elevation 114 m
:now::gauges::today::yesterday::highs & lows::records::monthly records::trends::raincharts::NOAA Reports::forum::main pages: |
Select a Year or Month report
Report for 2015 Annual Climatological Summary for 2015 Name: North Bayswater Weather City: State: Elevation: 114 m Lat: S 37° 49' 25" Lon: E 145° 17' 47" Temperature (°C), Heat Base: 18.3 Cool Base: 18.3 Dep. Heat Cool Max Max Min Min Mean Mean From Deg Deg >= <= <= <= YR MO Max Min Mean Norm Days Days Hi Date Low Date 27.0 0.0 0.0 -18.0 ------------------------------------------------------------------------------------ 15 1 27.8 16.4 21.5 0.0 24 125 39.9 2 11.9 18 15 0 0 0 15 2 29.1 16.9 22.2 0.0 13 123 36.3 11 12.6 4 18 0 0 0 15 3 23.8 12.5 17.9 0.0 64 52 32.9 19 7.8 28 4 0 0 0 15 4 19.9 10.3 14.6 0.0 126 15 30.0 1 5.8 19 2 0 0 0 15 5 16.6 9.4 12.7 0.0 176 2 22.5 1 2.9 23 0 0 0 0 15 6 14.1 7.1 10.5 0.0 224 0 17.7 23 0.0 9 0 0 1 0 15 7 12.8 6.6 9.5 0.0 272 0 17.1 21 0.7 18 0 0 0 0 15 8 14.0 7.5 10.6 0.0 239 0 20.1 22 3.8 15 0 0 0 0 15 9 18.0 9.0 13.0 0.0 169 10 27.4 14 5.2 10 1 0 0 0 15 10 25.8 12.6 18.8 0.0 68 83 35.5 6 6.9 12 16 0 0 0 15 11 24.8 12.6 18.5 0.0 64 65 33.6 9 6.9 7 10 0 0 0 15 12 30.2 15.2 22.3 0.0 39 162 41.4 19 9.0 1 22 0 0 0 ------------------------------------------------------------------------------------ 21.4 11.3 16.0 0.0 1484 642 41.4 Dec 0.0 Jun 88 0 1 0 Precipitation (mm) Dep. Max Days of Rain From Obs. >= YR MO Total Norm Day Date 0.2 2.0 20.0 --------------------------------------------- 15 1 41.5 0.0 16.1 13 9 6 0 15 2 58.6 0.0 31.1 13 4 4 1 15 3 9.8 0.0 2.1 6 9 1 0 15 4 42.2 0.0 9.8 18 13 8 0 15 5 88.1 0.0 16.6 9 13 9 0 15 6 15.0 0.0 5.7 9 5 3 0 15 7 79.1 0.0 23.8 12 17 9 1 15 8 59.7 0.0 24.9 27 13 9 1 15 9 38.8 0.0 15.0 14 9 6 0 15 10 19.6 0.0 9.8 11 7 4 0 15 11 39.2 0.0 17.6 5 10 4 0 15 12 52.7 0.0 21.8 25 7 4 1 --------------------------------------------- 544.3 0.0 31.1 Feb 116 67 4 Wind Speed (km/h) Dom YR MO Avg. Hi Date Dir ------------------------------ 15 1 4.2 40.3 2 SSW 15 2 3.1 40.3 28 SSW 15 3 3.3 42.1 12 W 15 4 2.2 35.3 22 SSW 15 5 3.7 93.6 24 N 15 6 3.0 42.1 22 NE 15 7 4.4 42.5 30 NE 15 8 3.1 43.6 20 N 15 9 3.5 39.2 7 NE 15 10 3.8 37.4 6 ENE 15 11 3.3 37.8 30 W 15 12 3.6 41.8 8 WNW ------------------------------ 3.4 93.6 May NNW |
Page updated 17/06/2018 4:30:02 PM
powered by
Cumulus
1.9.4 b1099