NOAA Style Reports for North Bayswater weather

 Latitude S 37° 49' 25"    Longitude E 145° 17' 47"    Elevation 114 m

:now::gauges::today::yesterday::highs & lows::records::monthly records::trends::raincharts::NOAA Reports::forum::main pages:
Select a Year or Month report

Report for 2019 Jun
                   Monthly Climatological Summary for Jun 2019

Name: North Bayswater Weather   City: Bayswater   State: Victoria
Elevation: 114 m  Lat: S 37° 49' 25"   Lon: E 145° 17' 47"

                  Temperature (°C), Rain (mm), Wind Speed (km/h)

                                      Heat  Cool        Avg
    Mean                              Deg   Deg         Wind                 Dom
Day Temp  High   Time   Low    Time   Days  Days  Rain  Speed High   Time    Dir
----------------------------------------------------------------------------------
 1  12.0  14.3   12:09  10.6   05:10   6.3   0.0   0.0   0.3  11.9   12:49   WSW
 2  10.3  13.9   13:43   8.3   06:19   8.0   0.0  10.4   1.1  79.6   00:56   NNW
 3   8.5  11.2   12:06   6.8   08:04  10.2   0.0   6.2   1.4  13.0   14:19   WSW
 4   9.4  12.3   14:49   7.3   09:00   8.1   0.0   0.0   0.7  20.5   10:32     S
 5  10.4  12.1   13:52   9.4   05:44   7.9   0.0   2.6   0.9  13.3   13:01   WSW
 6  11.7  14.4   14:28  10.3   09:00   6.6   0.0   0.0   0.3  16.6   12:54   WSW
 7   9.8  15.3   14:28   5.5   03:25   8.5   0.0   0.0   1.0  13.0   13:30   ENE
 8  12.0  17.3   13:57   9.3   22:38   6.3   0.0   0.0   4.5  25.2   15:14   ENE
 9  14.3  17.8   14:57  10.2   09:00   4.0   0.0   4.7   7.4  33.1   04:26    NE
10  12.3  17.5   14:22   7.0   07:36   6.0   0.0   0.0   3.0  25.9   09:09   NNW
11  14.0  17.2   13:17   9.7   09:00   4.3   0.0   0.0   7.9  36.4   06:59   ENE
12  12.2  16.2   09:00   7.2   07:12   6.1   0.0   5.7   3.5  32.0   14:31    NE
13  12.2  15.5   13:48   8.4   09:00   6.1   0.0   3.1   2.1  19.8   13:09   NNE
14  10.9  15.8   12:35   6.9   01:22   7.4   0.0   2.6   1.8  16.6   12:28   NNE
15  10.3  13.9   13:26   8.1   03:54   8.0   0.0   0.0   0.3  10.4   02:45   ENE
16   9.9  16.1   15:08   5.2   06:10   8.4   0.0   1.0   0.7  11.5   12:26   ENE
----------------------------------------------------------------------------------
    11.3  17.8     9     5.2    16   112.2   0.0  36.3   2.3  79.6     2      NE

Max >=  40.0:  0
Max <=  18.0: 16
Min <=  18.0: 16
Min <=  10.0: 13
Max Rain: 10.4 on day 2
Days of Rain: 8 (>= 0.2 mm)  7 (>= 2.0 mm)  0 (>= 20.0 mm)
Heat Base: 18.3  Cool Base: 18.3  Method: Integration


Page updated 17/06/2018 4:30:02 PM
powered by Cumulus 1.9.4 b1099