NOAA Style Reports for North Bayswater weather

 Latitude S 37° 49' 25"    Longitude E 145° 17' 47"    Elevation 114 m

:now::gauges::today::yesterday::highs & lows::records::monthly records::trends::raincharts::NOAA Reports::forum::main pages:
Select a Year or Month report
V/Λ2019 > Jan Feb Mar Apr May Jun Jul Aug Sep Oct Nov Dec
V/Λ2018 > Jan Feb Mar Apr May Jun Jul Aug Sep Oct Nov Dec
V/Λ2017 > Jan Feb Mar Apr May Jun Jul Aug Sep Oct Nov Dec
V/Λ2016 > Jan Feb Mar Apr May Jun Jul Aug Sep Oct Nov Dec
V/Λ2015 > Jan Feb Mar Apr May Jun Jul Aug Sep Oct Nov Dec
V/Λ2014 > Jan Feb Mar Apr May Jun Jul Aug Sep Oct Nov Dec
V/Λ2013 > Jan Feb Mar Apr May Jun Jul Aug Sep Oct Nov Dec
V/Λ2012 > Jan Feb Mar Apr May Jun Jul Aug Sep Oct Nov Dec
V/Λ2011 > Jan Feb Mar Apr May Jun Jul Aug Sep Oct Nov Dec
V/Λ2010 > Jan Feb Mar Apr May Jun Jul Aug Sep Oct Nov Dec
V/Λ2009 > Jan Feb Mar Apr May Jun Jul Aug Sep Oct Nov Dec

Report for 2019 Mar
                   Monthly Climatological Summary for Mar 2019

Name: North Bayswater Weather   City: Bayswater   State: Victoria
Elevation: 114 m  Lat: S 37° 49' 25"   Lon: E 145° 17' 47"

                  Temperature (°C), Rain (mm), Wind Speed (km/h)

                                      Heat  Cool        Avg
    Mean                              Deg   Deg         Wind                 Dom
Day Temp  High   Time   Low    Time   Days  Days  Rain  Speed High   Time    Dir
----------------------------------------------------------------------------------
 1  29.0  38.1   15:49  21.9   05:37   0.0  10.7   0.0   5.0  25.6   11:30   ENE
 2  29.4  36.4   16:15  23.2   04:05   0.0  11.0   0.0   6.3  25.6   10:02   ENE
 3  27.4  37.0   14:01  19.9   05:45   0.0   9.0   0.0   4.5  25.2   09:10   NNE
 4  23.5  31.2   16:25  17.9   06:05   0.0   5.2   0.0   1.9  23.0   18:17   WSW
 5  20.6  28.4   15:24  13.6   08:13   1.1   3.3   4.2   2.7  22.7   21:00   WSW
 6  13.8  18.2   13:49  10.5   00:38   4.5   0.0   0.5   3.6  23.0   11:23     W
 7  16.5  23.5   17:03  10.3   06:34   3.0   1.2   0.0   1.7  15.8   08:47   ENE
 8  19.7  26.5   14:53  12.3   07:34   1.4   2.8   0.0   2.1  18.4   10:12    NE
 9  20.3  29.1   17:14  13.1   09:10   1.3   3.4   0.0   1.5  15.5   16:40   WSW
10  19.7  26.8   13:28  15.8   09:00   0.3   1.7   0.0   2.7  26.6   14:19   NNW
11  19.9  25.6   14:27  15.9   05:56   0.7   2.3   0.0   1.8  13.7   16:46     W
12  14.7  18.2   14:28  11.7   07:46   3.6   0.0   1.0   2.3  23.0   14:28     W
13  15.2  20.2   15:01  10.7   08:07   3.3   0.2   0.0   1.4  13.7   15:10    SW
14  16.7  24.7   15:23  10.4   06:19   3.0   1.4   0.0   2.1  18.0   18:53    SW
15  17.5  25.3   16:09  10.3   07:09   2.6   1.8   0.0   2.8  23.0   11:55   SSW
16  20.9  30.1   16:10  12.9   09:00   1.1   3.7   0.0   1.2  14.0   18:25    SE
17  22.6  30.0   14:44  15.9   08:09   0.3   4.6   0.0   1.4  17.6   16:59   WSW
18  21.8  28.9   15:47  15.8   05:57   0.5   4.0   0.0   3.1  22.7   17:06   SSE
----------------------------------------------------------------------------------
    20.5  38.1     1    10.3     7    26.7  66.3   5.7   2.7  26.6    10      NW

Max >=  40.0:  0
Max <=  18.0:  0
Min <=  18.0: 15
Min <=  10.0:  0
Max Rain: 4.2 on day 5
Days of Rain: 3 (>= 0.2 mm)  1 (>= 2.0 mm)  0 (>= 20.0 mm)
Heat Base: 18.3  Cool Base: 18.3  Method: Integration


Page updated 17/06/2018 4:30:02 PM
powered by Cumulus 1.9.4 b1099