NOAA Style Reports for North Bayswater weather

 Latitude S 37° 49' 25"    Longitude E 145° 17' 47"    Elevation 114 m

:now::gauges::today::yesterday::highs & lows::records::monthly records::trends::raincharts::NOAA Reports::forum::main pages:
Select a Year or Month report
V/Λ2019 > Jan Feb Mar Apr May Jun Jul Aug Sep Oct Nov Dec
V/Λ2018 > Jan Feb Mar Apr May Jun Jul Aug Sep Oct Nov Dec
V/Λ2017 > Jan Feb Mar Apr May Jun Jul Aug Sep Oct Nov Dec
V/Λ2016 > Jan Feb Mar Apr May Jun Jul Aug Sep Oct Nov Dec
V/Λ2015 > Jan Feb Mar Apr May Jun Jul Aug Sep Oct Nov Dec
V/Λ2014 > Jan Feb Mar Apr May Jun Jul Aug Sep Oct Nov Dec
V/Λ2013 > Jan Feb Mar Apr May Jun Jul Aug Sep Oct Nov Dec
V/Λ2012 > Jan Feb Mar Apr May Jun Jul Aug Sep Oct Nov Dec
V/Λ2011 > Jan Feb Mar Apr May Jun Jul Aug Sep Oct Nov Dec
V/Λ2010 > Jan Feb Mar Apr May Jun Jul Aug Sep Oct Nov Dec
V/Λ2009 > Jan Feb Mar Apr May Jun Jul Aug Sep Oct Nov Dec

Report for 2019 Jan
                   Monthly Climatological Summary for Jan 2019

Name: North Bayswater Weather   City:    State: 
Elevation: 114 m  Lat: S 37° 49' 25"   Lon: E 145° 17' 47"

                  Temperature (°C), Rain (mm), Wind Speed (km/h)

                                      Heat  Cool        Avg
    Mean                              Deg   Deg         Wind                 Dom
Day Temp  High   Time   Low    Time   Days  Days  Rain  Speed High   Time    Dir
----------------------------------------------------------------------------------
 1  22.9  30.9   15:24  17.1   03:34   0.2   4.8   0.0   2.7  20.5   15:50    SW
 2  20.2  27.2   16:06  15.4   03:03   0.8   2.7   0.0   3.0  17.3   17:42    SW
 3  25.0  33.8   17:16  18.1   09:00   0.0   6.7   0.0   2.4  19.4   07:26    NE
 4  26.1  42.8   15:25  16.5   06:29   0.3   8.1   0.5   6.4  33.5   10:08   NNE
 5  17.3  21.4   17:41  14.1   04:58   1.6   0.5   2.6   1.6  19.8   18:33   SSW
 6  19.1  25.4   16:14  14.5   01:59   1.1   2.0   0.0   2.5  21.6   17:25    SW
 7  21.4  29.1   15:54  15.4   06:02   0.5   3.6   0.0   2.7  17.6   17:51    SW
 8  21.1  29.6   15:39  15.4   05:57   0.0   2.8   0.5   3.5  24.5   19:30    SW
 9  17.6  23.5   15:49  12.2   04:01   2.2   1.4   0.0   2.6  19.4   15:08    SW
10  19.2  26.0   15:41  12.8   06:38   1.4   2.3   0.0   2.9  25.9   19:55     S
11  26.1  33.9   16:14  18.7   09:00   0.0   7.8   0.0   3.0  16.6   18:48   ENE
12  21.5  29.9   13:33  14.3   05:56   1.1   4.3   0.0   4.5  26.3   16:41    SW
13  24.4  32.8   16:12  18.3   06:20   0.0   6.1   0.0   2.6  21.6   17:27   SSE
14  28.4  39.5   15:47  19.3   05:30   0.0  10.1   0.0   2.8  20.9   18:47    NW
15  27.8  39.7   13:06  18.9   06:13   0.0   9.9   0.0   1.9  21.6   12:51   WSW
16  25.7  33.8   13:23  21.5   02:55   0.0   7.4   0.0   2.6  30.2   14:36   WSW
17  26.7  33.9   14:58  21.7   06:33   0.0   8.4   0.0   1.9  16.6   07:51   ENE
18  21.8  29.3   10:55  16.7   07:24   0.2   3.7   1.5   2.0  15.8   11:23    SW
----------------------------------------------------------------------------------
    22.9  42.8     4    12.2     9     9.4  92.6   5.1   2.9  33.5     4      SW

Max >=  27.0: 14
Max <=   0.0:  0
Min <=   0.0:  0
Min <= -18.0:  0
Max Rain: 2.6 on day 5
Days of Rain: 4 (>= 0.2 mm)  1 (>= 2.0 mm)  0 (>= 20.0 mm)
Heat Base: 18.3  Cool Base: 18.3  Method: Integration


Page updated 17/06/2018 4:30:02 PM
powered by Cumulus 1.9.4 b1099