NOAA Style Reports for North Bayswater weather
Latitude S 37° 49' 25" Longitude E 145° 17' 47" Elevation 114 m
:now::gauges::today::yesterday::highs & lows::records::monthly records::trends::raincharts::NOAA Reports::forum::main pages: |
Select a Year or Month report
Report for 2024 Mar Monthly Climatological Summary for Mar 2024 Name: North Bayswater Weather City: Bayswater State: Victoria Elevation: 114 m Lat: S 37° 49' 25" Lon: E 145° 17' 47" Temperature (°C), Rain (mm), Wind Speed (km/h) Heat Cool Avg Mean Deg Deg Wind Dom Day Temp High Time Low Time Days Days Rain Speed High Time Dir ---------------------------------------------------------------------------------- 1 21.8 31.4 15:37 16.1 07:26 0.3 3.9 0.0 1.0 10.8 08:28 S 2 17.3 22.9 16:51 11.2 11:47 2.4 1.4 0.0 2.4 15.8 16:55 S 3 16.3 21.6 16:35 12.3 03:30 2.5 0.4 0.0 4.3 24.1 19:09 SW 4 18.0 24.8 17:12 11.8 07:01 2.1 1.8 0.0 3.1 18.0 19:40 SE 5 23.2 32.5 16:45 14.7 09:00 0.6 5.5 0.0 3.2 18.7 11:50 NNE 6 22.7 32.3 13:46 16.9 07:28 0.2 4.7 0.0 2.0 13.3 02:32 E 7 18.8 26.3 15:29 12.9 04:23 1.7 2.2 0.0 4.3 18.0 20:51 SSW 8 23.6 32.6 16:58 15.7 09:00 0.2 5.5 24.6 2.0 13.0 14:18 SE 9 31.2 37.9 15:27 22.7 09:00 0.0 12.9 0.0 11.5 25.2 08:19 N 10 29.0 37.1 15:17 21.3 06:53 0.0 10.7 0.0 5.0 31.0 11:04 NNE 11 28.4 35.5 15:26 21.8 04:08 0.0 10.1 0.0 8.6 23.4 10:56 NNE 12 20.9 26.9 10:29 17.4 08:39 0.1 2.8 1.0 3.1 13.0 11:59 SW 13 18.3 20.5 15:24 -2.0 16:11 0.6 0.5 3.1 2.3 92.2 14:11 NNW 14 19.3 25.6 15:04 -0.9 18:16 1.0 2.0 0.0 4.0 21.2 16:17 S 15 20.3 28.4 14:43 13.4 07:30 1.3 3.2 0.0 1.7 14.8 16:05 ESE 16 22.4 30.1 16:14 15.5 09:00 0.3 4.4 0.0 3.9 15.5 12:49 N 17 22.7 30.5 14:21 15.9 06:37 0.4 4.8 0.0 2.3 17.6 09:47 NNE 18 25.0 31.6 16:41 18.4 09:00 0.0 6.7 0.0 4.9 27.0 07:42 NE 19 21.4 29.0 13:25 13.8 08:28 1.2 4.3 3.6 7.0 34.9 12:38 NW 20 13.9 18.7 15:00 9.2 04:30 4.4 0.0 0.0 4.4 34.2 11:39 SW 21 15.7 22.9 15:32 9.3 06:48 3.6 1.1 0.0 2.2 11.2 15:47 SE 22 16.6 24.6 15:28 10.3 06:30 3.1 1.4 0.0 2.1 16.6 18:24 SSW 23 15.4 21.5 16:32 -6.9 10:32 3.5 0.5 0.0 2.5 16.2 12:19 S 24 16.7 22.9 17:37 12.8 09:00 2.3 0.7 0.0 2.2 18.4 17:42 WSW 25 17.9 24.1 16:19 13.4 01:46 1.9 1.5 0.0 2.1 17.3 15:06 W 26 16.8 22.5 15:56 12.6 04:06 2.4 0.9 0.0 2.1 13.0 13:40 SW 27 17.1 21.8 13:53 14.8 05:25 1.7 0.5 0.0 2.2 19.1 14:40 SSW 28 16.2 23.2 15:41 9.9 07:43 3.2 1.1 0.0 2.2 14.8 13:01 SSW ---------------------------------------------------------------------------------- 20.2 37.9 9 -6.9 23 41.0 95.5 32.3 3.5 92.2 13 NNW Max >= 40.0: 0 Max <= 18.0: 0 Min <= 18.0: 24 Min <= 10.0: 6 Max Rain: 24.6 on day 8 Days of Rain: 4 (>= 0.2 mm) 3 (>= 2.0 mm) 1 (>= 20.0 mm) Heat Base: 18.3 Cool Base: 18.3 Method: Integration |
Page updated 17/06/2018 4:30:02 PM
powered by
Cumulus
1.9.4 b1099