NOAA Style Reports for North Bayswater weather
Latitude S 37° 49' 25" Longitude E 145° 17' 47" Elevation 114 m
:now::gauges::today::yesterday::highs & lows::records::monthly records::trends::raincharts::NOAA Reports::forum::main pages: |
Select a Year or Month report
Report for 2019 Annual Climatological Summary for 2019 Name: North Bayswater Weather City: Bayswater State: Victoria Elevation: 114 m Lat: S 37° 49' 25" Lon: E 145° 17' 47" Temperature (°C), Heat Base: 18.3 Cool Base: 18.3 Dep. Heat Cool Max Max Min Min Mean Mean From Deg Deg >= <= <= <= YR MO Max Min Mean Norm Days Days Hi Date Low Date 40.0 18.0 18.0 10.0 ------------------------------------------------------------------------------------ 19 1 32.1 16.9 23.5 1.5 14 174 43.8 25 11.9 31 3 0 19 0 19 2 28.4 15.1 21.2 -0.8 30 112 39.6 3 8.6 13 0 0 23 3 19 3 26.6 14.5 19.8 -0.2 52 98 38.1 1 9.6 30 0 2 25 2 19 4 21.9 11.2 16.2 0.2 100 38 30.3 17 6.6 11 0 8 29 12 19 5 16.9 9.3 12.7 -0.8 174 2 21.2 2 5.2 17 0 18 31 19 19 6 14.2 7.2 10.2 -0.3 241 0 18.3 28 2.5 24 0 29 30 26 19 7 13.8 7.2 10.2 0.2 250 0 17.3 6 2.5 30 0 31 31 29 19 8 13.9 6.7 9.9 -0.6 262 0 19.7 18 2.3 29 0 29 31 31 19 9 17.8 8.1 12.3 -0.7 188 8 26.4 20 2.4 16 0 16 29 24 19 10 21.9 10.5 15.8 -0.7 125 48 33.3 24 5.9 17 0 10 29 18 19 11 22.7 10.4 16.2 -2.3 111 48 38.6 21 6.2 8 0 7 30 12 19 12 27.2 13.5 19.8 -1.7 61 107 41.2 30 9.3 1 3 2 29 3 ------------------------------------------------------------------------------------ 21.4 10.9 15.7 -0.5 1613 639 43.8 Jan 2.3 Aug 6 152 336 179 Precipitation (mm) Dep. Max Days of Rain From Obs. >= YR MO Total Norm Day Date 0.2 2.0 20.0 --------------------------------------------- 19 1 12.9 -43.4 7.3 30 6 2 0 19 2 22.8 -38.2 7.8 6 6 5 0 19 3 42.0 -11.6 16.1 30 8 4 0 19 4 20.0 -50.5 9.3 8 8 3 0 19 5 80.3 4.9 11.4 10 16 13 0 19 6 61.6 -15.1 10.4 2 15 11 0 19 7 64.3 -8.1 14.0 14 14 8 0 19 8 79.7 1.5 12.4 7 19 12 0 19 9 80.4 -3.1 16.6 15 14 10 0 19 10 50.3 -24.7 9.3 16 13 7 0 19 11 81.6 -4.8 19.7 2 15 6 0 19 12 7.8 -72.9 5.7 1 3 1 0 --------------------------------------------- 603.7-266.0 19.7 Nov 137 82 0 Wind Speed (km/h) Dom YR MO Avg. Hi Date Dir ------------------------------ 19 1 3.2 74.9 25 SW 19 2 3.0 41.8 3 WSW 19 3 2.9 42.8 23 NNW 19 4 2.5 42.8 3 NE 19 5 3.0 110.0 4 NE 19 6 2.7 79.6 2 NE 19 7 3.8 40.7 20 NE 19 8 4.3 42.8 10 NNE 19 9 4.0 53.3 26 NE 19 10 3.7 43.9 3 NE 19 11 3.5 42.8 21 NW 19 12 2.7 43.2 30 W ------------------------------ 3.3 110.0 May N |
Page updated 17/06/2018 4:30:02 PM
powered by
Cumulus
1.9.4 b1099