NOAA Style Reports for North Bayswater weather
Latitude S 37° 49' 25" Longitude E 145° 17' 47" Elevation 114 m
:now::gauges::today::yesterday::highs & lows::records::monthly records::trends::raincharts::NOAA Reports::forum::main pages: |
Select a Year or Month report
Report for 2014 Sep Monthly Climatological Summary for Sep 2014 Name: North Bayswater Weather City: State: Elevation: 114 m Lat: S 37° 49' 25" Lon: E 145° 17' 47" Temperature (°C), Rain (mm), Wind Speed (km/h) Heat Cool Avg Mean Deg Deg Wind Dom Day Temp High Time Low Time Days Days Rain Speed High Time Dir ---------------------------------------------------------------------------------- 1 13.3 16.2 10:35 10.8 08:27 2.7 0.0 16.1 2.0 14.8 09:07 NNW 2 9.9 14.5 14:41 6.6 06:47 8.0 0.0 0.5 3.3 33.5 15:54 SSW 3 9.3 14.9 14:34 3.9 05:19 9.0 0.0 0.0 1.6 20.5 15:53 S 4 10.2 16.4 14:44 4.6 05:24 8.1 0.0 0.0 2.0 13.3 17:27 SSE 5 11.0 17.1 15:33 6.4 01:45 7.3 0.0 0.0 1.7 11.2 14:35 W 6 11.9 19.5 15:11 5.8 06:47 6.6 0.1 0.0 1.4 9.7 12:09 ENE 7 14.4 20.6 14:10 9.4 23:20 4.4 0.4 0.0 5.1 26.3 08:37 NE 8 18.7 21.6 14:42 15.8 09:00 0.4 0.8 0.5 16.7 40.3 09:14 NE 9 14.8 21.1 14:38 11.3 04:12 3.7 0.2 8.3 4.6 36.7 11:11 NNE 10 14.7 18.1 15:11 11.2 07:30 3.6 0.0 4.7 5.3 30.6 03:45 NNW 11 10.5 15.9 13:37 5.4 03:36 7.8 0.0 0.0 2.9 36.4 10:19 WSW 12 9.6 14.9 14:42 4.4 05:03 8.7 0.0 0.0 1.0 8.3 09:00 W 13 11.8 18.8 15:29 5.8 05:56 6.5 0.0 0.0 1.4 15.5 16:41 WNW 14 13.4 19.9 14:41 8.2 04:42 5.1 0.2 0.0 1.6 10.1 16:19 S 15 14.5 19.4 13:29 11.3 09:00 3.8 0.0 0.0 1.0 9.7 09:25 E 16 11.3 15.3 13:30 8.3 02:45 7.0 0.0 1.6 2.8 22.0 15:22 WSW 17 10.1 14.6 14:00 7.8 04:34 8.2 0.0 4.1 4.5 24.8 14:15 WSW 18 10.2 13.9 13:48 7.3 02:55 8.1 0.0 1.0 3.0 25.6 16:16 WSW 19 11.8 15.1 16:22 9.3 05:54 6.5 0.0 0.0 2.1 18.7 14:52 SW 20 11.3 15.4 11:32 8.1 00:38 7.0 0.0 0.0 1.9 20.9 16:36 SSW 21 11.5 18.1 13:47 4.6 06:12 6.8 0.0 0.0 2.1 14.4 09:32 S 22 15.7 23.0 15:05 9.6 02:56 3.7 1.1 0.0 3.8 17.3 12:35 NE 23 19.1 25.4 14:37 14.1 02:53 1.4 2.1 0.0 4.6 21.6 09:59 NE 24 17.4 24.6 12:31 13.6 06:31 2.1 1.3 23.3 4.2 27.0 12:25 NE 25 12.9 16.9 14:37 9.3 03:45 5.4 0.0 0.0 2.6 21.6 13:07 SW 26 12.2 17.3 15:04 7.6 05:38 6.1 0.0 0.0 1.6 14.4 12:36 SE 27 18.5 23.0 15:07 14.9 09:00 0.9 1.1 0.0 12.4 38.5 08:47 NE 28 20.3 26.8 13:31 13.7 06:18 1.2 3.2 0.0 10.0 40.0 17:18 NE 29 17.8 23.6 14:09 12.0 05:29 1.8 1.3 0.0 5.6 29.2 14:24 NNE 30 12.9 23.3 11:05 7.8 04:33 6.4 1.0 3.1 7.7 39.2 00:48 WNW ---------------------------------------------------------------------------------- 13.4 26.8 28 3.9 3 158.3 12.8 63.2 4.1 40.3 8 NNE Max >= 27.0: 0 Max <= 0.0: 0 Min <= 0.0: 0 Min <= -18.0: 0 Max Rain: 23.3 on day 24 Days of Rain: 10 (>= 0.2 mm) 6 (>= 2.0 mm) 1 (>= 20.0 mm) Heat Base: 18.3 Cool Base: 18.3 Method: Integration |
Page updated 17/06/2018 4:30:02 PM
powered by
Cumulus
1.9.4 b1099