NOAA Style Reports for North Bayswater weather
Latitude S 37° 49' 25" Longitude E 145° 17' 47" Elevation 114 m
:now::gauges::today::yesterday::highs & lows::records::monthly records::trends::raincharts::NOAA Reports::forum::main pages: |
Select a Year or Month report
Report for 2015 Jan Monthly Climatological Summary for Jan 2015 Name: North Bayswater Weather City: State: Elevation: 114 m Lat: S 37° 49' 25" Lon: E 145° 17' 47" Temperature (°C), Rain (mm), Wind Speed (km/h) Heat Cool Avg Mean Deg Deg Wind Dom Day Temp High Time Low Time Days Days Rain Speed High Time Dir ---------------------------------------------------------------------------------- 1 21.9 29.8 15:56 16.4 05:32 0.4 4.0 0.0 3.1 25.2 15:58 SW 2 31.9 39.9 16:40 19.6 09:00 0.0 13.6 0.0 9.0 40.3 03:23 NE 3 28.9 39.1 15:37 18.1 08:58 0.0 10.6 1.6 9.1 39.2 17:20 NNE 4 19.7 26.8 16:30 15.4 02:03 0.9 2.3 3.1 3.6 19.4 22:27 SSW 5 21.3 28.8 16:49 16.2 03:14 0.3 3.4 0.0 3.4 20.5 15:19 SW 6 25.0 31.6 15:20 18.9 09:00 0.0 6.7 0.0 2.4 17.6 15:52 WSW 7 28.3 38.5 13:58 22.6 04:31 0.0 10.0 6.7 5.2 31.3 08:42 ENE 8 24.0 30.2 13:31 18.5 06:47 0.0 5.7 2.1 2.0 28.4 16:20 SW 9 16.7 19.8 13:11 14.7 02:25 1.7 0.2 7.8 1.8 16.9 18:58 SSW 10 18.6 20.8 16:40 15.9 09:00 0.3 0.6 0.0 2.3 15.5 02:10 SSW 11 22.1 28.6 15:07 15.9 05:57 0.4 4.2 0.0 4.6 37.8 18:16 SSE 12 26.5 32.8 14:43 21.3 09:00 0.0 8.2 0.0 2.6 21.6 08:53 SE 13 21.8 25.1 09:23 18.4 08:22 0.0 3.5 16.1 5.2 31.3 09:06 NE 14 18.4 22.6 12:56 15.9 05:43 0.8 0.9 1.0 5.1 31.0 12:18 WSW 15 17.0 21.2 16:53 12.4 06:40 1.7 0.4 0.5 2.5 20.2 16:29 WSW 16 21.7 28.4 17:26 16.3 06:30 0.4 3.8 0.0 6.6 27.7 13:55 W 17 19.5 25.4 16:46 15.2 03:11 0.9 2.1 0.0 5.8 27.4 16:55 WSW 18 16.7 22.1 16:32 11.9 04:23 2.4 0.8 0.0 4.0 25.6 11:07 SW 19 19.3 25.8 16:37 13.3 03:56 1.4 2.4 0.0 3.0 19.8 08:58 ESE 20 25.2 31.1 15:48 20.8 09:00 0.0 6.9 0.0 5.8 33.8 11:17 NE 21 26.7 33.9 13:21 20.7 05:35 0.0 8.5 0.0 2.9 24.5 11:04 ENE 22 27.1 36.3 14:20 21.4 04:57 0.0 8.8 0.0 3.7 23.0 19:02 N 23 22.6 29.9 15:42 18.1 00:45 0.0 4.3 0.0 3.6 22.7 12:27 SW 24 23.3 31.3 16:17 16.3 06:38 0.3 5.3 0.0 3.4 22.7 19:00 SW 25 17.4 22.9 14:50 12.8 03:13 2.0 1.1 2.6 4.9 38.2 15:52 WSW 26 16.8 21.9 16:06 13.2 05:21 2.2 0.7 0.0 4.0 23.0 12:51 SSW 27 17.2 21.2 12:57 14.2 03:11 1.8 0.7 0.0 4.7 27.0 16:48 SSW 28 19.5 26.6 15:42 13.5 05:46 1.5 2.7 0.0 5.7 33.5 00:14 SE 29 18.4 24.5 14:56 13.9 02:04 1.7 1.7 0.0 4.2 28.4 09:24 SSE 30 17.2 23.1 13:48 11.9 05:13 2.2 1.1 0.0 3.0 27.7 12:52 S 31 17.3 20.6 18:16 14.9 06:23 1.4 0.4 0.0 2.7 20.2 11:42 WSW ---------------------------------------------------------------------------------- 21.5 39.9 2 11.9 18 24.7 125.6 41.5 4.2 40.3 2 SSW Max >= 27.0: 15 Max <= 0.0: 0 Min <= 0.0: 0 Min <= -18.0: 0 Max Rain: 16.1 on day 13 Days of Rain: 9 (>= 0.2 mm) 6 (>= 2.0 mm) 0 (>= 20.0 mm) Heat Base: 18.3 Cool Base: 18.3 Method: Integration |
Page updated 17/06/2018 4:30:02 PM
powered by
Cumulus
1.9.4 b1099