NOAA Style Reports for North Bayswater weather
Latitude S 37° 49' 25" Longitude E 145° 17' 47" Elevation 114 m
:now::gauges::today::yesterday::highs & lows::records::monthly records::trends::raincharts::NOAA Reports::forum::main pages: |
Select a Year or Month report
Report for 2015 Jun Monthly Climatological Summary for Jun 2015 Name: North Bayswater Weather City: State: Elevation: 114 m Lat: S 37° 49' 25" Lon: E 145° 17' 47" Temperature (°C), Rain (mm), Wind Speed (km/h) Heat Cool Avg Mean Deg Deg Wind Dom Day Temp High Time Low Time Days Days Rain Speed High Time Dir ---------------------------------------------------------------------------------- 1 8.6 12.2 14:07 6.7 03:44 9.7 0.0 1.0 1.4 27.4 15:20 WSW 2 9.4 11.8 13:35 7.3 05:58 8.9 0.0 0.5 0.5 8.3 14:20 WSW 3 8.3 13.3 14:06 4.6 02:31 10.0 0.0 0.0 1.7 14.8 07:31 NE 4 8.4 12.2 12:01 7.1 22:03 9.9 0.0 4.7 7.5 32.8 12:48 NE 5 11.3 14.0 14:26 8.9 09:00 7.0 0.0 0.0 2.6 11.9 11:50 NE 6 12.2 14.8 13:28 10.5 09:00 6.1 0.0 0.0 7.9 30.6 01:02 NE 8 13.1 14.6 11:10 11.5 09:00 3.3 0.0 0.0 6.6 36.4 11:36 NE 9 10.2 13.4 14:52 0.0 09:05 8.1 0.0 5.7 2.8 22.3 16:05 W 10 9.8 13.1 15:26 5.1 05:51 8.5 0.0 0.0 0.8 8.6 16:43 SSE 11 8.4 13.7 14:53 5.1 03:42 9.9 0.0 0.0 0.7 10.8 14:49 N 12 7.8 12.6 15:33 5.1 04:56 10.6 0.0 0.0 0.7 5.8 08:54 NE 13 9.7 16.8 14:24 5.2 07:00 8.6 0.0 0.0 1.8 14.8 12:17 NE 14 10.8 17.2 14:57 6.3 09:00 7.5 0.0 0.0 0.6 8.3 10:25 NE 15 12.9 16.4 13:40 8.5 09:00 5.4 0.0 3.1 0.4 7.2 11:22 NE 16 13.7 15.6 12:49 12.1 09:00 4.6 0.0 0.0 1.2 10.8 15:36 NNE 17 12.9 15.3 13:02 11.2 08:05 5.4 0.0 0.0 2.0 14.0 22:40 SW 18 9.9 12.3 13:50 6.7 05:46 8.4 0.0 0.0 1.5 14.0 10:05 SSW 19 7.4 12.1 12:07 2.9 05:49 10.9 0.0 0.0 0.9 13.7 12:54 S 20 6.1 11.9 14:43 1.9 07:53 12.2 0.0 0.0 0.4 7.2 10:13 NE 21 7.9 12.4 14:34 3.3 09:00 10.4 0.0 0.0 5.0 31.3 07:09 NE 22 12.0 13.9 14:13 9.6 09:00 6.3 0.0 0.0 14.9 42.1 23:42 NE 23 14.6 17.7 14:17 10.5 08:19 3.7 0.0 0.0 7.8 38.2 20:49 NE 24 12.7 16.8 14:19 9.9 05:46 5.6 0.0 0.0 2.6 14.4 16:40 W 25 11.6 13.8 15:14 10.3 09:01 6.7 0.0 0.0 1.8 18.0 11:55 W 26 11.8 15.4 14:57 8.3 04:30 6.5 0.0 0.0 1.5 10.1 06:13 NNW 27 11.3 13.8 13:28 9.5 23:51 7.0 0.0 0.0 2.1 13.7 13:04 NNE 28 11.0 14.2 15:45 6.8 01:53 7.3 0.0 0.0 0.3 6.1 16:30 W 29 9.4 13.6 13:17 4.6 08:06 8.9 0.0 0.0 0.6 8.3 14:28 W 30 10.7 12.6 12:36 5.6 09:00 7.6 0.0 0.0 0.6 8.6 08:37 NNE ---------------------------------------------------------------------------------- 10.5 17.7 23 0.0 9 225.0 0.0 15.0 2.7 42.1 22 NE Max >= 27.0: 0 Max <= 0.0: 0 Min <= 0.0: 1 Min <= -18.0: 0 Max Rain: 5.7 on day 9 Days of Rain: 5 (>= 0.2 mm) 3 (>= 2.0 mm) 0 (>= 20.0 mm) Heat Base: 18.3 Cool Base: 18.3 Method: Integration |
Page updated 17/06/2018 4:30:02 PM
powered by
Cumulus
1.9.4 b1099