NOAA Style Reports for North Bayswater weather
Latitude S 37° 49' 25" Longitude E 145° 17' 47" Elevation 114 m
:now::gauges::today::yesterday::highs & lows::records::monthly records::trends::raincharts::NOAA Reports::forum::main pages: |
Select a Year or Month report
Report for 2016 Jan Monthly Climatological Summary for Jan 2016 Name: North Bayswater Weather City: State: Elevation: 114 m Lat: S 37° 49' 25" Lon: E 145° 17' 47" Temperature (°C), Rain (mm), Wind Speed (km/h) Heat Cool Avg Mean Deg Deg Wind Dom Day Temp High Time Low Time Days Days Rain Speed High Time Dir ---------------------------------------------------------------------------------- 1 23.2 30.8 13:56 17.6 05:29 0.1 5.0 0.0 3.5 17.3 16:15 WSW 2 22.2 29.3 15:59 17.8 04:39 0.1 3.9 0.0 6.5 31.3 16:35 SSE 3 22.1 28.8 13:15 17.8 02:52 0.0 3.8 0.0 3.9 25.6 15:21 SE 4 21.7 27.9 15:32 18.4 05:55 0.0 3.4 0.0 3.0 24.5 14:47 ESE 5 21.1 27.1 14:40 15.6 03:47 0.5 3.3 1.0 1.4 13.3 14:18 E 6 21.6 28.1 13:58 15.3 05:59 0.5 3.8 0.0 3.7 31.3 16:28 S 7 19.7 25.4 14:33 15.0 03:25 1.0 2.4 0.0 4.2 28.8 15:45 SSW 8 19.7 26.2 14:33 14.6 04:33 1.0 2.4 0.0 3.3 27.7 17:50 SW 9 20.3 27.6 16:43 14.1 03:19 0.9 2.9 0.0 3.1 19.1 17:47 SW 10 25.8 35.4 17:11 17.3 06:23 0.1 7.5 0.0 2.4 23.4 18:03 SW 11 25.0 38.1 15:44 17.2 05:52 0.1 6.9 1.0 3.4 25.9 21:15 NW 12 24.2 32.8 16:57 16.9 05:44 0.1 6.0 0.0 2.8 22.7 16:40 SW 13 29.7 42.0 14:41 17.1 08:47 0.1 11.5 5.7 6.3 33.8 18:18 WNW 14 14.7 17.9 12:59 12.0 03:34 3.6 0.0 3.1 3.1 41.8 19:20 SW 15 16.2 21.9 15:33 10.3 07:07 2.9 0.7 0.0 3.8 33.5 12:33 SSW 16 20.5 27.3 15:11 14.6 06:12 0.9 3.1 0.0 2.9 18.4 16:08 SW 17 26.1 33.3 15:16 19.4 05:04 0.0 7.8 0.0 3.6 21.6 10:01 NE 18 26.7 36.7 17:46 16.7 06:36 0.2 8.6 0.0 3.5 29.2 12:03 NNE 19 26.6 35.7 15:34 19.7 08:17 0.0 8.3 0.5 2.7 20.9 17:25 SW 20 24.1 32.1 15:12 19.8 09:00 0.0 5.8 0.5 2.6 18.0 17:19 SE 21 22.4 29.4 18:37 18.3 05:58 0.0 4.1 0.0 1.8 14.8 21:24 WSW 22 23.8 58.4 05:20 16.9 08:05 0.1 5.6 5.2 1.9 15.1 14:23 ESE 23 19.8 24.8 16:15 16.6 01:17 0.4 1.9 0.0 2.9 22.7 15:07 SW 24 29.6 59.6 01:51 16.3 23:44 0.2 11.5 0.0 2.2 15.1 19:21 SW 25 19.7 25.4 14:57 14.8 06:50 0.8 2.2 0.0 3.2 24.8 13:36 SSW 26 24.5 31.6 15:30 18.5 09:00 0.0 6.2 0.0 2.5 18.4 18:02 SE 27 24.0 32.4 15:51 20.1 00:25 0.0 5.7 5.7 5.5 36.4 14:03 NE 28 21.7 29.1 13:07 15.6 06:32 0.6 4.0 11.4 3.8 32.8 13:26 SSW 29 18.2 58.0 05:39 8.1 06:18 3.1 3.0 6.2 0.5 13.0 18:23 ENE 30 19.2 24.7 17:32 12.9 09:00 1.1 2.0 19.2 2.7 13.7 12:28 S 31 17.3 23.6 16:02 11.6 05:18 2.4 1.4 0.0 6.9 41.0 14:17 NE ---------------------------------------------------------------------------------- 22.3 59.6 24 8.1 29 20.8 144.7 59.5 3.3 41.8 14 SSW Max >= 27.0: 23 Max <= 0.0: 0 Min <= 0.0: 0 Min <= -18.0: 0 Max Rain: 19.2 on day 30 Days of Rain: 11 (>= 0.2 mm) 7 (>= 2.0 mm) 0 (>= 20.0 mm) Heat Base: 18.3 Cool Base: 18.3 Method: Integration |
Page updated 17/06/2018 4:30:02 PM
powered by
Cumulus
1.9.4 b1099