NOAA Style Reports for North Bayswater weather
Latitude S 37° 49' 25" Longitude E 145° 17' 47" Elevation 114 m
:now::gauges::today::yesterday::highs & lows::records::monthly records::trends::raincharts::NOAA Reports::forum::main pages: |
Select a Year or Month report
Report for 2017 Jul Monthly Climatological Summary for Jul 2017 Name: North Bayswater Weather City: State: Elevation: 114 m Lat: S 37° 49' 25" Lon: E 145° 17' 47" Temperature (°C), Rain (mm), Wind Speed (km/h) Heat Cool Avg Mean Deg Deg Wind Dom Day Temp High Time Low Time Days Days Rain Speed High Time Dir ---------------------------------------------------------------------------------- 1 5.9 11.6 14:12 1.4 06:44 12.4 0.0 0.0 2.7 26.3 12:57 NE 2 7.9 12.9 14:07 3.5 09:00 10.4 0.0 0.0 5.1 24.5 11:31 NE 3 10.6 13.5 11:57 8.7 09:00 7.7 0.0 6.2 5.4 28.1 14:14 NE 4 12.2 15.4 14:46 10.3 04:42 6.1 0.0 0.0 2.6 17.3 13:03 NNE 5 9.2 13.5 12:33 4.3 06:21 9.1 0.0 0.0 1.1 20.9 15:11 W 6 9.7 13.3 14:43 6.2 09:00 8.6 0.0 0.0 4.0 12.6 07:57 NE 7 9.3 13.6 12:33 5.9 00:48 9.4 0.0 0.0 3.8 18.0 10:08 NE 8 9.7 13.3 15:01 7.0 07:15 8.6 0.0 1.0 3.2 15.1 11:59 NE 9 9.7 12.4 12:45 7.4 01:21 8.6 0.0 0.0 2.4 22.7 11:43 N 10 10.9 15.0 13:03 8.3 05:24 7.4 0.0 4.1 1.3 18.7 13:03 N 11 7.9 13.6 15:01 2.7 06:06 10.4 0.0 0.0 0.6 9.7 12:11 NNE 12 8.7 14.1 14:40 3.9 09:20 10.0 0.0 0.0 3.6 20.9 08:46 NE 13 11.8 13.9 13:05 9.8 09:00 6.5 0.0 3.6 11.4 37.1 20:46 NE 14 8.5 14.2 14:19 3.0 07:12 9.8 0.0 0.5 1.9 31.0 15:57 NNW 15 6.5 11.9 14:29 3.2 05:16 12.3 0.0 0.0 1.1 13.7 08:58 NE 16 9.7 11.9 12:05 5.6 09:00 8.6 0.0 0.0 12.0 37.1 22:56 NE 17 11.5 14.9 14:40 9.6 22:48 6.8 0.0 0.0 10.6 41.4 12:36 NE 18 10.4 13.3 13:18 9.1 23:01 7.9 0.0 5.2 3.0 26.6 10:57 N 19 9.8 12.9 13:36 7.5 03:55 8.5 0.0 0.5 4.4 40.0 11:29 WSW 20 7.8 11.3 15:14 4.9 04:09 10.5 0.0 4.7 2.2 31.7 10:21 WSW 21 8.1 12.5 15:20 5.9 23:48 10.2 0.0 0.0 4.6 34.9 07:52 ENE 22 10.3 12.2 12:29 8.3 09:00 8.0 0.0 0.0 11.5 39.6 09:04 NE 23 10.5 14.6 14:06 8.4 05:03 9.1 0.0 5.2 1.8 20.2 12:19 NNE 24 10.9 14.1 11:46 9.1 09:00 7.4 0.0 0.0 3.5 19.8 04:23 NE 25 12.8 17.2 13:58 10.4 01:18 5.7 0.0 1.6 4.6 42.5 11:12 NNE 26 8.8 14.1 12:31 4.8 05:35 10.6 0.0 4.7 2.5 29.5 11:51 WSW 27 10.7 13.9 13:54 6.9 09:00 7.6 0.0 4.7 6.5 33.1 14:33 NE 28 10.9 14.2 15:20 9.1 09:00 7.4 0.0 0.0 7.2 40.3 08:42 NE 29 14.4 17.4 14:14 11.3 07:23 3.9 0.0 0.0 11.0 41.8 10:23 NE 30 11.2 17.0 13:23 7.1 07:58 7.1 0.0 0.0 2.2 21.6 11:36 WNW 31 8.9 15.5 14:20 3.6 05:41 9.4 0.0 0.0 1.0 8.6 13:37 WSW ---------------------------------------------------------------------------------- 9.8 17.4 29 1.4 1 266.0 0.0 42.0 4.5 42.5 25 NE Max >= 27.0: 0 Max <= 0.0: 0 Min <= 0.0: 0 Min <= -18.0: 0 Max Rain: 6.2 on day 3 Days of Rain: 12 (>= 0.2 mm) 8 (>= 2.0 mm) 0 (>= 20.0 mm) Heat Base: 18.3 Cool Base: 18.3 Method: Integration |
Page updated 17/06/2018 4:30:02 PM
powered by
Cumulus
1.9.4 b1099