NOAA Style Reports for North Bayswater weather
Latitude S 37° 49' 25" Longitude E 145° 17' 47" Elevation 114 m
:now::gauges::today::yesterday::highs & lows::records::monthly records::trends::raincharts::NOAA Reports::forum::main pages: |
Select a Year or Month report
Report for 2018 Apr Monthly Climatological Summary for Apr 2018 Name: North Bayswater Weather City: State: Elevation: 114 m Lat: S 37° 49' 25" Lon: E 145° 17' 47" Temperature (°C), Rain (mm), Wind Speed (km/h) Heat Cool Avg Mean Deg Deg Wind Dom Day Temp High Time Low Time Days Days Rain Speed High Time Dir ---------------------------------------------------------------------------------- 1 19.7 26.9 11:34 13.8 01:37 1.4 2.8 1.0 2.5 20.9 11:45 NNE 2 16.6 21.5 14:35 12.9 00:13 2.3 0.6 0.0 2.1 23.0 09:33 WSW 3 15.6 21.0 15:17 10.7 00:59 3.1 0.5 0.0 1.4 18.0 13:00 SW 4 17.3 24.6 15:14 11.5 03:09 2.6 1.5 0.0 1.8 18.4 15:01 WSW 5 16.0 20.8 13:36 12.7 22:34 2.7 0.4 0.0 1.7 19.4 14:47 WSW 6 14.4 21.3 15:03 7.9 06:52 4.3 0.4 0.0 1.7 16.9 16:03 WSW 7 15.6 22.3 14:15 10.9 04:58 3.6 0.9 0.0 1.2 11.2 10:52 NW 8 21.9 29.5 14:19 14.4 06:03 0.6 4.1 0.0 3.2 19.8 11:21 NE 9 19.8 25.1 15:11 13.6 03:06 0.9 2.4 0.0 2.7 15.1 08:23 ENE 10 22.5 28.6 13:14 17.8 06:15 0.0 4.2 0.0 4.2 17.6 16:07 ENE 11 22.1 27.1 14:06 16.7 00:55 0.1 3.9 0.0 4.5 26.3 05:59 NE 12 18.0 24.9 16:00 10.9 05:44 2.3 2.0 0.0 1.9 13.3 13:41 SW 13 19.7 26.3 13:33 13.2 05:46 1.3 2.7 0.0 7.4 42.1 14:18 N 14 12.1 14.2 10:42 10.4 14:14 6.5 0.0 8.8 6.7 38.2 12:03 N 15 14.9 16.4 08:54 12.9 09:00 3.4 0.0 4.7 2.8 20.2 14:31 NNW 16 14.8 19.9 11:48 12.3 05:45 3.6 0.1 0.5 3.1 29.2 12:24 W 17 14.4 17.9 14:25 5.4 06:34 2.3 0.0 0.0 2.2 15.1 14:53 SSW 18 12.5 22.8 15:54 5.6 09:08 3.4 0.1 0.0 0.5 14.0 16:45 ENE 19 14.4 23.3 14:06 7.3 06:21 4.8 0.9 0.0 0.7 8.3 13:45 WSW 20 16.5 22.5 15:16 10.9 00:31 3.6 1.5 0.0 1.4 8.6 15:27 WNW 21 14.4 23.6 15:22 8.9 04:56 4.8 0.7 0.0 1.6 15.8 11:18 ENE 22 14.8 22.6 15:28 10.8 01:55 4.6 0.7 0.0 0.8 9.7 10:09 N 23 21.3 26.8 14:51 12.1 09:00 0.2 3.5 0.0 6.3 23.8 05:59 ENE 24 20.0 25.2 13:13 16.6 07:08 0.5 2.3 0.0 2.8 28.8 09:52 ENE 25 15.1 20.7 15:27 9.2 05:50 3.6 0.5 0.0 1.0 10.8 14:16 WSW 26 13.2 18.4 12:59 8.6 03:56 5.1 0.0 0.0 1.4 14.8 11:59 WSW 27 13.5 18.7 13:14 8.4 03:58 0.7 0.0 0.0 2.4 14.8 13:04 S 28 13.6 19.3 14:44 10.8 09:08 0.4 0.0 0.0 1.1 15.8 18:14 E 29 13.0 19.1 14:03 8.1 05:56 0.5 0.0 0.0 1.3 13.3 14:50 SW 30 10.9 19.6 15:22 5.8 06:38 6.6 0.1 0.0 0.8 9.0 14:42 SE ---------------------------------------------------------------------------------- 16.3 29.5 8 5.4 17 79.8 36.8 15.0 2.6 42.1 13 NNE Max >= 27.0: 3 Max <= 0.0: 0 Min <= 0.0: 0 Min <= -18.0: 0 Max Rain: 8.8 on day 14 Days of Rain: 4 (>= 0.2 mm) 2 (>= 2.0 mm) 0 (>= 20.0 mm) Heat Base: 18.3 Cool Base: 18.3 Method: Integration |
Page updated 17/06/2018 4:30:02 PM
powered by
Cumulus
1.9.4 b1099