NOAA Style Reports for North Bayswater weather
Latitude S 37° 49' 25" Longitude E 145° 17' 47" Elevation 114 m
:now::gauges::today::yesterday::highs & lows::records::monthly records::trends::raincharts::NOAA Reports::forum::main pages: |
Select a Year or Month report
Report for 2021 Jan Monthly Climatological Summary for Jan 2021 Name: North Bayswater Weather City: Bayswater State: Victoria Elevation: 114 m Lat: S 37° 49' 25" Lon: E 145° 17' 47" Temperature (°C), Rain (mm), Wind Speed (km/h) Heat Cool Avg Mean Deg Deg Wind Dom Day Temp High Time Low Time Days Days Rain Speed High Time Dir ---------------------------------------------------------------------------------- 1 23.9 31.4 16:31 17.3 04:16 0.1 5.8 0.0 3.8 20.9 14:38 ENE 2 22.1 29.6 14:35 17.9 04:32 0.1 3.9 7.8 2.6 28.1 10:20 ENE 3 19.9 27.2 17:06 16.5 05:12 0.6 2.2 9.8 2.6 17.6 18:27 WNW 4 16.7 19.5 15:31 15.5 22:26 1.7 0.1 5.2 2.9 15.1 14:31 SW 5 16.3 20.4 14:02 13.1 06:28 2.2 0.2 2.1 3.4 18.0 23:15 SW 6 16.0 19.2 18:02 12.8 05:46 2.4 0.0 0.0 1.6 17.3 15:10 SW 7 19.8 26.9 14:31 11.9 06:21 1.6 3.1 0.0 3.7 23.8 20:45 SSE 8 22.3 29.6 16:51 16.4 06:35 0.4 4.4 0.0 2.9 16.6 18:19 SSW 9 24.1 32.8 14:54 15.4 05:31 0.5 6.3 0.0 2.3 19.8 09:12 N 10 26.8 34.7 17:09 18.8 09:00 0.0 8.5 0.0 2.7 24.5 08:43 ENE 11 29.1 37.1 13:08 18.9 08:22 0.0 10.8 0.0 6.1 24.5 17:42 NNE 12 18.6 25.9 14:58 12.2 06:40 1.9 2.1 0.0 3.8 17.3 15:21 SW 13 23.8 35.1 14:39 16.2 08:10 0.4 6.0 0.0 3.1 31.0 23:24 WNW 14 18.4 24.1 16:53 12.9 06:43 1.5 1.6 0.0 2.6 18.0 16:48 W 15 14.1 20.4 14:30 11.0 01:06 4.3 0.1 17.1 4.1 29.2 14:55 WNW 16 14.7 19.8 16:08 12.2 06:12 3.7 0.1 2.1 3.8 20.9 11:43 W 17 17.0 22.3 16:54 13.3 03:45 2.2 0.9 0.0 2.5 19.8 12:20 W 18 16.8 24.1 15:38 12.3 05:55 2.5 1.0 1.0 3.3 19.1 19:29 W 19 15.4 21.6 15:27 8.8 06:11 3.8 0.7 0.0 3.0 21.6 18:29 SW 20 19.6 28.8 17:26 11.1 06:14 1.9 3.2 0.0 2.6 16.6 08:59 SSW 21 24.8 34.5 15:52 15.8 06:49 0.3 6.8 0.0 2.4 16.6 09:00 ENE 22 21.9 29.9 17:01 16.3 07:11 0.6 4.2 0.0 2.8 16.9 14:06 WSW 23 23.6 32.1 16:21 16.2 06:40 0.3 5.5 0.0 1.7 9.7 19:04 WSW 24 30.6 38.3 15:48 22.1 09:00 0.0 12.3 0.0 4.7 20.9 08:21 ENE 25 26.6 39.6 12:47 18.6 08:39 0.0 8.3 10.4 4.8 33.1 11:00 NE 26 16.2 19.9 15:05 12.4 02:13 2.4 0.2 1.0 2.6 14.0 17:47 SSW 27 20.5 26.4 17:03 15.8 09:00 0.3 2.5 0.0 4.2 31.7 20:07 SSE 28 21.6 25.6 14:58 18.6 04:48 0.0 3.3 0.0 1.9 14.8 15:38 ESE 29 18.7 21.2 17:21 16.4 07:59 0.4 0.8 46.1 2.7 14.8 18:53 ENE 30 18.3 23.6 15:41 15.1 05:47 1.3 1.3 0.0 2.6 19.4 18:00 WSW 31 18.3 25.1 16:08 12.4 05:07 2.0 2.0 0.0 2.4 14.4 11:47 S ---------------------------------------------------------------------------------- 20.5 39.6 25 8.8 19 39.4 108.2 102.6 3.1 33.1 25 SW Max >= 40.0: 0 Max <= 18.0: 0 Min <= 18.0: 26 Min <= 10.0: 1 Max Rain: 46.1 on day 29 Days of Rain: 10 (>= 0.2 mm) 8 (>= 2.0 mm) 1 (>= 20.0 mm) Heat Base: 18.3 Cool Base: 18.3 Method: Integration |
Page updated 17/06/2018 4:30:02 PM
powered by
Cumulus
1.9.4 b1099