NOAA Style Reports for North Bayswater weather
Latitude S 37° 49' 25" Longitude E 145° 17' 47" Elevation 114 m
:now::gauges::today::yesterday::highs & lows::records::monthly records::trends::raincharts::NOAA Reports::forum::main pages: |
Select a Year or Month report
Report for 2021 Aug Monthly Climatological Summary for Aug 2021 Name: North Bayswater Weather City: Bayswater State: Victoria Elevation: 114 m Lat: S 37° 49' 25" Lon: E 145° 17' 47" Temperature (°C), Rain (mm), Wind Speed (km/h) Heat Cool Avg Mean Deg Deg Wind Dom Day Temp High Time Low Time Days Days Rain Speed High Time Dir ---------------------------------------------------------------------------------- 1 9.6 14.1 13:14 6.2 00:11 8.6 0.0 0.0 3.4 19.4 12:27 N 2 11.0 14.9 12:43 8.4 20:57 7.3 0.0 3.1 5.9 23.8 14:55 NE 3 9.6 13.0 11:12 7.6 03:26 8.7 0.0 0.5 4.6 21.6 15:40 W 4 11.2 14.4 15:07 8.6 09:00 7.1 0.0 0.0 5.3 23.4 22:05 WSW 5 12.1 14.6 15:07 10.3 05:07 6.2 0.0 0.0 2.8 18.4 16:07 WSW 6 11.3 12.9 12:42 9.8 06:39 7.0 0.0 0.0 1.5 14.8 12:22 W 7 10.4 14.6 15:05 -8.8 18:18 7.9 0.0 0.0 2.0 19.8 13:11 WSW 8 10.5 15.8 13:15 6.1 03:15 7.8 0.0 0.0 1.8 14.8 12:47 NE 9 11.5 15.3 15:04 8.4 06:14 6.8 0.0 0.0 3.2 17.6 11:14 NNE 10 15.0 17.6 13:44 11.6 09:00 3.2 0.0 0.0 14.1 31.7 00:34 NNE 11 11.5 18.6 13:35 6.3 04:16 6.8 0.0 5.2 4.5 28.8 10:12 N 12 11.6 15.6 13:37 7.6 05:54 6.7 0.0 0.0 2.6 15.5 14:56 NNW 13 10.4 17.1 14:04 -29.2 22:53 7.9 0.0 0.0 2.3 17.3 14:11 WNW 14 11.6 16.9 13:08 8.4 04:46 6.7 0.0 0.0 3.7 14.0 07:50 N 15 13.6 18.2 14:13 10.3 05:41 4.6 0.0 0.5 5.5 25.6 22:51 WNW 16 10.8 13.2 14:32 9.5 03:08 7.5 0.0 8.3 5.2 27.0 14:28 WSW 17 11.1 13.1 14:57 9.9 09:00 7.2 0.0 0.5 1.9 18.7 12:43 WSW 18 11.4 14.3 14:51 7.6 05:16 2.9 0.0 0.0 3.4 23.4 15:54 NNE 19 11.9 17.3 14:44 9.0 06:28 2.5 0.0 0.5 5.6 18.7 15:36 NE 20 12.8 15.3 15:26 9.8 07:26 1.7 0.0 0.5 7.9 92.9 20:47 NNE 21 14.1 19.9 13:16 -6.1 17:15 0.9 0.0 0.0 4.5 19.1 15:51 N 22 16.7 21.5 15:08 10.7 08:36 0.5 0.1 2.1 8.4 32.8 14:41 NNE 23 9.0 13.9 13:18 4.3 06:46 2.0 0.0 2.1 2.3 19.8 15:45 WSW 24 9.4 13.6 13:06 6.2 04:26 1.9 0.0 0.5 2.8 23.0 09:54 SSW 25 9.6 14.1 11:51 5.6 02:03 1.8 0.0 0.0 2.4 17.3 16:11 S 26 9.1 13.9 13:59 5.4 01:55 1.9 0.0 0.0 2.2 17.6 16:07 SE 27 9.3 13.0 14:56 4.4 06:44 1.9 0.0 0.0 0.6 6.1 10:33 W 28 13.3 17.9 13:51 8.2 09:03 1.0 0.0 3.6 7.3 25.6 14:44 NE 29 9.4 14.1 13:39 6.3 23:50 1.8 0.0 1.6 3.1 17.3 08:52 NE 30 13.3 17.3 14:28 9.6 09:03 1.0 0.0 0.0 11.6 29.9 01:35 NNE 31 14.9 19.3 15:59 8.8 06:47 0.7 0.0 0.0 5.8 47.9 13:50 NNE ---------------------------------------------------------------------------------- 11.5 21.5 22 -29.2 13 140.5 0.1 29.0 4.3 92.9 20 N Max >= 40.0: 0 Max <= 18.0: 26 Min <= 18.0: 31 Min <= 10.0: 27 Max Rain: 8.3 on day 16 Days of Rain: 13 (>= 0.2 mm) 6 (>= 2.0 mm) 0 (>= 20.0 mm) Heat Base: 18.3 Cool Base: 18.3 Method: Integration |
Page updated 17/06/2018 4:30:02 PM
powered by
Cumulus
1.9.4 b1099